000
CXZS50 NSTU 050457
CLMPPG
CLIMATE REPORT
NATIONAL WEATHER SERVICE PAGO PAGO AS
600 PM SST MON MAR 04 2024
.....................................
...THE PAGO PAGO AIRPORT CLIMATE SUMMARY FOR THE MONTH OF JANUARY 2024...
CLIMATE NORMAL PERIOD 1991 TO 2020
CLIMATE RECORD PERIOD 1956 TO 2024
WEATHER ITEM OBSERVED DATES NORMAL DEPARTURE LAST YEAR
VALUE VALUE FROM VALUE DATE(S)
NORMAL
.............................................................................
TEMPERATURE (F)
RECORD
HIGH 95 1/08/1998
LOW 67 1/14/1965
HIGHEST 92 1/30 88 4 91 1/24
1/18
LOWEST 76 1/15 78 -2 75 1/05
1/01
AVG. MAXIMUM 89.9 87.8 2.1 86.9
AVG. MINIMUM 80.2 78.2 2.0 78.0
MEAN 85.0 83.0 2.0 82.5
DAYS MAX >= 90 19 7.2 11.8 5.0
DAYS MAX <= 32 0 0.0 0.0 0
DAYS MIN <= 32 0 0.0 0.0 0
DAYS MIN <= 0 0 0.0 0.0 0
PRECIPITATION (INCHES)
RECORD
MAXIMUM 28.31 2010
MINIMUM 4.44 2016
TOTALS 18.99 15.25 3.74 15.19
DAILY AVG. 0.61 0.49 0.12 0.49
DAYS >= .01 22 24 -2 26
DAYS >= .10 17 18 -1 17
DAYS >= .50 11 9 2 7
DAYS >= 1.00 5 4 1 6
GREATEST
24 HR. TOTAL 4.19 1/19 TO 20 3.69 1/4 TO 5
DEGREE DAYS
HEATING TOTAL 000 00 00 00
SINCE 1/1 000 00 00 00
COOLING TOTAL 628 558 70 542
SINCE 1/1 628 558 70 542
WIND (MPH)
AVERAGE WIND SPEED 8.2
HIGHEST WIND SPEED/DIRECTION 23/090 DATE 1/14
HIGHEST GUST SPEED/DIRECTION MM DATE MM
SKY COVER
POSSIBLE SUNSHINE (PERCENT) MM
AVERAGE SKY COVER 5.8
NUMBER OF DAYS FAIR 0
NUMBER OF DAYS PC 20
NUMBER OF DAYS CLOUDY 11
AVERAGE RH (PERCENT) 90.8
WEATHER CONDITIONS NUMBER OF DAYS WITH
THUNDERSTORM 2 MIXED PRECIP 00
HEAVY RAIN 10 RAIN 00
LIGHT RAIN 25 FREEZING RAIN 00
LT FREEZING RAIN 00 HAIL 00
HEAVY SNOW 00 SNOW 00
LIGHT SNOW 00 SLEET 00
FOG 00 FOG W/VIS <= 1/4 MILE 00
HAZE 00
- INDICATES NEGATIVE NUMBERS
R INDICATES RECORD WAS SET OR TIED
MM INDICATES DATA IS MISSING
T INDICATES TRACE AMOUNTTEMPERATURE (F)