000
CXUS54 KFWD 010731
CF6PRX
PRELIMINARY LOCAL CLIMATOLOGICAL DATA (WS FORM: F-6)
STATION: PARIS
MONTH: AUGUST
YEAR: 2023
LATITUDE: 33 37 N
LONGITUDE: 95 27 W
TEMPERATURE IN F: :PCPN: SNOW: WIND :SUNSHINE: SKY :PK WND
================================================================================
1 2 3 4 5 6A 6B 7 8 9 10 11 12 13 14 15 16 17 18
12Z AVG MX 2MIN
DY MAX MIN AVG DEP HDD CDD WTR SNW DPTH SPD SPD DIR MIN PSBL S-S WX SPD DR
================================================================================
1 98 76 87 1 0 22 0.00 M M 6.8 10 130 M M 0 M M
2 102 76 89 3 0 24 0.00 M M 7.4 13 200 M M 0 8 M M
3 102 77 90 4 0 25 0.00 M M 7.4 12 200 M M 0 M M
4 101 78 90 4 0 25 0.00 M M 6.5 14 220 M M 0 8 M M
5 101 77 89 3 0 24 0.00 M M 7.5 15 50 M M 0 8 M M
6 98 76 87 1 0 22 0.00 M 0 8.1 30 360 M M 0 8 45 10
7 96 76 86 0 0 21 0.00 M M 7.4 14 70 M M 2 8 20 50
8 91 71 81 -5 0 16 T M M 11.6 21 140 M M 2 8 33 50
9 99 74 87 1 0 22 0.00 M M 12.3 44 180 M M 1 38 55 180
10 101 77 89 3 0 24 0.00 M M 8.1 16 210 M M 1 8 22 210
11 101 80 91 5 0 26 0.00 M M 9.1 18 190 M M 0 8 24 190
12 101 79 90 4 0 25 0.00 M M 8.9 15 210 M M 0 8 22 210
13 101 78 90 4 0 25 0.00 M M 9.4 15 210 M M 0 8 20 210
14 96 74 85 0 0 20 0.00 M M 8.6 14 350 M M 0 8 18 350
15 91 70 81 -4 0 16 0.00 M M 8.9 16 350 M M 2 8 30 340
16 91 64 78 -7 0 13 0.00 M M 6.2 12 110 M M 0 M M
17 104 65 85 0 0 20 0.00 M M 8.0 14 150 M M 0 8 20 160
18 108 73 91 6 0 26 0.00 M M 6.9 9 80 M M 0 8 17 190
19 106 75 91 6 0 26 0.00 M M 5.4 12 250 M M 0 8 M M
20 105 77 91 6 0 26 0.00 M M 6.3 14 100 M M 0 8 21 100
21 103 77 90 5 0 25 0.00 M M 7.7 13 100 M M 0 8 M M
22 101 78 90 6 0 25 0.00 M M 6.3 12 120 M M 0 8 16 110
23 103 77 90 6 0 25 0.00 M M 4.3 8 270 M M 0 8 M M
24 103 79 91 7 0 26 0.00 M M 4.5 8 350 M M 0 8 M M
25 106 77 92 8 0 27 0.00 M M 5.0 8 110 M M 0 8 M M
26 107 77 92 8 0 27 0.00 M M 4.3 10 220 M M 0 8 M M
27 98 80 89 6 0 24 M M M 9.2 15 10 M M 2 8 20 360
28 93 76 85 2 0 20 0.00 M M 7.8 14 40 M M 5 8 18 30
29 96 71 84 1 0 19 0.00 M M 5.5 12 20 M M 1 17 20
30 95 70 83 0 0 18 0.00 M M 5.6 10 350 M M 1 8 16 99
31 94 72 83 1 0 18 0.00 M M 8.1 14 110 M M 1 8 M M
================================================================================
SM 3092 2327 0 702 T M 229.0 M 18
================================================================================
AV 99.7 75.1 7.4 FASTST M M 1 MAX(MPH)
MISC ----> 44 180 55 180
================================================================================
NOTES:
# LAST OF SEVERAL OCCURRENCES
COLUMN 17 PEAK WIND IN M.P.H.
PRELIMINARY LOCAL CLIMATOLOGICAL DATA (WS FORM: F-6) , PAGE 2
STATION: PARIS
MONTH: AUGUST
YEAR: 2023
LATITUDE: 33 37 N
LONGITUDE: 95 27 W
[TEMPERATURE DATA] [PRECIPITATION DATA] SYMBOLS USED IN COLUMN 16
AVERAGE MONTHLY: 87.4 TOTAL FOR MONTH: T 1 = FOG OR MIST
DPTR FM NORMAL: 2.6 DPTR FM NORMAL: -2.22 2 = FOG REDUCING VISIBILITY
HIGHEST: 108 ON 18 GRTST 24HR 0.08 ON 2- 3 TO 1/4 MILE OR LESS
LOWEST: 64 ON 16 3 = THUNDER
SNOW, ICE PELLETS, HAIL 4 = ICE PELLETS
TOTAL MONTH: M 5 = HAIL
GRTST 24HR M ON M 6 = FREEZING RAIN OR DRIZZLE
GRTST DEPTH: 0 7 = DUSTSTORM OR SANDSTORM:
VSBY 1/2 MILE OR LESS
8 = SMOKE OR HAZE
[NO. OF DAYS WITH] [WEATHER - DAYS WITH] 9 = BLOWING SNOW
X = TORNADO
MAX 32 OR BELOW: 0 0.01 INCH OR MORE: 0
MAX 90 OR ABOVE: 31 0.10 INCH OR MORE: 0
MIN 32 OR BELOW: 0 0.50 INCH OR MORE: 0
MIN 0 OR BELOW: 0 1.00 INCH OR MORE: 0
[HDD (BASE 65) ]
TOTAL THIS MO. 0 CLEAR (SCALE 0-3) 30
DPTR FM NORMAL 0 PTCLDY (SCALE 4-7) 1
TOTAL FM JUL 1 0 CLOUDY (SCALE 8-10) 0
DPTR FM NORMAL 0
[CDD (BASE 65) ]
TOTAL THIS MO. 702
DPTR FM NORMAL 88 [PRESSURE DATA]
TOTAL FM JAN 1 2039 HIGHEST SLP 30.16 ON 15
DPTR FM NORMAL 0 LOWEST SLP 29.62 ON 9
[REMARKS]
#FINAL-08-23#