000
CXUS56 KPDT 011810
CF6PSC
PRELIMINARY LOCAL CLIMATOLOGICAL DATA (WS FORM: F-6)
STATION: PASCO WA
MONTH: JULY
YEAR: 2022
LATITUDE: 46 16 N
LONGITUDE: 119 7 W
TEMPERATURE IN F: :PCPN: SNOW: WIND :SUNSHINE: SKY :PK WND
================================================================================
1 2 3 4 5 6A 6B 7 8 9 10 11 12 13 14 15 16 17 18
12Z AVG MX 2MIN
DY MAX MIN AVG DEP HDD CDD WTR SNW DPTH SPD SPD DIR MIN PSBL S-S WX SPD DR
================================================================================
1 94 54 74 3 0 9 0.00 M M 3.4 13 100 M M 0 17 140
2 93 56 75 3 0 10 0.02 M M 5.8 20 260 M M 1 3 25 250
3 86 63 75 3 0 10 0.13 M M 10.0 20 330 M M 2 3 28 320
4 87 61 74 2 0 9 T M M 7.3 18 220 M M 2 30 200
5 88 53 71 -1 0 6 T M M 4.3 10 330 M M 1 15 310
6 88 64 76 3 0 11 0.00 M M 4.9 18 300 M M 5 24 300
7 89 66 78 5 0 13 0.00 M M 3.5 14 300 M M 6 19 310
8 93 60 77 4 0 12 0.00 M M 4.1 15 240 M M 1 20 250
9 92 58 75 1 0 10 0.00 M M 7.0 17 260 M M 0 8 22 260
10 92 61 77 3 0 12 0.00 M M 5.2 17 100 M M 0 23 90
11 96 57 77 3 0 12 0.00 M M 4.1 10 340 M M 0 8 13 330
12 101 58 80 6 0 15 T M M 2.7 10 320 M M 0 3 15 280
13 97 65 81 6 0 16 T M M 4.6 14 160 M M 0 19 170
14 98 58 78 3 0 13 0.00 M M 4.8 12 90 M M 0 8 20 40
15 100 62 81 6 0 16 0.00 M M 9.2 18 190 M M 0 25 210
16 97 62 80 5 0 15 0.00 M M 6.0 21 220 M M 0 27 220
17 91 64 78 3 0 13 0.00 M M 9.2 22 330 M M 0 29 340
18 88 60 74 -2 0 9 0.00 M M 9.2 20 230 M M 0 26 250
19 96 55 76 0 0 11 0.00 M M 3.1 9 150 M M 0 15 90
20 102 55 79 3 0 14 0.00 M M 4.2 12 310 M M 0 18 170
21 103 57 80 4 0 15 0.00 M M 6.1 18 260 M M 0 23 270
22 94 67 81 5 0 16 0.00 M M 9.5 20 190 M M 0 28 180
23 95 64 80 4 0 15 0.00 M M 6.0 14 200 M M 0 18 320
24 100 57 79 3 0 14 0.00 M M 2.7 9 50 M M 0 11 80
25 104 59 82 6 0 17 0.00 M M 2.9 10 10 M M 0 14 30
26 106 63 85 9 0 20 0.00 M M 3.2 8 40 M M 0 12 340
27 108 64 86 10 0 21 T M M 3.3 9 170 M M 0 12 170
28 110 67 89 13 0 24 0.00 M M 3.0 9 360 M M 0 12 350
29 112 65 89 13 0 24 0.00 M M 4.1 13 320 M M 0 16 320
30 109 64 87 11 0 22 0.00 M M 4.8 14 320 M M 0 16 320
31 105 64 85 9 0 20 0.00 M M 3.4 10 340 M M 0 14 130
================================================================================
SM 3014 1883 0 444 0.15 M 161.6 M 18
================================================================================
AV 97.2 60.7 5.2 FASTST M M 1 MAX(MPH)
MISC ----> 22 330 30 200
================================================================================
NOTES:
# LAST OF SEVERAL OCCURRENCES
COLUMN 17 PEAK WIND IN M.P.H.
PRELIMINARY LOCAL CLIMATOLOGICAL DATA (WS FORM: F-6) , PAGE 2
STATION: PASCO WA
MONTH: JULY
YEAR: 2022
LATITUDE: 46 16 N
LONGITUDE: 119 7 W
[TEMPERATURE DATA] [PRECIPITATION DATA] SYMBOLS USED IN COLUMN 16
AVERAGE MONTHLY: 79.0 TOTAL FOR MONTH: 0.15 1 = FOG OR MIST
DPTR FM NORMAL: 4.3 DPTR FM NORMAL: -0.00 2 = FOG REDUCING VISIBILITY
HIGHEST: 112 ON 29 GRTST 24HR 0.15 ON 2- 3 TO 1/4 MILE OR LESS
LOWEST: 53 ON 5 3 = THUNDER
SNOW, ICE PELLETS, HAIL 4 = ICE PELLETS
TOTAL MONTH: M 5 = HAIL
GRTST 24HR M ON M 6 = FREEZING RAIN OR DRIZZLE
GRTST DEPTH: M ON M 7 = DUSTSTORM OR SANDSTORM:
VSBY 1/2 MILE OR LESS
8 = SMOKE OR HAZE
[NO. OF DAYS WITH] [WEATHER - DAYS WITH] 9 = BLOWING SNOW
X = TORNADO
MAX 32 OR BELOW: 0 0.01 INCH OR MORE: 2
MAX 90 OR ABOVE: 25 0.10 INCH OR MORE: 1
MIN 32 OR BELOW: 0 0.50 INCH OR MORE: 0
MIN 0 OR BELOW: 0 1.00 INCH OR MORE: 0
[HDD (BASE 65) ]
TOTAL THIS MO. 0 CLEAR (SCALE 0-3) 29
DPTR FM NORMAL -3 PTCLDY (SCALE 4-7) 2
TOTAL FM JUL 1 0 CLOUDY (SCALE 8-10) 0
DPTR FM NORMAL 0
[CDD (BASE 65) ]
TOTAL THIS MO. 444
DPTR FM NORMAL 140 [PRESSURE DATA]
TOTAL FM JAN 1 617 HIGHEST SLP 30.23 ON 10
DPTR FM NORMAL 154 LOWEST SLP 29.63 ON 2
[REMARKS]
#FINAL-07-22#