000
CXUS55 KALY 010710
CF6PSF
PRELIMINARY LOCAL CLIMATOLOGICAL DATA (WS FORM: F-6)
STATION: PITTSFIELD MA
MONTH: JULY
YEAR: 2021
LATITUDE: 42 25 N
LONGITUDE: 73 18 W
TEMPERATURE IN F: :PCPN: SNOW: WIND :SUNSHINE: SKY :PK WND
================================================================================
1 2 3 4 5 6A 6B 7 8 9 10 11 12 13 14 15 16 17 18
12Z AVG MX 2MIN
DY MAX MIN AVG DEP HDD CDD WTR SNW DPTH SPD SPD DIR MIN PSBL S-S WX SPD DR
================================================================================
1 73 64 69 2 0 4 0.92 M M 4.4 9 300 M M 8 1 17 230
2 65 54 60 -8 5 0 0.75 M M 5.6 18 60 M M 10 1 24 50
3 63 54 59 -9 6 0 0.24 M M 4.3 12 50 M M 10 18 20 50
4 70 54 62 -6 3 0 0.18 M M 3.7 13 340 M M 7 1 17 330
5 77 52 65 -3 0 0 0.00 M M 4.4 12 170 M M 7 12 16 180
6 85 64 75 7 0 10 0.28 M M 7.3 28 260 M M 2 1238 39 250
7 86 63 75 7 0 10 T M M 4.0 12 260 M M 2 13 19 310
8 70 62 66 -2 0 1 1.37 M M 3.9 30 280 M M 9 13 41 280
9 79 65 72 4 0 7 0.74 M M 3.9 13 300 M M 8 1 19 240
10 77 57 67 -2 0 2 0.00 M M 4.2 14 290 M M 5 20 300
11 73 54 64 -5 1 0 0.47 M M 1.8 12 300 M M 5 1 15 300
12 68 61 65 -4 0 0 0.62 M M 4.7 10 70 M M 10 1 17 120
13 69 63 66 -3 0 1 0.09 M M 3.4 9 120 M M 10 1 14 100
14 83 65 74 5 0 9 2.09 M M 4.8 15 330 M M 8 123 20 240
15 84 60 72 3 0 7 0.00 M M 3.5 12 230 M M 5 12 16 190
16 85 66 76 7 0 11 0.00 M M 6.5 17 270 M M 2 23 270
17 85 64 75 6 0 10 M M M 3.3 20 140 M M 4 13 26 140
18 M M M M M M M M M M M M M M 0 M M
19 77 M M M M M M M M 4.1 12 330 M M 2 1 18 360
20 81 62 72 3 0 7 0.06 M M 5.6 23 300 M M 4 138 33 310
21 75 57 66 -3 0 1 0.10 M M 6.8 16 280 M M 6 1 20 260
22 76 54 65 -4 0 0 0.00 M M 6.8 16 280 M M 1 23 280
23 77 56 67 -2 0 2 0.00 M M 4.8 14 300 M M 2 19 290
24 79 51 65 -4 0 0 0.00 M M 3.9 17 170 M M 1 12 22 170
25 76 63 70 1 0 5 0.71 M M 6.7 17 200 M M 8 123 27 170
26 81 61 71 2 0 6 0.00 M M 4.7 16 300 M M 5 128 19 300
27 84 56 70 1 0 5 0.76 M M 3.4 23 320 M M 4 138 35 300
28 76 57 67 -2 0 2 0.00 M M 4.2 14 290 M M 5 18 320
29 72 54 63 -6 2 0 1.22 M M 7.6 23 300 M M 9 13 33 210
30 74 53 64 -5 1 0 0.00 M M 10.4 28 280 M M 5 40 280
31 69 49 59 -10 6 0 0.00 M M 5.7 16 270 M M 2 26 280
================================================================================
SM 2289 1695 24 100 10.60 M 148.4 M 166
================================================================================
AV 76.3 58.4 4.9 FASTST M M 5 MAX(MPH)
MISC ----> 30 280 41 280
================================================================================
NOTES:
# LAST OF SEVERAL OCCURRENCES
COLUMN 17 PEAK WIND IN M.P.H.
PRELIMINARY LOCAL CLIMATOLOGICAL DATA (WS FORM: F-6) , PAGE 2
STATION: PITTSFIELD MA
MONTH: JULY
YEAR: 2021
LATITUDE: 42 25 N
LONGITUDE: 73 18 W
[TEMPERATURE DATA] [PRECIPITATION DATA] SYMBOLS USED IN COLUMN 16
AVERAGE MONTHLY: 67.4 TOTAL FOR MONTH: 10.60 1 = FOG OR MIST
DPTR FM NORMAL: -1.3 DPTR FM NORMAL: 6.42 2 = FOG REDUCING VISIBILITY
HIGHEST: 86 ON 7 GRTST 24HR 2.09 ON 14-14 TO 1/4 MILE OR LESS
LOWEST: 49 ON 31 3 = THUNDER
SNOW, ICE PELLETS, HAIL 4 = ICE PELLETS
TOTAL MONTH: M 5 = HAIL
GRTST 24HR M ON M 6 = FREEZING RAIN OR DRIZZLE
GRTST DEPTH: M ON M 7 = DUSTSTORM OR SANDSTORM:
VSBY 1/2 MILE OR LESS
8 = SMOKE OR HAZE
[NO. OF DAYS WITH] [WEATHER - DAYS WITH] 9 = BLOWING SNOW
X = TORNADO
MAX 32 OR BELOW: 0 0.01 INCH OR MORE: 16
MAX 90 OR ABOVE: 0 0.10 INCH OR MORE: 14
MIN 32 OR BELOW: 0 0.50 INCH OR MORE: 9
MIN 0 OR BELOW: 0 1.00 INCH OR MORE: 3
[HDD (BASE 65) ]
TOTAL THIS MO. 24 CLEAR (SCALE 0-3) 9
DPTR FM NORMAL 2 PTCLDY (SCALE 4-7) 14
TOTAL FM JUL 1 24 CLOUDY (SCALE 8-10) 8
DPTR FM NORMAL 0
[CDD (BASE 65) ]
TOTAL THIS MO. 100
DPTR FM NORMAL -36 [PRESSURE DATA]
TOTAL FM JAN 1 260 HIGHEST SLP M ON M
DPTR FM NORMAL 49 LOWEST SLP 29.61 ON 29
[REMARKS]
#FINAL-07-21#