000
CXUS56 KSGX 011045
CF6PSP
PRELIMINARY LOCAL CLIMATOLOGICAL DATA (WS FORM: F-6)
STATION: PALM SPRINGS INTL AIRPORT CA
MONTH: MAY
YEAR: 2021
LATITUDE: 33 49 N
LONGITUDE: 116 30 W
TEMPERATURE IN F: :PCPN: SNOW: WIND :SUNSHINE: SKY :PK WND
================================================================================
1 2 3 4 5 6A 6B 7 8 9 10 11 12 13 14 15 16 17 18
12Z AVG MX 2MIN
DY MAX MIN AVG DEP HDD CDD WTR SNW DPTH SPD SPD DIR MIN PSBL S-S WX SPD DR
================================================================================
1 101 70 86 10 0 21 0.00 M M 7.0 28 330 M M 0 37 310
2 85 64 75 -2 0 10 0.00 M M 16.9 38 320 M M 0 48 320
3 97 67 82 5 0 17 0.00 M M 11.6 26 360 M M 0 35 20
4 100 66 83 6 0 18 0.00 M M 5.9 16 110 M M 0 24 90
5 98 70 84 6 0 19 0.00 M M 7.7 15 120 M M 0 22 110
6 99 71 85 7 0 20 0.00 M M 8.0 23 320 M M 0 29 360
7 97 67 82 4 0 17 0.00 M M 5.0 20 330 M M 0 26 330
8 100 64 82 4 0 17 0.00 M M 7.0 20 320 M M 0 24 320
9 96 69 83 5 0 18 0.00 M M 8.1 22 330 M M 0 25 330
10 94 65 80 1 0 15 0.00 M M 8.5 22 330 M M 0 28 320
11 99 66 83 4 0 18 0.00 M M 5.8 15 90 M M 0 21 90
12 101 69 85 6 0 20 0.00 M M 8.1 16 320 M M 0 22 110
13 100 71 86 6 0 21 0.00 M M 6.0 23 330 M M 0 30 320
14 100 69 85 5 0 20 0.00 M M 7.8 26 330 M M 0 32 330
15 92 65 79 -1 0 14 0.00 M M 12.1 30 320 M M 0 37 350
16 83 63 73 -7 0 8 0.00 M M 15.4 36 300 M M 0 45 320
17 88 66 77 -4 0 12 0.00 M M 12.6 25 330 M M 0 31 330
18 99 66 83 2 0 18 0.00 M M 6.6 20 330 M M 0 8 27 330
19 101 69 85 4 0 20 0.00 M M 10.4 32 330 M M 0 41 310
20 90 66 78 -3 0 13 0.00 M M 13.4 37 320 M M 0 43 330
21 81 62 72 -10 0 7 0.00 M M 14.4 32 340 M M 0 42 320
22 83 56 70 -12 0 5 0.00 M M 11.6 24 320 M M 0 31 310
23 89 58 74 -8 0 9 0.00 M M 5.8 18 320 M M 0 23 320
24 98 65 82 0 0 17 0.00 M M 4.0 17 320 M M 0 21 310
25 102 70 86 3 0 21 0.00 M M 7.1 24 340 M M 0 27 340
26 101 77 89 6 0 24 0.00 M M 8.6 25 320 M M 0 33 330
27 101 68 85 2 0 20 0.00 M M 9.2 24 320 M M 0 31 330
28 101 70 86 3 0 21 0.00 M M 7.3 24 320 M M 0 31 320
29 99 72 86 2 0 21 0.00 M M 9.7 25 320 M M 0 33 330
30 102 69 86 2 0 21 0.00 M M 5.9 18 330 M M 0 23 320
31 99 73 86 2 0 21 0.00 M M 4.6 13 120 M M 0 17 120
================================================================================
SM 2976 2083 0 523 0.00 M 272.1 M 0
================================================================================
AV 96.0 67.2 8.8 FASTST M M 0 MAX(MPH)
MISC ----> 38 320 48 320
================================================================================
NOTES:
# LAST OF SEVERAL OCCURRENCES
COLUMN 17 PEAK WIND IN M.P.H.
PRELIMINARY LOCAL CLIMATOLOGICAL DATA (WS FORM: F-6) , PAGE 2
STATION: PALM SPRINGS INTL AIRPORT CA
MONTH: MAY
YEAR: 2021
LATITUDE: 33 49 N
LONGITUDE: 116 30 W
[TEMPERATURE DATA] [PRECIPITATION DATA] SYMBOLS USED IN COLUMN 16
AVERAGE MONTHLY: 81.6 TOTAL FOR MONTH: 0.00 1 = FOG OR MIST
DPTR FM NORMAL: 1.3 DPTR FM NORMAL: -0.02 2 = FOG REDUCING VISIBILITY
HIGHEST: 102 ON 30,25 GRTST 24HR 0.00 ON 1- 1 TO 1/4 MILE OR LESS
LOWEST: 56 ON 22 3 = THUNDER
SNOW, ICE PELLETS, HAIL 4 = ICE PELLETS
TOTAL MONTH: M 5 = HAIL
GRTST 24HR M ON M 6 = FREEZING RAIN OR DRIZZLE
GRTST DEPTH: M ON M 7 = DUSTSTORM OR SANDSTORM:
VSBY 1/2 MILE OR LESS
8 = SMOKE OR HAZE
[NO. OF DAYS WITH] [WEATHER - DAYS WITH] 9 = BLOWING SNOW
X = TORNADO
MAX 32 OR BELOW: 0 0.01 INCH OR MORE: 0
MAX 90 OR ABOVE: 25 0.10 INCH OR MORE: 0
MIN 32 OR BELOW: 0 0.50 INCH OR MORE: 0
MIN 0 OR BELOW: 0 1.00 INCH OR MORE: 0
[HDD (BASE 65) ]
TOTAL THIS MO. 0 CLEAR (SCALE 0-3) 31
DPTR FM NORMAL -1 PTCLDY (SCALE 4-7) 0
TOTAL FM JUL 1 561 CLOUDY (SCALE 8-10) 0
DPTR FM NORMAL -139
[CDD (BASE 65) ]
TOTAL THIS MO. 523
DPTR FM NORMAL 47 [PRESSURE DATA]
TOTAL FM JAN 1 1004 HIGHEST SLP 30.07 ON 23
DPTR FM NORMAL 94 LOWEST SLP 29.53 ON 2
[REMARKS]
#FINAL-05-21#