000
CXUS54 KHGX 011410
CF6PSX
PRELIMINARY LOCAL CLIMATOLOGICAL DATA (WS FORM: F-6)
STATION: PALACIOS
MONTH: SEPTEMBER
YEAR: 2022
LATITUDE: 28 43 N
LONGITUDE: 96 15 W
TEMPERATURE IN F: :PCPN: SNOW: WIND :SUNSHINE: SKY :PK WND
================================================================================
1 2 3 4 5 6A 6B 7 8 9 10 11 12 13 14 15 16 17 18
12Z AVG MX 2MIN
DY MAX MIN AVG DEP HDD CDD WTR SNW DPTH SPD SPD DIR MIN PSBL S-S WX SPD DR
================================================================================
1 92 76 84 0 0 19 0.00 0.0 0 6.6 16 140 M M 1 1 21 130
2 92 76 84 0 0 19 0.00 0.0 0 7.1 15 150 M M 1 1 23 140
3 86 76 81 -3 0 16 0.06 0.0 0 6.8 18 220 M M 3 1 26 230
4 80 74 77 -7 0 12 0.08 0.0 0 5.3 10 200 M M 4 1 16 200
5 82 73 78 -6 0 13 T 0.0 0 4.4 14 140 M M 2 16 140
6 85 73 79 -4 0 14 0.90 0.0 0 6.2 22 150 M M 3 13 30 160
7 91 73 82 -1 0 17 0.01 0.0 0 5.3 20 340 M M 2 3 24 350
8 88 71 80 -3 0 15 T 0.0 0 5.3 15 190 M M 3 20 190
9 90 74 82 -1 0 17 0.00 0.0 0 6.2 17 130 M M 4 1 22 140
10 92 71 82 -1 0 17 0.00 0.0 0 M M M M M 1 M M
11 93 73 83 1 0 18 0.00 0.0 0 0.0 7 320 M M 2 9 320
12 92 72 82 0 0 17 0.00 0.0 0 6.7 13 140 M M 1 16 150
13 90 75 83 1 0 18 T 0.0 0 6.3 14 140 M M 2 138 19 180
14 89 67 78 -4 0 13 0.10 0.0 0 8.5 18 90 M M 1 13 26 100
15 90 73 82 0 0 17 T 0.0 0 9.8 21 70 M M 2 13 27 60
16 90 74 82 0 0 17 0.09 0.0 0 5.6 14 190 M M 1 1 19 210
17 91 79 85 4 0 20 0.00 0.0 0 10.1 16 120 M M 0 22 150
18 91 73 82 1 0 17 0.00 0.0 0 7.7 16 150 M M 1 23 160
19 91 74 83 2 0 18 0.00 0.0 0 9.4 17 130 M M 0 22 110
20 90 75 83 2 0 18 0.03 0.0 0 7.4 14 180 M M 2 18 150
21 92 71 82 2 0 17 0.00 0.0 0 6.2 16 140 M M 1 1 21 130
22 96 71 84 4 0 19 0.00 0.0 0 6.2 13 200 M M 0 1 16 190
23 94 74 84 4 0 19 0.00 0.0 0 7.3 18 140 M M 1 18 25 150
24 91 74 83 3 0 18 T 0.0 0 7.4 16 150 M M 2 23 140
25 91 75 83 3 0 18 0.00 0.0 0 5.3 13 180 M M 2 17 170
26 97 70 84 5 0 19 0.00 0.0 0 9.0 17 360 M M 0 24 360
27 90 60 75 -4 0 10 0.00 0.0 0 8.4 18 50 M M 0 30 80
28 88 59 74 -5 0 9 0.00 0.0 0 10.1 21 70 M M 0 28 80
29 88 60 74 -5 0 9 0.00 0.0 0 6.7 15 50 M M 0 17 50
30 86 58 72 -6 0 7 0.00 0.0 0 7.5 15 50 M M 0 18 360
================================================================================
SM 2698 2144 0 477 1.27 0.0 198.8 M 42
================================================================================
AV 89.9 71.5 6.9 FASTST M M 1 MAX(MPH)
MISC ----> 22 150 # 30 160
================================================================================
NOTES:
# LAST OF SEVERAL OCCURRENCES
COLUMN 17 PEAK WIND IN M.P.H.
PRELIMINARY LOCAL CLIMATOLOGICAL DATA (WS FORM: F-6) , PAGE 2
STATION: PALACIOS
MONTH: SEPTEMBER
YEAR: 2022
LATITUDE: 28 43 N
LONGITUDE: 96 15 W
[TEMPERATURE DATA] [PRECIPITATION DATA] SYMBOLS USED IN COLUMN 16
AVERAGE MONTHLY: 80.7 TOTAL FOR MONTH: 1.27 1 = FOG OR MIST
DPTR FM NORMAL: -0.8 DPTR FM NORMAL: -4.61 2 = FOG REDUCING VISIBILITY
HIGHEST: 97 ON 26 GRTST 24HR 0.90 ON 5- 6 TO 1/4 MILE OR LESS
LOWEST: 58 ON 30 3 = THUNDER
SNOW, ICE PELLETS, HAIL 4 = ICE PELLETS
TOTAL MONTH: 0.0 INCH 5 = HAIL
GRTST 24HR 0.0 6 = FREEZING RAIN OR DRIZZLE
GRTST DEPTH: 0 7 = DUSTSTORM OR SANDSTORM:
VSBY 1/2 MILE OR LESS
8 = SMOKE OR HAZE
[NO. OF DAYS WITH] [WEATHER - DAYS WITH] 9 = BLOWING SNOW
X = TORNADO
MAX 32 OR BELOW: 0 0.01 INCH OR MORE: 7
MAX 90 OR ABOVE: 21 0.10 INCH OR MORE: 2
MIN 32 OR BELOW: 0 0.50 INCH OR MORE: 1
MIN 0 OR BELOW: 0 1.00 INCH OR MORE: 0
[HDD (BASE 65) ]
TOTAL THIS MO. 0 CLEAR (SCALE 0-3) 28
DPTR FM NORMAL 0 PTCLDY (SCALE 4-7) 2
TOTAL FM JUL 1 0 CLOUDY (SCALE 8-10) 0
DPTR FM NORMAL 0
[CDD (BASE 65) ]
TOTAL THIS MO. 477
DPTR FM NORMAL -18 [PRESSURE DATA]
TOTAL FM JAN 1 3425 HIGHEST SLP 30.22 ON 28
DPTR FM NORMAL 335 LOWEST SLP 29.72 ON 9
[REMARKS]
#FINAL-09-22#