000
CXUS55 KPUB 011731
CF6PUB
PRELIMINARY LOCAL CLIMATOLOGICAL DATA (WS FORM: F-6)
STATION: PUEBLO CO
MONTH: NOVEMBER
YEAR: 2021
LATITUDE: 38 16 N
LONGITUDE: 104 31 W
TEMPERATURE IN F: :PCPN: SNOW: WIND :SUNSHINE: SKY :PK WND
================================================================================
1 2 3 4 5 6A 6B 7 8 9 10 11 12 13 14 15 16 17 18
12Z AVG MX 2MIN
DY MAX MIN AVG DEP HDD CDD WTR SNW DPTH SPD SPD DIR MIN PSBL S-S WX SPD DR
================================================================================
1 55 28 42 -4 23 0 0.00 0.0 0 6.7 15 140 M M 2 19 150
2 46 33 40 -6 25 0 T 0.0 0 3.3 12 110 M M 7 14 100
3 64 30 47 2 18 0 0.00 0.0 0 2.8 12 120 M M 2 18 16 130
4 68 25 47 2 18 0 0.00 0.0 0 4.3 10 100 M M 0 15 130
5 76 28 52 7 13 0 0.00 0.0 0 6.8 17 140 M M 0 24 100
6 78 26 52 8 13 0 0.00 0.0 0 5.0 10 340 M M 0 12 120
7 82 36 59 15 6 0 0.00 0.0 0 7.2 14 290 M M 0 19 290
8 64 33 49 6 16 0 0.00 0.0 0 8.3 20 130 M M 0 25 140
9 56 25 41 -2 24 0 0.00 0.0 0 4.7 13 350 M M 0 17 130
10 67 31 49 6 16 0 0.00 0.0 0 5.0 21 100 M M 1 26 330
11 65 24 45 3 20 0 0.00 0.0 0 10.2 36 300 M M 0 46 310
12 57 21 39 -3 26 0 0.00 0.0 0 4.2 18 90 M M 0 24 90
13 72 25 49 7 16 0 0.00 0.0 0 6.8 26 290 M M 0 35 290
14 58 26 42 1 23 0 0.00 0.0 0 3.3 10 20 M M 0 15 40
15 80 32 56 15 9 0 0.00 0.0 0 5.0 22 280 M M 0 29 320
16 76 42 59 19 6 0 0.00 0.0 0 9.7 29 290 M M 0 39 280
17 50 15 33 -7 32 0 0.00 0.0 0 5.8 16 110 M M 3 22 130
18 48 9 29 -10 36 0 0.00 0.0 0 3.4 9 350 M M 0 12 120
19 74 24 49 10 16 0 0.00 0.0 0 10.3 26 270 M M 0 36 280
20 59 28 44 5 21 0 0.00 0.0 0 6.0 13 40 M M 2 16 30
21 54 25 40 2 25 0 0.02 0.0 0 3.9 12 180 M M 2 16 190
22 66 20 43 5 22 0 0.00 0.0 0 4.0 12 40 M M 0 16 40
23 71 21 46 9 19 0 0.00 0.0 0 10.1 30 300 M M 0 40 300
24 57 34 46 9 19 0 T T 0 13.7 31 20 M M 7 8 38 20
25 53 17 35 -2 30 0 0.00 0.0 0 4.6 15 280 M M 1 12 21 270
26 72 23 48 12 17 0 0.00 0.0 0 5.5 15 270 M M 0 19 250
27 60 27 44 8 21 0 0.00 0.0 0 3.3 10 150 M M 0 14 160
28 64 21 43 7 22 0 0.00 0.0 0 3.2 12 340 M M 0 12 340
29 76 27 52 17 13 0 0.00 0.0 0 5.8 16 270 M M 0 21 270
30 62 31 47 12 18 0 0.00 0.0 0 6.8 20 40 M M 0 26 30
================================================================================
SM 1930 787 583 0 0.02 T 179.7 M 27
================================================================================
AV 64.3 26.2 6.0 FASTST M M 1 MAX(MPH)
MISC ----> 36 300 46 310
================================================================================
NOTES:
# LAST OF SEVERAL OCCURRENCES
COLUMN 17 PEAK WIND IN M.P.H.
PRELIMINARY LOCAL CLIMATOLOGICAL DATA (WS FORM: F-6) , PAGE 2
STATION: PUEBLO CO
MONTH: NOVEMBER
YEAR: 2021
LATITUDE: 38 16 N
LONGITUDE: 104 31 W
[TEMPERATURE DATA] [PRECIPITATION DATA] SYMBOLS USED IN COLUMN 16
AVERAGE MONTHLY: 45.3 TOTAL FOR MONTH: 0.02 1 = FOG OR MIST
DPTR FM NORMAL: 4.8 DPTR FM NORMAL: -0.45 2 = FOG REDUCING VISIBILITY
HIGHEST: 82 ON 7 GRTST 24HR 0.02 ON 21 TO 1/4 MILE OR LESS
LOWEST: 9 ON 18 3 = THUNDER
SNOW, ICE PELLETS, HAIL 4 = ICE PELLETS
TOTAL MONTH: T 5 = HAIL
GRTST 24HR T ON 24 6 = FREEZING RAIN OR DRIZZLE
GRTST DEPTH: 0 7 = DUSTSTORM OR SANDSTORM:
VSBY 1/2 MILE OR LESS
8 = SMOKE OR HAZE
[NO. OF DAYS WITH] [WEATHER - DAYS WITH] 9 = BLOWING SNOW
X = TORNADO
MAX 32 OR BELOW: 0 0.01 INCH OR MORE: 1
MAX 90 OR ABOVE: 0 0.10 INCH OR MORE: 0
MIN 32 OR BELOW: 25 0.50 INCH OR MORE: 0
MIN 0 OR BELOW: 0 1.00 INCH OR MORE: 0
[HDD (BASE 65) ]
TOTAL THIS MO. 583 CLEAR (SCALE 0-3) 28
DPTR FM NORMAL -153 PTCLDY (SCALE 4-7) 2
TOTAL FM JUL 1 909 CLOUDY (SCALE 8-10) 0
DPTR FM NORMAL -286
[CDD (BASE 65) ]
TOTAL THIS MO. 0
DPTR FM NORMAL 0 [PRESSURE DATA]
TOTAL FM JAN 1 1245 HIGHEST SLP 30.59 ON 18
DPTR FM NORMAL 166 LOWEST SLP 29.55 ON 23
[REMARKS]
#FINAL-11-21#