161
CXUS51 KBOX 010910
CF6PVD
PRELIMINARY LOCAL CLIMATOLOGICAL DATA (WS FORM: F-6)
STATION: PROVIDENCE RI
MONTH: JANUARY
YEAR: 2021
LATITUDE: 41 43 N
LONGITUDE: 71 26 W
TEMPERATURE IN F: :PCPN: SNOW: WIND :SUNSHINE: SKY :PK WND
================================================================================
1 2 3 4 5 6A 6B 7 8 9 10 11 12 13 14 15 16 17 18
12Z AVG MX 2MIN
DY MAX MIN AVG DEP HDD CDD WTR SNW DPTH SPD SPD DIR MIN PSBL S-S WX SPD DR
================================================================================
1 38 23 31 1 34 0 0.08 T 0 3.1 13 20 M M 6 14 14 20
2 50 33 42 12 23 0 0.16 0.0 0 10.5 28 320 M M 7 1 36 320
3 37 30 34 4 31 0 T T 0 9.4 16 20 M M 9 1 20 10
4 41 32 37 7 28 0 0.02 0.3 T 11.7 18 360 M M 8 1 24 360
5 37 31 34 4 31 0 0.01 0.3 0 11.0 17 360 M M 9 1 21 10
6 44 32 38 9 27 0 T T 0 10.0 17 330 M M 7 1 23 340
7 42 30 36 7 29 0 0.00 0.0 0 8.7 15 360 M M 5 19 320
8 44 24 34 5 31 0 0.00 0.0 0 5.0 13 360 M M 4 17 340
9 37 25 31 2 34 0 0.00 0.0 0 10.7 18 360 M M 5 24 360
10 44 25 35 6 30 0 0.00 0.0 0 6.9 14 350 M M 5 18 350
11 39 20 30 1 35 0 0.00 0.0 0 3.0 10 230 M M 6 12 220
12 44 25 35 6 30 0 T T 0 5.8 14 310 M M 5 19 330
13 42 29 36 7 29 0 T T 0 4.3 14 250 M M 8 18 250
14 45 32 39 10 26 0 T 0.0 0 4.1 12 10 M M 9 18 14 20
15 45 36 41 12 24 0 0.00 0.0 0 7.7 13 70 M M 10 18 17 100
16 55 35 45 16 20 0 1.34 0.0 0 15.0 37 120 M M 8 1 49 110
17 45 34 40 11 25 0 0.00 0.0 0 15.1 29 250 M M 4 38 250
18 47 31 39 10 26 0 T 0.0 0 11.1 21 260 M M 5 27 260
19 43 28 36 7 29 0 T T 0 8.3 16 270 M M 4 23 250
20 41 24 33 4 32 0 T T 0 8.1 23 310 M M 6 18 29 320
21 38 19 29 0 36 0 T T 0 6.9 16 230 M M 5 20 220
22 46 26 36 7 29 0 0.00 0.0 0 5.7 17 310 M M 7 18 24 320
23 33 19 26 -3 39 0 0.00 0.0 0 15.0 25 310 M M 3 39 310
24 31 16 24 -5 41 0 0.00 0.0 0 15.7 26 290 M M 2 35 290
25 40 19 30 1 35 0 0.00 0.0 0 8.2 15 350 M M 3 22 320
26 35 24 30 1 35 0 0.39 3.8 0 5.3 12 360 M M 7 1 16 30
27 35 30 33 4 32 0 0.02 0.4 4 6.9 12 360 M M 10 1 14 330
28 33 17 25 -4 40 0 0.02 0.2 3 11.9 25 320 M M 8 18 36 320
29 19 9 14 -16 51 0 0.00 0.0 2 16.3 25 330 M M 3 36 330
30 23 8 16 -14 49 0 0.00 0.0 2 9.0 18 310 M M 1 22 320
31 25 6 16 -14 49 0 0.00 0.0 2 5.3 12 360 M M 6 13 360
================================================================================
SM 1218 772 1010 0 2.04 5.0 275.7 M 185
================================================================================
AV 39.3 24.9 8.9 FASTST M M 6 MAX(MPH)
MISC ----> 37 120 49 110
================================================================================
NOTES:
# LAST OF SEVERAL OCCURRENCES
COLUMN 17 PEAK WIND IN M.P.H.
PRELIMINARY LOCAL CLIMATOLOGICAL DATA (WS FORM: F-6) , PAGE 2
STATION: PROVIDENCE RI
MONTH: JANUARY
YEAR: 2021
LATITUDE: 41 43 N
LONGITUDE: 71 26 W
[TEMPERATURE DATA] [PRECIPITATION DATA] SYMBOLS USED IN COLUMN 16
AVERAGE MONTHLY: 32.1 TOTAL FOR MONTH: 2.04 1 = FOG OR MIST
DPTR FM NORMAL: 2.9 DPTR FM NORMAL: -1.82 2 = FOG REDUCING VISIBILITY
HIGHEST: 55 ON 16 GRTST 24HR 1.62 ON 16-16 TO 1/4 MILE OR LESS
LOWEST: 6 ON 31 3 = THUNDER
SNOW, ICE PELLETS, HAIL 4 = ICE PELLETS
TOTAL MONTH: 5.0 INCHES 5 = HAIL
GRTST 24HR 3.8 ON 26-26 6 = FREEZING RAIN OR DRIZZLE
GRTST DEPTH: 4 ON 27 7 = DUSTSTORM OR SANDSTORM:
VSBY 1/2 MILE OR LESS
8 = SMOKE OR HAZE
[NO. OF DAYS WITH] [WEATHER - DAYS WITH] 9 = BLOWING SNOW
X = TORNADO
MAX 32 OR BELOW: 4 0.01 INCH OR MORE: 8
MAX 90 OR ABOVE: 0 0.10 INCH OR MORE: 3
MIN 32 OR BELOW: 27 0.50 INCH OR MORE: 1
MIN 0 OR BELOW: 0 1.00 INCH OR MORE: 1
[HDD (BASE 65) ]
TOTAL THIS MO. 1010 CLEAR (SCALE 0-3) 5
DPTR FM NORMAL -100 PTCLDY (SCALE 4-7) 18
TOTAL FM JUL 1 2752 CLOUDY (SCALE 8-10) 8
DPTR FM NORMAL -384
[CDD (BASE 65) ]
TOTAL THIS MO. 0
DPTR FM NORMAL 0 [PRESSURE DATA]
TOTAL FM JAN 1 0 HIGHEST SLP 30.54 ON 1
DPTR FM NORMAL 0 LOWEST SLP 29.26 ON 16
[REMARKS]
#FINAL-01-21#