000
CXUS51 KGYX 220900
CF6PWM
PRELIMINARY LOCAL CLIMATOLOGICAL DATA (WS FORM: F-6)
STATION: PORTLAND ME
MONTH: APRIL
YEAR: 2024
LATITUDE: 43 39 N
LONGITUDE: 70 19 W
TEMPERATURE IN F: :PCPN: SNOW: WIND :SUNSHINE: SKY :PK WND
================================================================================
1 2 3 4 5 6A 6B 7 8 9 10 11 12 13 14 15 16 17 18
12Z AVG MX 2MIN
DY MAX MIN AVG DEP HDD CDD WTR SNW DPTH SPD SPD DIR MIN PSBL S-S WX SPD DR
================================================================================
1 52 27 40 1 25 0 0.00 0.0 0 6.0 16 170 M M 5 24 140
2 48 35 42 2 23 0 0.00 0.0 0 7.5 20 100 M M 3 24 90
3 40 33 37 -3 28 0 0.42 0.5 0 16.2 31 90 M M 9 1 45 100
4 34 32 33 -7 32 0 0.56 7.1 4 22.2 32 70 M M 8 12 56 80
5 41 34 38 -3 27 0 M 0.4 5 10.4 14 280 M M 8 1 22 340
6 41 34 38 -3 27 0 M T 3 12.6 20 350 M M 9 25 360
7 50 M M M M M 0.00 0.0 1 9.5 16 340 M M 4 27 360
8 64 34 49 7 16 0 0.00 0.0 0 5.9 10 270 M M 1 21 290
9 57 35 46 4 19 0 0.00 0.0 0 6.7 18 100 M M 1 23 100
10 46 31 39 -3 26 0 0.22 0.0 0 4.2 14 140 M M 8 1 19 140
11 44 41 43 0 22 0 0.22 0.0 0 8.0 16 90 M M 10 12 20 90
12 53 44 49 6 16 0 0.85 0.0 0 15.6 31 160 M M 10 12 56 160
13 56 43 50 6 15 0 T 0.0 0 10.8 24 280 M M 5 1 32 280
14 61 39 50 6 15 0 T 0.0 0 8.7 20 260 M M 7 28 270
15 62 37 50 6 15 0 T 0.0 0 5.0 17 340 M M 4 22 330
16 65 35 50 5 15 0 0.00 0.0 0 10.3 23 310 M M 1 32 310
17 53 35 44 -1 21 0 0.00 0.0 0 6.2 15 200 M M 2 27 140
18 50 36 43 -3 22 0 T 0.0 0 7.2 15 90 M M 6 19 100
19 51 44 48 2 17 0 T 0.0 0 8.6 17 190 M M 10 29 210
20 56 41 49 3 16 0 0.26 0.0 0 7.5 21 270 M M 8 1 30 270
21 52 33 43 -4 22 0 0.00 0.0 0 8.5 21 190 M M 4 30 190
================================================================================
SM 1076 723 419 0 2.53 8.0 197.6 M 123
================================================================================
AV 51.2 36.2 9.4 FASTST M M 6 MAX(MPH)
MISC ----> 32 70 56 80
================================================================================
NOTES:
# LAST OF SEVERAL OCCURRENCES
COLUMN 17 PEAK WIND IN M.P.H.
PRELIMINARY LOCAL CLIMATOLOGICAL DATA (WS FORM: F-6) , PAGE 2
STATION: PORTLAND ME
MONTH: APRIL
YEAR: 2024
LATITUDE: 43 39 N
LONGITUDE: 70 19 W
[TEMPERATURE DATA] [PRECIPITATION DATA] SYMBOLS USED IN COLUMN 16
AVERAGE MONTHLY: 43.7 TOTAL FOR MONTH: 2.53 1 = FOG OR MIST
DPTR FM NORMAL: 0.8 DPTR FM NORMAL: -0.55 2 = FOG REDUCING VISIBILITY
HIGHEST: 65 ON 16 GRTST 24HR 1.04 ON 11-12 TO 1/4 MILE OR LESS
LOWEST: 27 ON 1 3 = THUNDER
SNOW, ICE PELLETS, HAIL 4 = ICE PELLETS
TOTAL MONTH: 8.0 INCHES 5 = HAIL
GRTST 24HR 7.1 ON 4- 4 6 = FREEZING RAIN OR DRIZZLE
GRTST DEPTH: 5 ON 5 7 = DUSTSTORM OR SANDSTORM:
VSBY 1/2 MILE OR LESS
8 = SMOKE OR HAZE
[NO. OF DAYS WITH] [WEATHER - DAYS WITH] 9 = BLOWING SNOW
X = TORNADO
MAX 32 OR BELOW: 0 0.01 INCH OR MORE: 6
MAX 90 OR ABOVE: 0 0.10 INCH OR MORE: 6
MIN 32 OR BELOW: 3 0.50 INCH OR MORE: 2
MIN 0 OR BELOW: 0 1.00 INCH OR MORE: 0
[HDD (BASE 65) ]
TOTAL THIS MO. 419 CLEAR (SCALE 0-3) 4
DPTR FM NORMAL -44 PTCLDY (SCALE 4-7) 10
TOTAL FM JUL 1 5581 CLOUDY (SCALE 8-10) 7
DPTR FM NORMAL -649
[CDD (BASE 65) ]
TOTAL THIS MO. 0
DPTR FM NORMAL 0 [PRESSURE DATA]
TOTAL FM JAN 1 0 HIGHEST SLP M ON M
DPTR FM NORMAL 0 LOWEST SLP 29.35 ON 13
[REMARKS]