000
CXUS56 KSGX 011145
CF6RAL
PRELIMINARY LOCAL CLIMATOLOGICAL DATA (WS FORM: F-6)
STATION: RIVERSIDE MUNI AIRPORT CA
MONTH: NOVEMBER
YEAR: 2022
LATITUDE: 33 57 N
LONGITUDE: 117 27 W
TEMPERATURE IN F: :PCPN: SNOW: WIND :SUNSHINE: SKY :PK WND
================================================================================
1 2 3 4 5 6A 6B 7 8 9 10 11 12 13 14 15 16 17 18
12Z AVG MX 2MIN
DY MAX MIN AVG DEP HDD CDD WTR SNW DPTH SPD SPD DIR MIN PSBL S-S WX SPD DR
================================================================================
1 76 55 66 1 0 1 0.00 M M 4.2 18 270 M M 1 22 270
2 67 50 59 -6 6 0 0.05 M M 5.2 16 250 M M 5 1 21 240
3 64 47 56 -9 9 0 0.00 M M 5.9 14 260 M M 2 17 250
4 70 41 56 -8 9 0 0.00 M M 3.2 12 250 M M 0 15 270
5 74 44 59 -5 6 0 0.00 M M 2.7 12 270 M M 0 15 270
6 73 45 59 -5 6 0 0.00 M M 3.5 14 270 M M 0 17 270
7 69 54 62 -2 3 0 0.05 M M 4.1 17 230 M M 9 18 21 240
8 65 50 58 -5 7 0 0.98 M M 6.2 30 260 M M 10 18 39 270
9 61 46 54 -9 11 0 0.22 M M 4.0 14 270 M M 4 1 16 260
10 69 41 55 -8 10 0 0.00 M M 5.0 13 20 M M 0 22 20
11 71 41 56 -6 9 0 0.00 M M 6.2 14 20 M M 0 22 30
12 69 41 55 -7 10 0 0.00 M M 4.4 15 270 M M 0 17 270
13 67 40 54 -8 11 0 0.00 M M 4.0 16 30 M M 0 25 20
14 71 40 56 -6 9 0 0.00 M M 4.3 9 270 M M 0 13 330
15 71 43 57 -4 8 0 0.00 M M 9.5 24 30 M M 0 36 30
16 70 51 61 0 4 0 0.00 M M 13.3 24 20 M M 0 39 30
17 77 43 60 0 5 0 0.00 M M 5.8 13 30 M M 0 19 40
18 75 43 59 -1 6 0 0.00 M M 5.1 16 360 M M 0 27 360
19 69 50 60 0 5 0 0.00 M M 12.8 25 20 M M 0 38 20
20 75 50 63 3 2 0 0.00 M M 7.9 15 30 M M 0 21 10
21 75 43 59 0 6 0 0.00 M M 4.9 9 30 M M 0 13 30
22 76 45 61 2 4 0 0.00 M M 4.3 9 40 M M 0 13 70
23 75 39 57 -2 8 0 0.00 M M 5.3 16 360 M M 0 25 360
24 75 55 65 7 0 0 0.00 M M 8.7 22 20 M M 0 36 40
25 76 44 60 2 5 0 0.00 M M 4.8 12 30 M M 0 17 30
26 72 39 56 -2 9 0 0.00 M M 3.7 12 270 M M 0 15 270
27 75 41 58 1 7 0 0.00 M M 3.7 12 270 M M 0 16 270
28 62 50 56 -1 9 0 0.00 M M 3.3 14 270 M M 7 8 18 270
29 66 48 57 0 8 0 0.00 M M 2.0 10 280 M M 5 13 280
30 63 42 53 -4 12 0 0.00 M M 2.4 13 270 M M 4 14 270
================================================================================
SM 2118 1361 204 1 1.30 M 160.4 M 47
================================================================================
AV 70.6 45.4 5.3 FASTST M M 2 MAX(MPH)
MISC ----> 30 260 # 39 270
================================================================================
NOTES:
# LAST OF SEVERAL OCCURRENCES
COLUMN 17 PEAK WIND IN M.P.H.
PRELIMINARY LOCAL CLIMATOLOGICAL DATA (WS FORM: F-6) , PAGE 2
STATION: RIVERSIDE MUNI AIRPORT CA
MONTH: NOVEMBER
YEAR: 2022
LATITUDE: 33 57 N
LONGITUDE: 117 27 W
[TEMPERATURE DATA] [PRECIPITATION DATA] SYMBOLS USED IN COLUMN 16
AVERAGE MONTHLY: 58.0 TOTAL FOR MONTH: 1.30 1 = FOG OR MIST
DPTR FM NORMAL: -3.0 DPTR FM NORMAL: 0.73 2 = FOG REDUCING VISIBILITY
HIGHEST: 77 ON 17 GRTST 24HR 1.19 ON 8- 9 TO 1/4 MILE OR LESS
LOWEST: 39 ON 26,23 3 = THUNDER
SNOW, ICE PELLETS, HAIL 4 = ICE PELLETS
TOTAL MONTH: M 5 = HAIL
GRTST 24HR M ON M 6 = FREEZING RAIN OR DRIZZLE
GRTST DEPTH: M ON M 7 = DUSTSTORM OR SANDSTORM:
VSBY 1/2 MILE OR LESS
8 = SMOKE OR HAZE
[NO. OF DAYS WITH] [WEATHER - DAYS WITH] 9 = BLOWING SNOW
X = TORNADO
MAX 32 OR BELOW: 0 0.01 INCH OR MORE: 4
MAX 90 OR ABOVE: 0 0.10 INCH OR MORE: 2
MIN 32 OR BELOW: 0 0.50 INCH OR MORE: 1
MIN 0 OR BELOW: 0 1.00 INCH OR MORE: 0
[HDD (BASE 65) ]
TOTAL THIS MO. 204 CLEAR (SCALE 0-3) 23
DPTR FM NORMAL 49 PTCLDY (SCALE 4-7) 5
TOTAL FM JUL 1 209 CLOUDY (SCALE 8-10) 2
DPTR FM NORMAL 21
[CDD (BASE 65) ]
TOTAL THIS MO. 1
DPTR FM NORMAL -32 [PRESSURE DATA]
TOTAL FM JAN 1 2391 HIGHEST SLP 30.28 ON 16
DPTR FM NORMAL 539 LOWEST SLP 29.73 ON 8
[REMARKS]
#FINAL-11-22#