000
CXUS56 KSGX 011145
CF6RAL
PRELIMINARY LOCAL CLIMATOLOGICAL DATA (WS FORM: F-6)
STATION: RIVERSIDE MUNI AIRPORT CA
MONTH: FEBRUARY
YEAR: 2022
LATITUDE: 33 57 N
LONGITUDE: 117 27 W
TEMPERATURE IN F: :PCPN: SNOW: WIND :SUNSHINE: SKY :PK WND
================================================================================
1 2 3 4 5 6A 6B 7 8 9 10 11 12 13 14 15 16 17 18
12Z AVG MX 2MIN
DY MAX MIN AVG DEP HDD CDD WTR SNW DPTH SPD SPD DIR MIN PSBL S-S WX SPD DR
================================================================================
1 61 44 53 -3 12 0 0.00 M M 1.1 8 270 M M 3 8 12 280
2 61 48 55 -1 10 0 0.00 M M 13.8 33 30 M M 0 48 30
3 66 47 57 1 8 0 0.00 M M 8.7 22 350 M M 0 34 10
4 68 44 56 0 9 0 0.00 M M 6.9 17 20 M M 0 27 20
5 73 37 55 -1 10 0 0.00 M M 7.0 20 30 M M 0 30 60
6 79 45 62 6 3 0 0.00 M M 7.4 22 20 M M 0 38 30
7 79 47 63 7 2 0 0.00 M M 6.0 13 30 M M 0 18 350
8 81 44 63 7 2 0 0.00 M M 7.2 17 30 M M 0 29 350
9 84 56 70 14 0 5 0.00 M M 10.2 22 360 M M 0 35 350
10 83 61 72 16 0 7 0.00 M M 10.8 26 20 M M 0 37 30
11 87 58 73 17 0 8 0.00 M M 5.3 14 270 M M 0 22 40
12 88 51 70 14 0 5 0.00 M M 5.4 12 80 M M 0 17 90
13 86 50 68 12 0 3 0.00 M M 4.8 13 270 M M 0 14 270
14 82 49 66 10 0 1 0.00 M M 4.2 17 270 M M 0 21 270
15 63 41 52 -4 13 0 T M M 7.2 22 230 M M 7 18 27 210
16 64 40 52 -4 13 0 0.00 M M 3.5 15 270 M M 1 19 290
17 70 44 57 1 8 0 0.00 M M 9.5 25 40 M M 0 41 40
18 77 40 59 3 6 0 0.00 M M 5.5 13 360 M M 0 22 10
19 80 43 62 6 3 0 0.00 M M 4.1 17 260 M M 0 22 270
20 71 43 57 0 8 0 0.00 M M 5.0 20 270 M M 1 25 270
21 60 49 55 -2 10 0 0.00 M M 4.1 18 240 M M 8 22 230
22 59 44 52 -5 13 0 0.02 M M 8.5 26 260 M M 8 33 260
23 55 37 46 -11 19 0 0.01 M M 5.7 18 250 M M 6 23 250
24 61 35 48 -9 17 0 0.00 M M 4.9 15 260 M M 0 8 19 250
25 67 36 52 -5 13 0 0.00 M M 4.6 14 270 M M 0 17 270
26 71 35 53 -4 12 0 0.00 M M 7.5 17 30 M M 0 24 50
27 76 40 58 1 7 0 0.00 M M 7.4 16 20 M M 0 27 10
28 83 48 66 8 0 1 0.00 M M 8.7 23 360 M M 0 34 350
================================================================================
SM 2035 1256 198 30 0.03 M 185.0 M 34
================================================================================
AV 72.7 44.9 6.6 FASTST M M 1 MAX(MPH)
MISC ----> 33 30 48 30
================================================================================
NOTES:
# LAST OF SEVERAL OCCURRENCES
COLUMN 17 PEAK WIND IN M.P.H.
PRELIMINARY LOCAL CLIMATOLOGICAL DATA (WS FORM: F-6) , PAGE 2
STATION: RIVERSIDE MUNI AIRPORT CA
MONTH: FEBRUARY
YEAR: 2022
LATITUDE: 33 57 N
LONGITUDE: 117 27 W
[TEMPERATURE DATA] [PRECIPITATION DATA] SYMBOLS USED IN COLUMN 16
AVERAGE MONTHLY: 58.8 TOTAL FOR MONTH: 0.03 1 = FOG OR MIST
DPTR FM NORMAL: 2.5 DPTR FM NORMAL: -2.38 2 = FOG REDUCING VISIBILITY
HIGHEST: 88 ON 12 GRTST 24HR 0.03 ON 22-23 TO 1/4 MILE OR LESS
LOWEST: 35 ON 26,24 3 = THUNDER
SNOW, ICE PELLETS, HAIL 4 = ICE PELLETS
TOTAL MONTH: M 5 = HAIL
GRTST 24HR M ON M 6 = FREEZING RAIN OR DRIZZLE
GRTST DEPTH: M ON M 7 = DUSTSTORM OR SANDSTORM:
VSBY 1/2 MILE OR LESS
8 = SMOKE OR HAZE
[NO. OF DAYS WITH] [WEATHER - DAYS WITH] 9 = BLOWING SNOW
X = TORNADO
MAX 32 OR BELOW: 0 0.01 INCH OR MORE: 2
MAX 90 OR ABOVE: 0 0.10 INCH OR MORE: 0
MIN 32 OR BELOW: 0 0.50 INCH OR MORE: 0
MIN 0 OR BELOW: 0 1.00 INCH OR MORE: 0
[HDD (BASE 65) ]
TOTAL THIS MO. 198 CLEAR (SCALE 0-3) 24
DPTR FM NORMAL -53 PTCLDY (SCALE 4-7) 3
TOTAL FM JUL 1 866 CLOUDY (SCALE 8-10) 1
DPTR FM NORMAL -187
[CDD (BASE 65) ]
TOTAL THIS MO. 30
DPTR FM NORMAL 23 [PRESSURE DATA]
TOTAL FM JAN 1 30 HIGHEST SLP 30.38 ON 4
DPTR FM NORMAL 24 LOWEST SLP 29.72 ON 15
[REMARKS]
#FINAL-02-22#