841
CXUS56 KSGX 011045
CF6RAL
PRELIMINARY LOCAL CLIMATOLOGICAL DATA (WS FORM: F-6)
STATION: RIVERSIDE MUNI AIRPORT CA
MONTH: MARCH
YEAR: 2021
LATITUDE: 33 57 N
LONGITUDE: 117 27 W
TEMPERATURE IN F: :PCPN: SNOW: WIND :SUNSHINE: SKY :PK WND
================================================================================
1 2 3 4 5 6A 6B 7 8 9 10 11 12 13 14 15 16 17 18
12Z AVG MX 2MIN
DY MAX MIN AVG DEP HDD CDD WTR SNW DPTH SPD SPD DIR MIN PSBL S-S WX SPD DR
================================================================================
1 74 41 58 1 7 0 0.00 M M 6.6 18 90 M M 0 23 110
2 79 42 61 4 4 0 0.00 M M 5.0 21 260 M M 0 25 270
3 59 40 50 -7 15 0 0.12 M M 4.7 20 140 M M 5 1 25 170
4 67 39 53 -4 12 0 0.00 M M 2.9 12 270 M M 0 14 270
5 81 42 62 4 3 0 0.00 M M 4.6 17 270 M M 0 20 280
6 72 43 58 0 7 0 0.00 M M 4.6 15 280 M M 0 20 260
7 65 46 56 -2 9 0 0.00 M M 3.0 15 270 M M 7 19 270
8 66 49 58 0 7 0 T M M 4.2 20 270 M M 8 24 270
9 62 41 52 -6 13 0 0.00 M M 7.0 25 240 M M 3 32 240
10 57 43 50 -8 15 0 0.66 M M 6.3 28 240 M M 9 13 34 240
11 57 42 50 -8 15 0 0.12 M M 5.8 16 270 M M 8 13 22 260
12 57 38 48 -10 17 0 0.47 M M 4.8 16 270 M M 5 13 22 270
13 62 44 53 -5 12 0 0.00 M M 3.0 15 260 M M 7 18 270
14 62 47 55 -4 10 0 0.00 M M 4.5 14 270 M M 10 19 280
15 54 41 48 -11 17 0 0.08 M M 6.7 24 250 M M 8 1 31 240
16 59 37 48 -11 17 0 0.00 M M 3.3 13 270 M M 0 16 270
17 69 40 55 -4 10 0 0.00 M M 4.1 14 270 M M 0 16 280
18 71 44 58 -1 7 0 0.00 M M 3.5 15 270 M M 0 19 250
19 75 45 60 1 5 0 0.00 M M 4.8 23 270 M M 0 27 270
20 68 50 59 0 6 0 T M M 4.1 16 270 M M 6 1 23 270
21 66 43 55 -4 10 0 0.00 M M 5.8 17 270 M M 0 23 270
22 69 41 55 -4 10 0 0.00 M M 4.6 17 270 M M 0 21 270
23 68 45 57 -3 8 0 T M M 6.9 23 260 M M 4 29 260
24 73 51 62 2 3 0 0.00 M M 11.0 22 250 M M 0 35 360
25 62 46 54 -6 11 0 0.00 M M 6.4 20 250 M M 6 24 240
26 71 48 60 0 5 0 T M M 6.0 23 270 M M 5 28 270
27 81 42 62 2 3 0 0.00 M M 4.9 16 250 M M 0 22 10
28 90 46 68 8 0 3 0.00 M M 4.9 17 250 M M 0 23 250
29 84 50 67 7 0 2 0.00 M M 5.0 16 280 M M 0 29 280
30 85 48 67 7 0 2 0.00 M M 5.5 18 350 M M 1 18 25 350
31 87 53 70 10 0 5 0.00 M M 8.0 21 10 M M 0 35 360
================================================================================
SM 2152 1367 258 12 1.45 M 162.5 M 92
================================================================================
AV 69.4 44.1 5.2 FASTST M M 3 MAX(MPH)
MISC ----> 28 240 # 35 360
================================================================================
NOTES:
# LAST OF SEVERAL OCCURRENCES
COLUMN 17 PEAK WIND IN M.P.H.
PRELIMINARY LOCAL CLIMATOLOGICAL DATA (WS FORM: F-6) , PAGE 2
STATION: RIVERSIDE MUNI AIRPORT CA
MONTH: MARCH
YEAR: 2021
LATITUDE: 33 57 N
LONGITUDE: 117 27 W
[TEMPERATURE DATA] [PRECIPITATION DATA] SYMBOLS USED IN COLUMN 16
AVERAGE MONTHLY: 56.8 TOTAL FOR MONTH: 1.45 1 = FOG OR MIST
DPTR FM NORMAL: -2.0 DPTR FM NORMAL: -0.56 2 = FOG REDUCING VISIBILITY
HIGHEST: 90 ON 28 GRTST 24HR 0.66 ON 10-10 TO 1/4 MILE OR LESS
LOWEST: 37 ON 16 3 = THUNDER
SNOW, ICE PELLETS, HAIL 4 = ICE PELLETS
TOTAL MONTH: M 5 = HAIL
GRTST 24HR M ON M 6 = FREEZING RAIN OR DRIZZLE
GRTST DEPTH: M ON M 7 = DUSTSTORM OR SANDSTORM:
VSBY 1/2 MILE OR LESS
8 = SMOKE OR HAZE
[NO. OF DAYS WITH] [WEATHER - DAYS WITH] 9 = BLOWING SNOW
X = TORNADO
MAX 32 OR BELOW: 0 0.01 INCH OR MORE: 5
MAX 90 OR ABOVE: 1 0.10 INCH OR MORE: 4
MIN 32 OR BELOW: 0 0.50 INCH OR MORE: 1
MIN 0 OR BELOW: 0 1.00 INCH OR MORE: 0
[HDD (BASE 65) ]
TOTAL THIS MO. 258 CLEAR (SCALE 0-3) 17
DPTR FM NORMAL 53 PTCLDY (SCALE 4-7) 12
TOTAL FM JUL 1 1124 CLOUDY (SCALE 8-10) 2
DPTR FM NORMAL -188
[CDD (BASE 65) ]
TOTAL THIS MO. 12
DPTR FM NORMAL 0 [PRESSURE DATA]
TOTAL FM JAN 1 29 HIGHEST SLP 30.26 ON 13
DPTR FM NORMAL 8 LOWEST SLP 29.73 ON 23
[REMARKS]
#FINAL-03-21#