000
CXUS56 KMFR 010930
CF6RBG
PRELIMINARY LOCAL CLIMATOLOGICAL DATA (WS FORM: F-6)
STATION: ROSEBURG OR
MONTH: APRIL
YEAR: 2022
LATITUDE: 43 13 N
LONGITUDE: 123 22 W
TEMPERATURE IN F: :PCPN: SNOW: WIND :SUNSHINE: SKY :PK WND
================================================================================
1 2 3 4 5 6A 6B 7 8 9 10 11 12 13 14 15 16 17 18
12Z AVG MX 2MIN
DY MAX MIN AVG DEP HDD CDD WTR SNW DPTH SPD SPD DIR MIN PSBL S-S WX SPD DR
================================================================================
1 66 35 51 0 14 0 T M M 3.8 14 340 M M 3 1 20 330
2 64 38 51 0 14 0 0.00 M M 2.8 10 10 M M 2 16 270
3 63 39 51 0 14 0 0.03 M M 2.8 12 230 M M 5 20 220
4 55 42 49 -2 16 0 0.91 M M 6.8 17 230 M M 8 1 29 250
5 57 37 47 -4 18 0 0.02 M M 2.6 16 20 M M 3 1 22 10
6 72 33 53 2 12 0 0.00 M M 1.6 8 350 M M 0 1 11 360
7 86 42 64 13 1 0 0.00 M M 2.3 14 310 M M 0 22 290
8 60 43 52 1 13 0 0.01 M M 5.8 17 360 M M 6 1 23 320
9 56 38 47 -5 18 0 0.00 M M 4.0 15 330 M M 3 20 320
10 52 42 47 -5 18 0 0.44 M M 4.3 10 170 M M 10 1 18 160
11 45 33 39 -13 26 0 0.61 M M 5.4 17 330 M M 9 1 28 330
12 47 35 41 -11 24 0 0.52 M M 5.2 16 230 M M 9 1 28 230
13 50 37 44 -8 21 0 0.52 M M 3.8 12 230 M M 9 1 19 250
14 51 34 43 -9 22 0 0.05 M M 3.6 15 310 M M 8 1 24 320
15 55 30 43 -9 22 0 0.00 M M 2.1 8 200 M M 2 12 14 360
16 52 39 46 -7 19 0 0.11 M M 3.9 14 310 M M 8 1 22 260
17 56 34 45 -8 20 0 0.00 M M 1.3 7 330 M M 1 12 10
18 61 43 52 -1 13 0 0.34 M M 4.7 24 170 M M 7 1 42 170
19 56 38 47 -6 18 0 0.42 M M 2.9 15 190 M M 6 12 25 310
20 57 38 48 -6 17 0 0.31 M M 5.5 17 180 M M 7 1 27 180
21 58 39 49 -5 16 0 0.02 M M 3.6 14 170 M M 7 1 22 200
22 63 39 51 -3 14 0 0.00 M M 1.9 13 310 M M 6 12 21 300
23 69 40 55 1 10 0 0.00 M M 2.3 9 10 M M 2 12 13 10
24 73 40 57 3 8 0 0.00 M M 2.3 12 310 M M 0 20 280
25 59 47 53 -2 12 0 T M M 2.8 9 10 M M 9 1 M M
26 58 41 50 -5 15 0 0.02 M M 4.1 15 310 M M 5 22 300
27 60 38 49 -6 16 0 0.00 M M 3.2 10 330 M M 3 17 320
28 57 45 51 -5 14 0 0.03 M M 2.8 13 230 M M 10 21 240
29 64 45 55 -1 10 0 0.29 M M 2.7 9 140 M M 8 1 17 230
30 58 44 51 -5 14 0 0.08 M M 4.0 14 220 M M 9 1 22 230
================================================================================
SM 1780 1168 469 0 4.73 M 104.9 M 165
================================================================================
AV 59.3 38.9 3.5 FASTST M M 6 MAX(MPH)
MISC ----> 24 170 42 170
================================================================================
NOTES:
# LAST OF SEVERAL OCCURRENCES
COLUMN 17 PEAK WIND IN M.P.H.
PRELIMINARY LOCAL CLIMATOLOGICAL DATA (WS FORM: F-6) , PAGE 2
STATION: ROSEBURG OR
MONTH: APRIL
YEAR: 2022
LATITUDE: 43 13 N
LONGITUDE: 123 22 W
[TEMPERATURE DATA] [PRECIPITATION DATA] SYMBOLS USED IN COLUMN 16
AVERAGE MONTHLY: 49.1 TOTAL FOR MONTH: 4.73 1 = FOG OR MIST
DPTR FM NORMAL: -3.8 DPTR FM NORMAL: 2.02 2 = FOG REDUCING VISIBILITY
HIGHEST: 86 ON 7 GRTST 24HR 0.92 ON 3- 4 TO 1/4 MILE OR LESS
LOWEST: 30 ON 15 3 = THUNDER
SNOW, ICE PELLETS, HAIL 4 = ICE PELLETS
TOTAL MONTH: M 5 = HAIL
GRTST 24HR M ON M 6 = FREEZING RAIN OR DRIZZLE
GRTST DEPTH: M ON M 7 = DUSTSTORM OR SANDSTORM:
VSBY 1/2 MILE OR LESS
8 = SMOKE OR HAZE
[NO. OF DAYS WITH] [WEATHER - DAYS WITH] 9 = BLOWING SNOW
X = TORNADO
MAX 32 OR BELOW: 0 0.01 INCH OR MORE: 18
MAX 90 OR ABOVE: 0 0.10 INCH OR MORE: 10
MIN 32 OR BELOW: 1 0.50 INCH OR MORE: 4
MIN 0 OR BELOW: 0 1.00 INCH OR MORE: 0
[HDD (BASE 65) ]
TOTAL THIS MO. 469 CLEAR (SCALE 0-3) 9
DPTR FM NORMAL 104 PTCLDY (SCALE 4-7) 12
TOTAL FM JUL 1 3579 CLOUDY (SCALE 8-10) 9
DPTR FM NORMAL -57
[CDD (BASE 65) ]
TOTAL THIS MO. 0
DPTR FM NORMAL -2 [PRESSURE DATA]
TOTAL FM JAN 1 0 HIGHEST SLP M ON M
DPTR FM NORMAL -2 LOWEST SLP 29.54 ON 11
[REMARKS]
#FINAL-04-22#