000
CXUS56 KSTO 030458
CLMRDD
CLIMATE REPORT
NATIONAL WEATHER SERVICE SACRAMENTO
958 PM PDT THU NOV 02 2023
...................................
...THE SACRAMENTO CITY CLIMATE SUMMARY FOR THE MONTH OF OCTOBER 2023...
CLIMATE NORMAL PERIOD: 1991 TO 2020
CLIMATE RECORD PERIOD: 1849 TO 2023
WEATHER OBSERVED NORMAL DEPART LAST YEAR`S
VALUE DATE(S) VALUE FROM VALUE DATE(S)
NORMAL
................................................................
TEMPERATURE (F)
RECORD
HIGH 102 10/02/2001
10/04/1987
10/03/1987
LOW 34 10/28/1946
10/30/1935
HIGHEST 94 10/06 MM MM 95 10/07
10/07
10/08
10/08
LOWEST 41 10/28 MM MM 45 10/28
10/29
10/30
AVG. MAXIMUM 80.3 78.9 1.4 82.9
AVG. MINIMUM 54.5 52.9 1.6 54.1
MEAN 67.4 65.9 1.5 68.5
DAYS MAX >= 90 6 3.5 2.5 7
DAYS MAX <= 32 0 0.0 0.0 0
DAYS MAX >= 105 0 31
DAYS MAX >= 100 0 0
DAYS MAX <= 50 0 0
DAYS MIN <= 32 0 0.0 0.0 0
DAYS MIN <= 0 0 0.0 0.0 0
DAYS MIN >= 70 0 0
DAYS MIN <= 40 0 0
DAYS MIN <= 32 0 0
PRECIPITATION (INCHES)
RECORD
MAXIMUM 6.72 2021
MINIMUM 0.00 2022
TOTALS 0.34 0.93 -0.59 0.00
DAILY AVG. 0.01
DAYS >= .01 3 0
DAYS >= .10 2 0
DAYS >= .50 0 0
DAYS >= 1.00 0 0
DAYS >= %-5.2F 0 0
GREATEST
24 HR. TOTAL 0.18
STORM TOTAL 0.18
SNOWFALL (INCHES)
RECORDS
TOTAL MM MM
24 HR TOTAL MM
TOTALS 0.0 0.0 0.0
LIQUID EQUIV 0.00 0.00 0.00
SINCE 7/1 0.0 0.0 0.0
LIQUID 7/1 0.00
DAYS >= TRACE 0 0.0 0.0
DAYS >= 1.0 0 0.0 0.0
GREATEST
SNOW DEPTH MM
24 HR TOTAL MM
STORM TOTAL 0.0
(MM/DD(HH))
DEGREE DAYS
HEATING TOTAL 51 58 -7
SINCE 7/1 51 61 -10
COOLING TOTAL 134 86 48
SINCE 1/1 1722 1575 147
................................................................
WIND (MPH)
AVERAGE WIND SPEED MM
HIGHEST WIND SPEED/DIRECTION MM DATE MM
HIGHEST GUST SPEED/DIRECTION MM DATE MM
SKY COVER
POSSIBLE SUNSHINE (PERCENT) MM
AVERAGE SKY COVER MM
AVERAGE RH (PERCENT) MM
WEATHER CONDITIONS. NUMBER OF DAYS WITH
THUNDERSTORM 0 MIXED PRECIP 0
HEAVY RAIN 0 RAIN 1
LIGHT RAIN 2 FREEZING RAIN 0
LT FREEZING RAIN 0 HAIL 0
HEAVY SNOW 0 SNOW 0
LIGHT SNOW 0 SLEET 0
FOG 0 FOG W/VIS <= 1/4 MILE 0
HAZE 0
- INDICATES NEGATIVE NUMBERS.
R INDICATES RECORD WAS SET OR TIED.
MM INDICATES DATA IS MISSING.
T INDICATES TRACE AMOUNT.
$$