000
CXUS51 KPHI 161723
CF6RDG
PRELIMINARY LOCAL CLIMATOLOGICAL DATA (WS FORM: F-6)
STATION: READING PA
MONTH: OCTOBER
YEAR: 2022
LATITUDE: 40 22 N
LONGITUDE: 75 58 W
TEMPERATURE IN F: :PCPN: SNOW: WIND :SUNSHINE: SKY :PK WND
================================================================================
1 2 3 4 5 6A 6B 7 8 9 10 11 12 13 14 15 16 17 18
12Z AVG MX 2MIN
DY MAX MIN AVG DEP HDD CDD WTR SNW DPTH SPD SPD DIR MIN PSBL S-S WX SPD DR
================================================================================
1 60 52 56 -5 9 0 0.54 0.0 0 9.5 20 30 M M 10 1 26 30
2 60 52 56 -4 9 0 0.28 0.0 0 7.8 20 20 M M 9 1 25 60
3 53 47 50 -10 15 0 0.36 0.0 0 4.6 15 30 M M 10 19 20
4 53 46 50 -10 15 0 1.52 0.0 0 8.3 16 340 M M 10 1 23 330
5 64 50 57 -2 8 0 0.06 0.0 0 5.9 13 330 M M 8 128 16 10
6 76 45 61 2 4 0 T 0.0 0 1.7 8 290 M M 0 1 10 290
7 75 51 63 5 2 0 0.00 0.0 0 6.8 18 330 M M 4 1 23 340
8 58 41 50 -8 15 0 0.00 0.0 0 8.3 17 280 M M 3 23 280
9 63 37 50 -8 15 0 0.00 0.0 0 3.4 16 290 M M 0 1 22 230
10 69 39 54 -3 11 0 0.00 0.0 0 2.9 14 230 M M 1 18 19 210
11 73 43 58 1 7 0 0.00 0.0 0 2.4 13 220 M M 1 1 17 280
12 71 43 57 0 8 0 0.00 0.0 0 5.4 17 210 M M 1 18 23 200
13 66 55 61 5 4 0 0.35 0.0 0 7.3 22 300 M M 10 1 25 300
14 69 46 58 2 7 0 0.03 0.0 0 2.3 12 280 M M 4 13 250
15 72 41 57 1 8 0 0.00 0.0 0 5.0 22 190 M M 0 1 29 190
16 66 43 55 0 10 0 0.00 0.0 0 1.2 8 290 M M 3 12 10 210
17 64 46 55 0 10 0 0.05 0.0 0 4.2 16 310 M M 9 8 21 300
18 56 36 46 -8 19 0 0.00 0.0 0 5.8 16 270 M M 3 23 310
19 54 33 44 -10 21 0 0.00 0.0 0 7.7 22 220 M M 6 28 220
20 60 37 49 -5 16 0 0.00 0.0 0 7.2 22 240 M M 0 28 220
21 64 34 49 -4 16 0 0.00 0.0 0 2.5 13 210 M M 1 1 15 210
22 70 35 53 0 12 0 0.00 0.0 0 1.9 8 160 M M 0 18 11 190
23 64 40 52 -1 13 0 0.22 0.0 0 4.2 12 50 M M 7 1 14 20
24 61 54 58 6 7 0 0.05 0.0 0 6.3 12 30 M M 10 1 13 50
25 69 59 64 12 1 0 0.04 0.0 0 3.2 9 140 M M 10 1 14 130
26 69 56 63 11 2 0 0.21 0.0 0 4.2 14 290 M M 9 1 18 290
27 63 45 54 3 11 0 0.00 0.0 0 10.0 22 340 M M 2 27 330
28 59 36 48 -3 17 0 0.00 0.0 0 4.9 12 130 M M 0 15 20
29 62 31 47 -3 18 0 0.00 0.0 0 1.8 12 360 M M 0 1 15 360
30 63 31 47 -3 18 0 0.00 0.0 0 1.4 8 270 M M 0 1 10 240
31 63 42 53 3 12 0 0.21 0.0 0 2.7 13 220 M M 7 18 15 220
================================================================================
SM 1989 1346 340 0 3.92 0.0 150.8 M 138
================================================================================
AV 64.2 43.4 4.9 FASTST M M 4 MAX(MPH)
MISC ----> # 22 300 29 190
================================================================================
NOTES:
# LAST OF SEVERAL OCCURRENCES
COLUMN 17 PEAK WIND IN M.P.H.
PRELIMINARY LOCAL CLIMATOLOGICAL DATA (WS FORM: F-6) , PAGE 2
STATION: READING PA
MONTH: OCTOBER
YEAR: 2022
LATITUDE: 40 22 N
LONGITUDE: 75 58 W
[TEMPERATURE DATA] [PRECIPITATION DATA] SYMBOLS USED IN COLUMN 16
AVERAGE MONTHLY: 53.8 TOTAL FOR MONTH: 3.92 1 = FOG OR MIST
DPTR FM NORMAL: -1.4 DPTR FM NORMAL: 0.12 2 = FOG REDUCING VISIBILITY
HIGHEST: 76 ON 6 GRTST 24HR 1.52 ON 4- 4 TO 1/4 MILE OR LESS
LOWEST: 31 ON 30,29 3 = THUNDER
SNOW, ICE PELLETS, HAIL 4 = ICE PELLETS
TOTAL MONTH: 0.0 INCH 5 = HAIL
GRTST 24HR 0.0 6 = FREEZING RAIN OR DRIZZLE
GRTST DEPTH: 0 7 = DUSTSTORM OR SANDSTORM:
VSBY 1/2 MILE OR LESS
8 = SMOKE OR HAZE
[NO. OF DAYS WITH] [WEATHER - DAYS WITH] 9 = BLOWING SNOW
X = TORNADO
MAX 32 OR BELOW: 0 0.01 INCH OR MORE: 13
MAX 90 OR ABOVE: 0 0.10 INCH OR MORE: 8
MIN 32 OR BELOW: 2 0.50 INCH OR MORE: 2
MIN 0 OR BELOW: 0 1.00 INCH OR MORE: 1
[HDD (BASE 65) ]
TOTAL THIS MO. 340 CLEAR (SCALE 0-3) 16
DPTR FM NORMAL 21 PTCLDY (SCALE 4-7) 5
TOTAL FM JUL 1 389 CLOUDY (SCALE 8-10) 10
DPTR FM NORMAL 7
[CDD (BASE 65) ]
TOTAL THIS MO. 0
DPTR FM NORMAL -15 [PRESSURE DATA]
TOTAL FM JAN 1 1327 HIGHEST SLP M ON M
DPTR FM NORMAL 273 LOWEST SLP 29.58 ON 17
[REMARKS]
#FINAL-10-22#