696
CXUS56 KPDT 020532
CF6RDM
PRELIMINARY LOCAL CLIMATOLOGICAL DATA (WS FORM: F-6)
STATION: REDMOND OR
MONTH: AUGUST
YEAR: 2020
LATITUDE: 44 16 N
LONGITUDE: 121 9 W
TEMPERATURE IN F: :PCPN: SNOW: WIND :SUNSHINE: SKY :PK WND
================================================================================
1 2 3 4 5 6A 6B 7 8 9 10 11 12 13 14 15 16 17 18
12Z AVG MX 2MIN
DY MAX MIN AVG DEP HDD CDD WTR SNW DPTH SPD SPD DIR MIN PSBL S-S WX SPD DR
================================================================================
1 92 57 75 8 0 10 0.00 M M 7.1 20 350 M M 0 28 330
2 91 50 71 4 0 6 0.00 M M 7.5 23 300 M M 0 29 290
3 89 48 69 2 0 4 0.00 M M 6.5 17 350 M M 0 23 350
4 92 51 72 5 0 7 0.00 M M 7.2 18 360 M M 0 24 340
5 94 53 74 7 0 9 T M M 7.3 24 290 M M 1 3 31 290
6 76 46 61 -6 4 0 T M M 10.4 25 310 M M 2 33 310
7 82 40 61 -6 4 0 0.00 M M 4.5 13 360 M M 0 18 340
8 85 47 66 -1 0 1 0.00 M M 5.5 17 10 M M 0 24 360
9 84 41 63 -4 2 0 0.00 M M 7.8 20 340 M M 0 26 340
10 91 47 69 3 0 4 0.00 M M 5.5 15 340 M M 0 18 340
11 91 51 71 5 0 6 0.00 M M 8.1 23 290 M M 0 30 300
12 81 44 63 -3 2 0 0.00 M M 5.6 18 350 M M 2 24 340
13 84 41 63 -3 2 0 0.00 M M 5.1 17 360 M M 0 21 360
14 89 37 63 -3 2 0 0.00 M M 5.1 16 340 M M 0 21 330
15 103 45 74 8 0 9 0.00 M M 6.5 17 350 M M 0 22 350
16 102 54 78 13 0 13 T M M 5.6 33 150 M M 0 38 42 160
17 98 56 77 12 0 12 0.00 M M 5.0 20 170 M M 0 3 27 170
18 98 62 80 15 0 15 0.00 M M 7.1 20 310 M M 1 24 310
19 92 54 73 8 0 8 0.00 M M 6.8 20 300 M M 1 23 310
20 91 62 77 13 0 12 T M M 6.4 17 360 M M 3 21 10
21 86 54 70 6 0 5 0.00 M M 9.0 24 300 M M 2 30 280
22 84 48 66 2 0 1 0.00 M M 6.1 16 330 M M 2 21 340
23 93 43 68 4 0 3 0.00 M M 6.6 17 360 M M 0 8 24 320
24 88 49 69 6 0 4 0.00 M M 6.1 15 310 M M 0 8 22 330
25 89 56 73 10 0 8 0.01 M M 5.4 18 320 M M 3 8 24 310
26 86 46 66 3 0 1 0.00 M M 6.3 17 340 M M 0 8 22 340
27 87 40 64 1 1 0 0.00 M M 5.6 17 340 M M 0 8 23 340
28 90 37 64 2 1 0 0.00 M M 4.9 15 350 M M 0 8 20 360
29 90 43 67 5 0 2 0.00 M M 6.7 24 300 M M 0 8 31 290
30 77 39 58 -4 7 0 0.00 M M 5.0 16 330 M M 1 8 21 350
31 78 48 63 1 2 0 0.00 M M 6.0 17 10 M M 2 22 20
================================================================================
SM 2753 1489 27 140 0.01 M 198.3 M 20
================================================================================
AV 88.8 48.0 6.4 FASTST M M 1 MAX(MPH)
MISC ----> # 33 150 # 42 160
================================================================================
NOTES:
# LAST OF SEVERAL OCCURRENCES
COLUMN 17 PEAK WIND IN M.P.H.
PRELIMINARY LOCAL CLIMATOLOGICAL DATA (WS FORM: F-6) , PAGE 2
STATION: REDMOND OR
MONTH: AUGUST
YEAR: 2020
LATITUDE: 44 16 N
LONGITUDE: 121 9 W
[TEMPERATURE DATA] [PRECIPITATION DATA] SYMBOLS USED IN COLUMN 16
AVERAGE MONTHLY: 68.4 TOTAL FOR MONTH: 0.01 1 = FOG OR MIST
DPTR FM NORMAL: 3.4 DPTR FM NORMAL: -0.49 2 = FOG REDUCING VISIBILITY
HIGHEST: 103 ON 15 GRTST 24HR 0.01 ON 25-25 TO 1/4 MILE OR LESS
LOWEST: 37 ON 28,14 3 = THUNDER
SNOW, ICE PELLETS, HAIL 4 = ICE PELLETS
TOTAL MONTH: M 5 = HAIL
GRTST 24HR M ON M 6 = FREEZING RAIN OR DRIZZLE
GRTST DEPTH: M ON M 7 = DUSTSTORM OR SANDSTORM:
VSBY 1/2 MILE OR LESS
8 = SMOKE OR HAZE
[NO. OF DAYS WITH] [WEATHER - DAYS WITH] 9 = BLOWING SNOW
X = TORNADO
MAX 32 OR BELOW: 0 0.01 INCH OR MORE: 1
MAX 90 OR ABOVE: 15 0.10 INCH OR MORE: 0
MIN 32 OR BELOW: 0 0.50 INCH OR MORE: 0
MIN 0 OR BELOW: 0 1.00 INCH OR MORE: 0
[HDD (BASE 65) ]
TOTAL THIS MO. 27 CLEAR (SCALE 0-3) 31
DPTR FM NORMAL -53 PTCLDY (SCALE 4-7) 0
TOTAL FM JUL 1 70 CLOUDY (SCALE 8-10) 0
DPTR FM NORMAL -79
[CDD (BASE 65) ]
TOTAL THIS MO. 140
DPTR FM NORMAL 60 [PRESSURE DATA]
TOTAL FM JAN 1 343 HIGHEST SLP 30.19 ON 9
DPTR FM NORMAL 137 LOWEST SLP 29.74 ON 5
[REMARKS]
#FINAL-08-20#