000
CXUS56 KPDT 011540
CLMRDM
CLIMATE REPORT
NATIONAL WEATHER SERVICE PENDLETON, OR
840 AM PDT SAT JUL 01 2023
...................................
...THE REDMOND OR CLIMATE SUMMARY FOR THE MONTH OF JUNE 2023...
CLIMATE NORMAL PERIOD 1991 TO 2020
CLIMATE RECORD PERIOD 1949 TO 2023
WEATHER OBSERVED NORMAL DEPART LAST YEAR`S
VALUE DATE(S) VALUE FROM VALUE DATE(S)
NORMAL
................................................................
TEMPERATURE (F)
RECORD
HIGH 112 06/29/2021
LOW 24 06/15/2016
06/02/1976
06/04/1962
HIGHEST 96 06/30 103 06/27
LOWEST 31 06/01 36 06/15
06/15
06/20
AVG. MAXIMUM 81.2 77.2 4.0 77.0
AVG. MINIMUM 44.0 42.8 1.2 46.0
MEAN 62.6 60.0 2.6 61.5
DAYS MAX >= 90 2 2.8 -0.8 2
DAYS MAX <= 32 0 0.0 0.0 0
DAYS MIN <= 32 3 3.0 0.0 0
DAYS MIN <= 0 0 0.0 0.0 0
PRECIPITATION (INCHES)
RECORD
MAXIMUM 3.87 1969
MINIMUM T 1973
TOTALS 0.01 0.64 -0.63 1.88
DAILY AVG. 0.00 0.02 -0.02 0.06
DAYS >= .01 1 5.5 -4.5 8
DAYS >= .10 0 2.0 -2.0 6
DAYS >= .50 0 0.1 -0.1 0
DAYS >= 1.00 0 0.0 0.0 0
GREATEST
24 HR. TOTAL 0.01 06/07 TO 06/07 0.48 06/11 TO 06/11
DEGREE DAYS
HEATING TOTAL 113 183 -70 137
SINCE 7/1 6083 6172 -89
COOLING TOTAL 48 33 15 41
SINCE 1/1 63 40 23
................................................................
WIND (MPH)
AVERAGE WIND SPEED 7.3
RESULTANT WIND SPEED/DIRECTION 4/320
HIGHEST WIND SPEED/DIRECTION 29/290 DATE 06/13
HIGHEST GUST SPEED/DIRECTION 37/290 DATE 06/13
AVERAGE RH (PERCENT) 47
WEATHER CONDITIONS. NUMBER OF DAYS WITH
THUNDERSTORM 1 MIXED PRECIP 0
HEAVY RAIN 0 RAIN 0
LIGHT RAIN 5 FREEZING RAIN 0
LT FREEZING RAIN 0 HAIL 0
HEAVY SNOW 0 SNOW 0
LIGHT SNOW 0 SLEET 0
FOG 1 FOG W/VIS <= 1/4 MILE 0
HAZE 2
- INDICATES NEGATIVE NUMBERS.
R INDICATES RECORD WAS SET OR TIED.
MM INDICATES DATA IS MISSING.
T INDICATES TRACE AMOUNT.
$$