000
CXUS52 KRAH 010945
CF6RDU
PRELIMINARY LOCAL CLIMATOLOGICAL DATA (WS FORM: F-6)
STATION: RALEIGH-DURHAM INTL AIRPORT NC
MONTH: OCTOBER
YEAR: 2020
LATITUDE: 35 52 N
LONGITUDE: 78 47 W
TEMPERATURE IN F: :PCPN: SNOW: WIND :SUNSHINE: SKY :PK WND
================================================================================
1 2 3 4 5 6A 6B 7 8 9 10 11 12 13 14 15 16 17 18
12Z AVG MX 2MIN
DY MAX MIN AVG DEP HDD CDD WTR SNW DPTH SPD SPD DIR MIN PSBL S-S WX SPD DR
================================================================================
1 81 53 67 1 0 2 0.00 0.0 0 3.8 14 350 M M 2 21 360
2 71 49 60 -6 5 0 0.00 0.0 0 5.4 14 40 M M 5 20 20
3 72 46 59 -7 6 0 0.00 0.0 0 5.7 12 50 M M 3 16 70
4 68 48 58 -7 7 0 0.00 0.0 M 3.9 13 20 M M 6 17 50
5 74 47 61 -4 4 0 0.00 0.0 0 2.8 13 40 M M 3 1 17 10
6 78 48 63 -1 2 0 0.00 0.0 0 2.4 13 230 M M 2 16 210
7 83 57 70 6 0 5 0.00 0.0 0 5.9 14 230 M M 2 1 19 230
8 83 58 71 7 0 6 0.00 0.0 0 2.4 10 10 M M 3 14 10
9 72 56 64 1 1 0 0.00 0.0 0 5.1 12 100 M M 9 17 130
10 75 62 69 6 0 4 0.70 0.0 M 2.4 15 220 M M 10 1 19 230
11 68 64 66 3 0 1 0.79 0.0 M 8.2 21 90 M M 10 1 25 100
12 73 64 69 7 0 4 T 0.0 0 2.8 9 20 M M 10 12 12 360
13 82 54 68 6 0 3 T 0.0 0 3.6 10 280 M M 6 12 15 280
14 76 51 64 2 1 0 0.00 0.0 0 2.2 9 170 M M 2 11 170
15 80 53 67 6 0 2 T 0.0 0 5.9 14 230 M M 3 17 220
16 70 55 63 2 2 0 0.79 0.0 0 7.9 16 310 M M 9 1 27 310
17 64 46 55 -6 10 0 0.00 0.0 0 4.8 16 30 M M 4 24 40
18 70 40 55 -5 10 0 0.00 0.0 0 2.3 8 100 M M 2 13 80
19 75 51 63 3 2 0 0.00 0.0 0 0.6 7 150 M M 7 12 9 150
20 80 53 67 7 0 2 0.00 0.0 0 1.2 6 150 M M 8 1 9 170
21 83 63 73 13 0 8 0.00 0.0 0 2.4 12 150 M M 8 12 13 140
22 81 59 70 11 0 5 0.00 0.0 0 2.6 10 80 M M 8 1 13 120
23 80 57 69 10 0 4 0.00 0.0 0 1.1 9 160 M M 5 11 170
24 83 60 72 13 0 7 0.00 0.0 0 3.4 13 250 M M 3 17 220
25 68 51 60 2 5 0 0.10 0.0 0 8.1 15 40 M M 9 1 20 50
26 73 50 62 4 3 0 0.02 0.0 0 2.6 9 10 M M 6 1 15 350
27 77 53 65 7 0 0 0.00 0.0 0 1.9 13 230 M M 4 12 15 230
28 72 57 65 7 0 0 0.05 0.0 M 4.1 13 240 M M 8 12 17 240
29 82 68 75 18 0 10 0.01 0.0 0 17.1 37 210 M M 9 1 52 210
30 74 48 61 4 4 0 0.28 0.0 0 6.4 20 300 M M 4 13 30 290
31 60 44 52 -5 13 0 0.00 0.0 M 5.8 16 60 M M 6 20 60
================================================================================
SM 2328 1665 75 63 2.74 0.0 134.8 M 176
================================================================================
AV 75.1 53.7 4.3 FASTST M M 6 MAX(MPH)
MISC ----> 37 210 52 210
================================================================================
NOTES:
# LAST OF SEVERAL OCCURRENCES
COLUMN 17 PEAK WIND IN M.P.H.
PRELIMINARY LOCAL CLIMATOLOGICAL DATA (WS FORM: F-6) , PAGE 2
STATION: RALEIGH-DURHAM INTL AIRPORT NC
MONTH: OCTOBER
YEAR: 2020
LATITUDE: 35 52 N
LONGITUDE: 78 47 W
[TEMPERATURE DATA] [PRECIPITATION DATA] SYMBOLS USED IN COLUMN 16
AVERAGE MONTHLY: 64.4 TOTAL FOR MONTH: 2.74 1 = FOG OR MIST
DPTR FM NORMAL: 3.2 DPTR FM NORMAL: -0.51 2 = FOG REDUCING VISIBILITY
HIGHEST: 83 ON 24,21 GRTST 24HR 0.99 ON 10-11 TO 1/4 MILE OR LESS
LOWEST: 40 ON 18 3 = THUNDER
SNOW, ICE PELLETS, HAIL 4 = ICE PELLETS
TOTAL MONTH: 0.0 INCH 5 = HAIL
GRTST 24HR 0.0 6 = FREEZING RAIN OR DRIZZLE
GRTST DEPTH: 0 7 = DUSTSTORM OR SANDSTORM:
VSBY 1/2 MILE OR LESS
8 = SMOKE OR HAZE
[NO. OF DAYS WITH] [WEATHER - DAYS WITH] 9 = BLOWING SNOW
X = TORNADO
MAX 32 OR BELOW: 0 0.01 INCH OR MORE: 8
MAX 90 OR ABOVE: 0 0.10 INCH OR MORE: 5
MIN 32 OR BELOW: 0 0.50 INCH OR MORE: 3
MIN 0 OR BELOW: 0 1.00 INCH OR MORE: 0
[HDD (BASE 65) ]
TOTAL THIS MO. 75 CLEAR (SCALE 0-3) 8
DPTR FM NORMAL -93 PTCLDY (SCALE 4-7) 15
TOTAL FM JUL 1 104 CLOUDY (SCALE 8-10) 8
DPTR FM NORMAL -85
[CDD (BASE 65) ]
TOTAL THIS MO. 63
DPTR FM NORMAL 11 [PRESSURE DATA]
TOTAL FM JAN 1 1833 HIGHEST SLP 30.50 ON 31
DPTR FM NORMAL 113 LOWEST SLP 29.47 ON 30
[REMARKS]
#FINAL-10-20#