000
CXUS53 KGRB 020005
CLSRHI
CLIMATE REPORT
NATIONAL WEATHER SERVICE GREEN BAY
605 PM CST TUE MAR 01 2022
...................................
...THE RHINELANDER WI CLIMATE SUMMARY FOR THE SEASON, FROM
12/1/2021 TO 2/28/2022...
CLIMATE NORMAL PERIOD: 1991 TO 2020
CLIMATE RECORD PERIOD: 1908 TO 2022
WEATHER OBSERVED NORMAL DEPART LAST YEAR`S
VALUE DATE(S) VALUE FROM VALUE DATE(S)
NORMAL
................................................................
TEMPERATURE (F)
RECORD
HIGH 62 12/02/1998
LOW -42 02/03/1996
HIGHEST 54 12/15 48 6 48 12/10
LOWEST -27 01/26 -27 0 -33 02/15
AVG. MAXIMUM 22.8 25.6 -2.8 24.7
AVG. MINIMUM 1.8 6.6 -4.8 6.6
MEAN 12.3 16.1 -3.8 15.7
DAYS MAX >= 90 0 0.0 0.0 MM
DAYS MAX <= 32 30 68.9 -38.9 MM
DAYS MIN <= 32 61 88.4 -27.4 90
DAYS MIN <= 0 23 30.9 -7.9 27
PRECIPITATION (INCHES)
RECORD
MAXIMUM 7.94 2005
MINIMUM 0.93 1958
TOTALS 3.92 2.82 1.10 3.34
DAILY AVG. 0.04 0.03 0.02 0.04
DAYS >= .01 30 27.3 2.7 MM
DAYS >= .10 7 9.2 -2.2 MM
DAYS >= .50 2 0.8 1.2 MM
DAYS >= 1.00 0 0.2 -0.2 MM
SNOWFALL (INCHES)
RECORDS
TOTAL 79.0 1969
24 HR TOTAL 8.4
TOTALS 58.5 MM MM 37.0
SINCE 7/1 68.9 MM MM 49.9
DAYS >= TRACE 41 MM MM MM
DAYS >= 1.0 9 MM MM MM
GREATEST
SNOW DEPTH 14 12/10 16 02/04
12/11
24 HR TOTAL MM
DEGREE DAYS
HEATING TOTAL 4707 4400 307 4392
SINCE 7/1 6440 6460 -20 6512
COOLING TOTAL 0 0 0 0
SINCE 1/1 0 0 0 0
FREEZE DATES
RECORD
EARLIEST 08/27/1915
LATEST 07/30/1928
EARLIEST 10/17
LATEST 05/29
................................................................
WIND (MPH)
AVERAGE WIND SPEED 7.8
RESULTANT WIND SPEED/DIRECTION 3/250
HIGHEST WIND SPEED/DIRECTION 41/230 DATE 12/16
HIGHEST GUST SPEED/DIRECTION 76/220 DATE 12/16
SKY COVER
POSSIBLE SUNSHINE (PERCENT) MM
AVERAGE SKY COVER 0.62
NUMBER OF DAYS FAIR 15
NUMBER OF DAYS PC 18
NUMBER OF DAYS CLOUDY 29
AVERAGE RH (PERCENT) 72
WEATHER CONDITIONS. NUMBER OF DAYS WITH
THUNDERSTORM 1 MIXED PRECIP 0
HEAVY RAIN 1 RAIN 1
LIGHT RAIN 5 FREEZING RAIN 0
LT FREEZING RAIN 3 HAIL 0
HEAVY SNOW 5 SNOW 8
LIGHT SNOW 40 SLEET 0
FOG 30 FOG W/VIS <= 1/4 MILE 7
HAZE 28
- INDICATES NEGATIVE NUMBERS.
R INDICATES RECORD WAS SET OR TIED.
MM INDICATES DATA IS MISSING.
T INDICATES TRACE AMOUNT.
$$