000
CXUS56 KSGX 011145
CF6RIV
PRELIMINARY LOCAL CLIMATOLOGICAL DATA (WS FORM: F-6)
STATION: RIVERSIDE/MARCH ARB CA
MONTH: NOVEMBER
YEAR: 2022
LATITUDE: 33 53 N
LONGITUDE: 117-15 E
TEMPERATURE IN F: :PCPN: SNOW: WIND :SUNSHINE: SKY :PK WND
================================================================================
1 2 3 4 5 6A 6B 7 8 9 10 11 12 13 14 15 16 17 18
12Z AVG MX 2MIN
DY MAX MIN AVG DEP HDD CDD WTR SNW DPTH SPD SPD DIR MIN PSBL S-S WX SPD DR
================================================================================
1 76 49 63 M 2 0 0.00 M M 5.7 17 160 M M 3 18 190
2 66 45 56 M 9 0 0.01 M M 6.6 13 150 M M 5 1 M M
3 61 42 52 M 13 0 0.00 M M 5.9 13 320 M M 1 M M
4 68 37 53 M 12 0 0.00 M M 2.6 7 310 M M 0 M M
5 71 41 56 M 9 0 0.00 M M 2.5 9 310 M M 0 M M
6 71 44 58 M 7 0 0.00 M M 1.6 12 140 M M 0 1 M M
7 67 51 59 M 6 0 0.01 M M 7.8 16 190 M M 8 1 17 230
8 61 48 55 M 10 0 1.23 M M 11.0 21 160 M M 9 1 30 270
9 58 45 52 M 13 0 0.07 M M 4.7 12 150 M M 4 1 M M
10 66 38 52 M 13 0 0.00 M M 3.0 13 320 M M 1 12 M M
11 67 40 54 M 11 0 0.00 M M 4.9 17 60 M M 0 21 50
12 67 38 53 M 12 0 0.00 M M 1.4 9 310 M M 0 M M
13 63 38 51 M 14 0 0.00 M M 6.4 22 350 M M 0 31 340
14 68 37 53 M 12 0 0.00 M M 1.5 7 300 M M 0 M M
15 69 41 55 M 10 0 0.00 M M 6.4 15 50 M M 0 22 40
16 68 42 55 M 10 0 0.00 M M 6.2 14 80 M M 0 23 40
17 73 37 55 M 10 0 0.00 M M 3.6 10 330 M M 0 M M
18 71 37 54 M 11 0 0.00 M M 3.0 15 330 M M 0 M M
19 68 43 56 M 9 0 0.00 M M 7.8 13 10 M M 0 M M
20 73 42 58 M 7 0 0.00 M M 4.7 12 330 M M 0 M M
21 73 34 54 M 11 0 0.00 M M 2.8 8 80 M M 0 M M
22 72 36 54 M 11 0 0.00 M M 1.4 9 330 M M 0 M M
23 75 33 54 M 11 0 0.00 M M 2.0 9 320 M M 0 M M
24 72 38 55 M 10 0 0.00 M M 8.3 17 50 M M 0 23 50
25 73 40 57 M 8 0 0.00 M M 4.7 13 110 M M 0 17 70
26 71 35 53 M 12 0 0.00 M M 1.6 8 320 M M 0 M M
27 74 35 55 M 10 0 0.00 M M 1.3 8 290 M M 0 M M
28 58 43 51 M 14 0 0.00 M M 4.4 10 150 M M 7 12 M M
29 67 42 55 M 10 0 0.00 M M 2.2 7 130 M M 3 M M
30 61 37 49 M 16 0 T M M 1.1 7 310 M M 4 12 M M
================================================================================
SM 2048 1208 313 0 1.32 M 126.9 M 45
================================================================================
AV 68.3 40.3 4.2 FASTST M M 2 MAX(MPH)
MISC ----> 22 350 31 340
================================================================================
NOTES:
# LAST OF SEVERAL OCCURRENCES
COLUMN 17 PEAK WIND IN M.P.H.
PRELIMINARY LOCAL CLIMATOLOGICAL DATA (WS FORM: F-6) , PAGE 2
STATION: RIVERSIDE/MARCH ARB CA
MONTH: NOVEMBER
YEAR: 2022
LATITUDE: 33 53 N
LONGITUDE: 117-15 E
[TEMPERATURE DATA] [PRECIPITATION DATA] SYMBOLS USED IN COLUMN 16
AVERAGE MONTHLY: 54.3 TOTAL FOR MONTH: 1.32 1 = FOG OR MIST
DPTR FM NORMAL: 0.0 DPTR FM NORMAL: M 2 = FOG REDUCING VISIBILITY
HIGHEST: 76 ON 1 GRTST 24HR 1.23 ON 8- 8 TO 1/4 MILE OR LESS
LOWEST: 33 ON 23 3 = THUNDER
SNOW, ICE PELLETS, HAIL 4 = ICE PELLETS
TOTAL MONTH: M 5 = HAIL
GRTST 24HR M ON M 6 = FREEZING RAIN OR DRIZZLE
GRTST DEPTH: M ON M 7 = DUSTSTORM OR SANDSTORM:
VSBY 1/2 MILE OR LESS
8 = SMOKE OR HAZE
[NO. OF DAYS WITH] [WEATHER - DAYS WITH] 9 = BLOWING SNOW
X = TORNADO
MAX 32 OR BELOW: 0 0.01 INCH OR MORE: 4
MAX 90 OR ABOVE: 0 0.10 INCH OR MORE: 1
MIN 32 OR BELOW: 0 0.50 INCH OR MORE: 1
MIN 0 OR BELOW: 0 1.00 INCH OR MORE: 1
[HDD (BASE 65) ]
TOTAL THIS MO. 313 CLEAR (SCALE 0-3) 24
DPTR FM NORMAL M PTCLDY (SCALE 4-7) 5
TOTAL FM JUL 1 338 CLOUDY (SCALE 8-10) 1
DPTR FM NORMAL M
[CDD (BASE 65) ]
TOTAL THIS MO. 0
DPTR FM NORMAL M [PRESSURE DATA]
TOTAL FM JAN 1 2162 HIGHEST SLP M ON M
DPTR FM NORMAL M LOWEST SLP M ON M
[REMARKS]
#FINAL-11-22#