000
CXUS56 KSGX 011245
CF6RIV
PRELIMINARY LOCAL CLIMATOLOGICAL DATA (WS FORM: F-6)
STATION: RIVERSIDE/MARCH FIELD CA
MONTH: OCTOBER
YEAR: 2020
LATITUDE: 33 54 N
LONGITUDE: 117 15 W
TEMPERATURE IN F: :PCPN: SNOW: WIND :SUNSHINE: SKY :PK WND
================================================================================
1 2 3 4 5 6A 6B 7 8 9 10 11 12 13 14 15 16 17 18
12Z AVG MX 2MIN
DY MAX MIN AVG DEP HDD CDD WTR SNW DPTH SPD SPD DIR MIN PSBL S-S WX SPD DR
================================================================================
1 104 54 79 M 0 14 0.00 0.0 0 3.5 15 280 M M 0 M M
2 104 53 79 M 0 14 0.00 0.0 0 2.8 14 300 M M 0 M M
3 100 52 76 M 0 11 0.00 0.0 0 2.8 12 290 M M 0 M M
4 96 52 74 M 0 9 0.00 0.0 0 2.4 10 290 M M 0 M M
5 96 55 76 M 0 11 0.00 0.0 0 3.6 12 310 M M 0 M M
6 94 52 73 M 0 8 0.00 0.0 0 2.8 10 300 M M 0 8 M M
7 92 51 72 M 0 7 0.00 0.0 0 3.5 12 300 M M 0 1 M M
8 78 57 68 M 0 3 0.00 0.0 0 2.8 10 290 M M 5 18 M M
9 77 56 67 M 0 2 0.00 0.0 0 3.6 9 310 M M 4 18 M M
10 78 58 68 M 0 3 0.00 0.0 0 3.7 12 310 M M 4 M M
11 82 52 67 M 0 2 0.00 0.0 0 3.3 10 290 M M 2 18 M M
12 97 50 74 M 0 9 0.00 0.0 0 3.2 10 290 M M 0 M M
13 98 52 75 M 0 10 0.00 0.0 0 2.5 10 310 M M 0 M M
14 100 49 75 M 0 10 0.00 0.0 0 1.7 12 310 M M 0 8 M M
15 99 51 75 M 0 10 0.00 0.0 0 3.9 13 300 M M 0 M M
16 99 53 76 M 0 11 0.00 0.0 0 4.3 15 330 M M 0 M M
17 95 50 73 M 0 8 0.00 0.0 0 3.2 14 310 M M 0 M M
18 89 50 70 M 0 5 0.00 0.0 0 3.2 13 310 M M 0 M M
19 87 50 69 M 0 4 0.00 0.0 0 3.3 10 290 M M 0 M M
20 87 53 70 M 0 5 0.00 0.0 0 3.7 10 290 M M 1 12 M M
21 80 52 66 M 0 1 0.00 0.0 0 3.5 9 310 M M 4 128 M M
22 76 51 64 M 1 0 0.00 0.0 0 3.0 10 290 M M 4 18 M M
23 74 55 65 M 0 0 0.00 0.0 0 3.3 9 300 M M 4 M M
24 72 56 64 M 1 0 0.00 0.0 0 3.5 10 300 M M 6 8 M M
25 67 52 60 M 5 0 T 0.0 0 6.0 13 290 M M 7 M M
26 67 49 58 M 7 0 0.00 0.0 0 15.7 31 340 M M 0 45 340
27 77 40 59 M 6 0 0.00 0.0 0 5.6 17 350 M M 0 25 350
28 80 38 59 M 6 0 0.00 0.0 0 2.6 12 300 M M 0 M M
29 87 37 62 M 3 0 0.00 0.0 0 1.2 7 110 M M 0 M M
30 87 40 64 M 1 0 0.00 0.0 0 2.3 14 300 M M 0 M M
31 91 40 66 M 0 1 0.00 0.0 0 3.3 15 100 M M 1 M M
================================================================================
SM 2710 1560 30 158 T 0.0 113.8 M 42
================================================================================
AV 87.4 50.3 3.7 FASTST M M 1 MAX(MPH)
MISC ----> # 31 340 # 45 340
================================================================================
NOTES:
# LAST OF SEVERAL OCCURRENCES
COLUMN 17 PEAK WIND IN M.P.H.
PRELIMINARY LOCAL CLIMATOLOGICAL DATA (WS FORM: F-6) , PAGE 2
STATION: RIVERSIDE/MARCH FIELD CA
MONTH: OCTOBER
YEAR: 2020
LATITUDE: 33 54 N
LONGITUDE: 117 15 W
[TEMPERATURE DATA] [PRECIPITATION DATA] SYMBOLS USED IN COLUMN 16
AVERAGE MONTHLY: 68.9 TOTAL FOR MONTH: T 1 = FOG OR MIST
DPTR FM NORMAL: M DPTR FM NORMAL: M 2 = FOG REDUCING VISIBILITY
HIGHEST: 104 ON 2, 1 GRTST 24HR T ON 25-25 TO 1/4 MILE OR LESS
LOWEST: 37 ON 29 3 = THUNDER
SNOW, ICE PELLETS, HAIL 4 = ICE PELLETS
TOTAL MONTH: 0.0 INCH 5 = HAIL
GRTST 24HR 0.0 6 = FREEZING RAIN OR DRIZZLE
GRTST DEPTH: 0 7 = DUSTSTORM OR SANDSTORM:
VSBY 1/2 MILE OR LESS
8 = SMOKE OR HAZE
[NO. OF DAYS WITH] [WEATHER - DAYS WITH] 9 = BLOWING SNOW
X = TORNADO
MAX 32 OR BELOW: 0 0.01 INCH OR MORE: 0
MAX 90 OR ABOVE: 14 0.10 INCH OR MORE: 0
MIN 32 OR BELOW: 0 0.50 INCH OR MORE: 0
MIN 0 OR BELOW: 0 1.00 INCH OR MORE: 0
[HDD (BASE 65) ]
TOTAL THIS MO. 30 CLEAR (SCALE 0-3) 23
DPTR FM NORMAL M PTCLDY (SCALE 4-7) 8
TOTAL FM JUL 1 30 CLOUDY (SCALE 8-10) 0
DPTR FM NORMAL M
[CDD (BASE 65) ]
TOTAL THIS MO. 158
DPTR FM NORMAL M [PRESSURE DATA]
TOTAL FM JAN 1 1687 HIGHEST SLP M ON M
DPTR FM NORMAL M LOWEST SLP M ON M
[REMARKS]
#FINAL-10-20#