000
CXUS55 KRIW 011010
CF6RIW
PRELIMINARY LOCAL CLIMATOLOGICAL DATA (WS FORM: F-6)
STATION: RIVERTON WY
MONTH: MAY
YEAR: 2023
LATITUDE: 43 2 N
LONGITUDE: 108 27 W
TEMPERATURE IN F: :PCPN: SNOW: WIND :SUNSHINE: SKY :PK WND
================================================================================
1 2 3 4 5 6A 6B 7 8 9 10 11 12 13 14 15 16 17 18
12Z AVG MX 2MIN
DY MAX MIN AVG DEP HDD CDD WTR SNW DPTH SPD SPD DIR MIN PSBL S-S WX SPD DR
================================================================================
1 75 38 57 9 8 0 0.00 0.0 0 7.5 21 100 M M 0 32 80
2 76 37 57 9 8 0 0.00 0.0 0 8.3 28 200 M M 0 40 200
3 76 49 63 15 2 0 0.00 0.0 0 8.2 23 120 M M 0 36 160
4 72 42 57 8 8 0 0.00 0.0 0 10.4 36 210 M M 1 46 210
5 67 39 53 4 12 0 0.00 0.0 M 11.9 38 210 M M 1 49 210
6 63 35 49 0 16 0 0.00 0.0 0 8.1 24 230 M M 3 32 220
7 64 35 50 0 15 0 0.00 0.0 0 9.9 22 290 M M 1 34 300
8 66 35 51 1 14 0 0.02 0.0 0 8.3 23 260 M M 2 32 260
9 71 36 54 3 11 0 0.00 0.0 0 7.7 24 270 M M 1 32 270
10 64 40 52 1 13 0 0.06 0.0 0 9.5 24 40 M M 5 33 40
11 58 45 52 1 13 0 T 0.0 0 12.0 23 10 M M 9 32 20
12 60 40 50 -2 15 0 0.00 0.0 0 14.7 25 20 M M 9 36 10
13 58 45 52 0 13 0 0.00 0.0 0 13.1 23 10 M M 9 30 20
14 55 44 50 -2 15 0 0.06 0.0 0 7.4 16 90 M M 10 18 23 90
15 71 46 59 6 6 0 0.00 0.0 0 4.6 12 200 M M 6 17 200
16 78 46 62 9 3 0 T 0.0 0 11.2 26 310 M M 4 43 310
17 73 48 61 7 4 0 0.01 0.0 0 10.4 30 10 M M 3 3 38 10
18 64 46 55 1 10 0 0.01 0.0 0 6.0 16 50 M M 7 18 21 50
19 70 37 54 0 11 0 0.00 0.0 0 5.4 12 90 M M 0 18 19 110
20 78 42 60 5 5 0 0.00 0.0 0 7.3 17 310 M M 1 23 320
21 80 47 64 9 1 0 0.00 0.0 0 5.8 14 290 M M 0 19 110
22 81 45 63 7 2 0 0.00 0.0 0 9.5 26 310 M M 1 36 310
23 77 45 61 5 4 0 T 0.0 0 7.1 24 220 M M 3 31 220
24 78 49 64 8 1 0 T 0.0 0 7.3 23 170 M M 3 3 29 170
25 76 49 63 7 2 0 0.06 0.0 0 8.7 23 250 M M 2 3 29 250
26 73 45 59 2 6 0 0.01 0.0 0 9.0 44 290 M M 2 3 59 290
27 74 40 57 0 8 0 T 0.0 0 8.9 29 310 M M 2 3 39 310
28 73 44 59 1 6 0 T 0.0 0 9.6 23 210 M M 2 31 220
29 75 51 63 5 2 0 0.00 0.0 0 12.3 25 270 M M 0 31 270
30 77 45 61 3 4 0 0.09 0.0 0 6.8 32 270 M M 1 3 39 270
31 80 45 63 5 2 0 0.00 0.0 0 8.2 23 10 M M 0 30 10
================================================================================
SM 2203 1330 240 0 0.32 0.0 275.1 M 88
================================================================================
AV 71.1 42.9 8.9 FASTST M M 3 MAX(MPH)
MISC ----> 44 290 59 290
================================================================================
NOTES:
# LAST OF SEVERAL OCCURRENCES
COLUMN 17 PEAK WIND IN M.P.H.
PRELIMINARY LOCAL CLIMATOLOGICAL DATA (WS FORM: F-6) , PAGE 2
STATION: RIVERTON WY
MONTH: MAY
YEAR: 2023
LATITUDE: 43 2 N
LONGITUDE: 108 27 W
[TEMPERATURE DATA] [PRECIPITATION DATA] SYMBOLS USED IN COLUMN 16
AVERAGE MONTHLY: 57.0 TOTAL FOR MONTH: 0.32 1 = FOG OR MIST
DPTR FM NORMAL: 3.8 DPTR FM NORMAL: -1.60 2 = FOG REDUCING VISIBILITY
HIGHEST: 81 ON 22 GRTST 24HR 0.09 ON 30-30 TO 1/4 MILE OR LESS
LOWEST: 35 ON 8, 7 3 = THUNDER
SNOW, ICE PELLETS, HAIL 4 = ICE PELLETS
TOTAL MONTH: 0.0 INCH 5 = HAIL
GRTST 24HR 0.0 6 = FREEZING RAIN OR DRIZZLE
GRTST DEPTH: 0 7 = DUSTSTORM OR SANDSTORM:
VSBY 1/2 MILE OR LESS
8 = SMOKE OR HAZE
[NO. OF DAYS WITH] [WEATHER - DAYS WITH] 9 = BLOWING SNOW
X = TORNADO
MAX 32 OR BELOW: 0 0.01 INCH OR MORE: 8
MAX 90 OR ABOVE: 0 0.10 INCH OR MORE: 0
MIN 32 OR BELOW: 0 0.50 INCH OR MORE: 0
MIN 0 OR BELOW: 0 1.00 INCH OR MORE: 0
[HDD (BASE 65) ]
TOTAL THIS MO. 240 CLEAR (SCALE 0-3) 22
DPTR FM NORMAL -135 PTCLDY (SCALE 4-7) 5
TOTAL FM JUL 1 9067 CLOUDY (SCALE 8-10) 4
DPTR FM NORMAL 1255
[CDD (BASE 65) ]
TOTAL THIS MO. 0
DPTR FM NORMAL -8 [PRESSURE DATA]
TOTAL FM JAN 1 0 HIGHEST SLP 30.48 ON 14
DPTR FM NORMAL -8 LOWEST SLP 29.61 ON 4
[REMARKS]
#FINAL-05-23#