000
CXUS55 KRIW 050356
CF6RIW
PRELIMINARY LOCAL CLIMATOLOGICAL DATA (WS FORM: F-6)
STATION: RIVERTON WY
MONTH: JANUARY
YEAR: 2022
LATITUDE: 43 2 N
LONGITUDE: 108 27 W
TEMPERATURE IN F: :PCPN: SNOW: WIND :SUNSHINE: SKY :PK WND
================================================================================
1 2 3 4 5 6A 6B 7 8 9 10 11 12 13 14 15 16 17 18
12Z AVG MX 2MIN
DY MAX MIN AVG DEP HDD CDD WTR SNW DPTH SPD SPD DIR MIN PSBL S-S WX SPD DR
================================================================================
1 20 -6 7 -11 58 0 T T T 4.7 10 230 M M 2 15 250
2 30 13 22 4 43 0 0.00 0.0 T 10.0 20 170 M M 0 28 270
3 35 8 22 4 43 0 0.00 0.0 T 4.7 12 320 M M 0 16 270
4 37 18 28 10 37 0 0.00 0.0 0 15.4 33 320 M M 4 42 310
5 24 -2 11 -7 54 0 0.21 2.7 0 9.2 20 80 M M 10 12 27 80
6 7 -9 -1 -20 66 0 0.00 0.0 2 1.5 7 40 M M 1 9 110
7 44 0 22 3 43 0 0.00 0.0 2 6.9 18 260 M M 0 24 260
8 37 19 28 9 37 0 0.00 0.0 2 16.6 30 320 M M 0 43 310
9 30 5 18 -1 47 0 0.00 0.0 2 6.2 25 270 M M 0 30 270
10 31 4 18 -1 47 0 0.00 0.0 2 2.9 10 240 M M 0 12 250
11 36 5 21 2 44 0 0.00 0.0 1 5.6 22 320 M M 0 31 310
12 54 21 38 19 27 0 0.00 0.0 1 9.4 30 290 M M 0 44 300
13 38 24 31 12 34 0 0.00 0.0 0 5.8 17 270 M M 0 20 280
14 39 20 30 11 35 0 T T 0 12.9 32 20 M M 7 47 10
15 31 11 21 2 44 0 0.00 0.0 0 3.9 10 70 M M 0 13 70
16 41 13 27 8 38 0 0.00 0.0 0 2.7 9 230 M M 0 13 60
17 37 19 28 9 37 0 0.00 0.0 0 3.9 12 160 M M 0 13 200
18 48 19 34 15 31 0 0.00 0.0 0 7.5 17 60 M M 1 23 50
19 22 12 17 -3 48 0 T T 0 6.2 16 70 M M 8 22 70
20 30 12 21 1 44 0 0.00 0.0 0 3.1 14 230 M M 7 12 20 250
21 39 21 30 10 35 0 T T 0 7.8 24 10 M M 5 32 20
22 40 11 26 6 39 0 0.00 0.0 0 4.5 10 330 M M 0 13 160
23 43 13 28 8 37 0 0.00 0.0 0 6.8 26 320 M M 0 38 310
24 41 21 31 11 34 0 0.03 1.0 0 8.3 26 320 M M 2 1 36 320
25 33 14 24 4 41 0 0.02 0.5 2 9.8 20 360 M M 6 1 27 360
26 31 10 21 1 44 0 0.00 0.0 T 5.4 13 320 M M 0 15 320
27 32 12 22 2 43 0 0.02 0.2 T 6.9 21 10 M M 5 1 29 20
28 37 6 22 2 43 0 0.00 0.0 T 4.5 17 180 M M 0 22 180
29 41 5 23 3 42 0 0.00 0.0 T 4.2 18 160 M M 0 23 170
30 42 9 26 6 39 0 0.00 0.0 T 6.0 23 290 M M 0 29 280
31 44 17 31 11 34 0 0.00 0.0 0 17.1 41 260 M M 0 55 260
================================================================================
SM 1094 345 1288 0 0.28 4.4 220.4 M 58
================================================================================
AV 35.3 11.1 7.1 FASTST M M 2 MAX(MPH)
MISC ----> 41 260 55 260
================================================================================
NOTES:
# LAST OF SEVERAL OCCURRENCES
COLUMN 17 PEAK WIND IN M.P.H.
PRELIMINARY LOCAL CLIMATOLOGICAL DATA (WS FORM: F-6) , PAGE 2
STATION: RIVERTON WY
MONTH: JANUARY
YEAR: 2022
LATITUDE: 43 2 N
LONGITUDE: 108 27 W
[TEMPERATURE DATA] [PRECIPITATION DATA] SYMBOLS USED IN COLUMN 16
AVERAGE MONTHLY: 23.2 TOTAL FOR MONTH: 0.28 1 = FOG OR MIST
DPTR FM NORMAL: 4.0 DPTR FM NORMAL: -0.01 2 = FOG REDUCING VISIBILITY
HIGHEST: 54 ON 12 GRTST 24HR 0.21 ON 5- 5 TO 1/4 MILE OR LESS
LOWEST: -9 ON 6 3 = THUNDER
SNOW, ICE PELLETS, HAIL 4 = ICE PELLETS
TOTAL MONTH: 4.4 INCHES 5 = HAIL
GRTST 24HR 2.7 ON 5- 5 6 = FREEZING RAIN OR DRIZZLE
GRTST DEPTH: 2 ON 25,10 7 = DUSTSTORM OR SANDSTORM:
VSBY 1/2 MILE OR LESS
8 = SMOKE OR HAZE
[NO. OF DAYS WITH] [WEATHER - DAYS WITH] 9 = BLOWING SNOW
X = TORNADO
MAX 32 OR BELOW: 11 0.01 INCH OR MORE: 4
MAX 90 OR ABOVE: 0 0.10 INCH OR MORE: 1
MIN 32 OR BELOW: 31 0.50 INCH OR MORE: 0
MIN 0 OR BELOW: 4 1.00 INCH OR MORE: 0
[HDD (BASE 65) ]
TOTAL THIS MO. 1288 CLEAR (SCALE 0-3) 23
DPTR FM NORMAL -130 PTCLDY (SCALE 4-7) 7
TOTAL FM JUL 1 3859 CLOUDY (SCALE 8-10) 1
DPTR FM NORMAL -864
[CDD (BASE 65) ]
TOTAL THIS MO. 0
DPTR FM NORMAL 0 [PRESSURE DATA]
TOTAL FM JAN 1 0 HIGHEST SLP 30.79 ON 10
DPTR FM NORMAL 0 LOWEST SLP 29.58 ON 8
[REMARKS]
#FINAL-01-22#