000
CXUS55 KRIW 010945
CF6RIW
PRELIMINARY LOCAL CLIMATOLOGICAL DATA (WS FORM: F-6)
STATION: RIVERTON WY
MONTH: MARCH
YEAR: 2020
LATITUDE: 43 2 N
LONGITUDE: 108 27 W
TEMPERATURE IN F: :PCPN: SNOW: WIND :SUNSHINE: SKY :PK WND
================================================================================
1 2 3 4 5 6A 6B 7 8 9 10 11 12 13 14 15 16 17 18
12Z AVG MX 2MIN
DY MAX MIN AVG DEP HDD CDD WTR SNW DPTH SPD SPD DIR MIN PSBL S-S WX SPD DR
================================================================================
1 30 10 20 -10 45 0 0.17 2.2 7 10.5 23 10 M M 6 12 28 20
2 34 6 20 -10 45 0 0.00 0.0 9 16.3 43 310 M M 0 55 310
3 45 26 36 6 29 0 0.00 0.0 8 19.4 45 310 M M 0 59 310
4 46 21 34 3 31 0 0.00 0.0 5 12.9 29 260 M M 0 37 260
5 35 18 27 -4 38 0 0.00 0.0 3 5.2 21 40 M M 0 28 40
6 35 19 27 -5 38 0 0.00 0.0 3 3.2 9 320 M M 0 11 320
7 50 23 37 5 28 0 0.00 0.0 3 6.0 24 180 M M 0 34 180
8 51 25 38 5 27 0 0.00 0.0 1 7.8 18 70 M M 0 22 70
9 43 20 32 -1 33 0 0.00 0.0 T 4.6 13 300 M M 4 12 15 310
10 51 26 39 5 26 0 0.00 0.0 0 9.7 23 300 M M 0 33 300
11 57 26 42 8 23 0 0.00 0.0 0 12.0 32 260 M M 0 42 250
12 40 21 31 -3 34 0 0.06 0.6 0 7.8 21 360 M M 6 1 27 10
13 33 19 26 -9 39 0 T T 0 6.8 17 110 M M 8 1 22 110
14 50 22 36 1 29 0 0.00 0.0 0 5.5 15 160 M M 1 20 180
15 56 25 41 6 24 0 0.00 0.0 0 6.6 16 350 M M 1 21 320
16 41 22 32 -4 33 0 0.00 0.0 0 8.0 13 50 M M 6 12 18 50
17 48 22 35 -1 30 0 0.00 0.0 0 4.1 12 40 M M 4 15 40
18 49 27 38 2 27 0 0.00 0.0 0 7.7 21 50 M M 3 32 60
19 33 23 28 -9 37 0 0.03 0.1 T 8.3 18 90 M M 9 1 24 90
20 40 22 31 -6 34 0 0.00 0.0 T 4.2 10 60 M M 8 13 210
21 52 22 37 0 28 0 0.00 0.0 0 6.2 18 280 M M 3 24 280
22 52 27 40 2 25 0 0.00 0.0 0 11.9 23 300 M M 3 34 320
23 56 22 39 1 26 0 0.00 0.0 0 7.3 21 260 M M 1 27 240
24 55 28 42 4 23 0 0.00 0.0 0 7.6 26 230 M M 2 37 230
25 50 31 41 3 24 0 0.01 T 0 9.9 25 250 M M 6 1 35 240
26 50 28 39 0 26 0 0.00 0.0 0 12.6 24 310 M M 6 34 310
27 45 24 35 -4 30 0 0.00 0.0 0 12.2 25 300 M M 0 36 310
28 50 21 36 -3 29 0 0.00 0.0 0 11.8 26 300 M M 2 36 300
29 52 23 38 -2 27 0 0.00 0.0 0 8.3 16 280 M M 0 22 310
30 58 26 42 2 23 0 0.00 0.0 0 9.2 23 260 M M 1 31 250
31 60 27 44 4 21 0 0.00 0.0 0 10.8 30 210 M M 2 43 290
================================================================================
SM 1447 702 932 0 0.27 2.9 274.4 M 82
================================================================================
AV 46.7 22.7 8.9 FASTST M M 3 MAX(MPH)
MISC ----> # 45 310 # 59 310
================================================================================
NOTES:
# LAST OF SEVERAL OCCURRENCES
COLUMN 17 PEAK WIND IN M.P.H.
PRELIMINARY LOCAL CLIMATOLOGICAL DATA (WS FORM: F-6) , PAGE 2
STATION: RIVERTON WY
MONTH: MARCH
YEAR: 2020
LATITUDE: 43 2 N
LONGITUDE: 108 27 W
[TEMPERATURE DATA] [PRECIPITATION DATA] SYMBOLS USED IN COLUMN 16
AVERAGE MONTHLY: 34.7 TOTAL FOR MONTH: 0.27 1 = FOG OR MIST
DPTR FM NORMAL: -0.7 DPTR FM NORMAL: -0.28 2 = FOG REDUCING VISIBILITY
HIGHEST: 60 ON 31 GRTST 24HR 0.17 ON 1- 1 TO 1/4 MILE OR LESS
LOWEST: 6 ON 2 3 = THUNDER
SNOW, ICE PELLETS, HAIL 4 = ICE PELLETS
TOTAL MONTH: 2.9 INCHES 5 = HAIL
GRTST 24HR 2.2 ON 1- 1 6 = FREEZING RAIN OR DRIZZLE
GRTST DEPTH: 9 ON 2 7 = DUSTSTORM OR SANDSTORM:
VSBY 1/2 MILE OR LESS
8 = SMOKE OR HAZE
[NO. OF DAYS WITH] [WEATHER - DAYS WITH] 9 = BLOWING SNOW
X = TORNADO
MAX 32 OR BELOW: 1 0.01 INCH OR MORE: 4
MAX 90 OR ABOVE: 0 0.10 INCH OR MORE: 1
MIN 32 OR BELOW: 31 0.50 INCH OR MORE: 0
MIN 0 OR BELOW: 0 1.00 INCH OR MORE: 0
[HDD (BASE 65) ]
TOTAL THIS MO. 932 CLEAR (SCALE 0-3) 21
DPTR FM NORMAL 14 PTCLDY (SCALE 4-7) 8
TOTAL FM JUL 1 7471 CLOUDY (SCALE 8-10) 2
DPTR FM NORMAL 699
[CDD (BASE 65) ]
TOTAL THIS MO. 0
DPTR FM NORMAL 0 [PRESSURE DATA]
TOTAL FM JAN 1 0 HIGHEST SLP 30.46 ON 5
DPTR FM NORMAL 0 LOWEST SLP 29.60 ON 26
[REMARKS]
#FINAL-03-20#