549
CXUS55 KRIW 021918
CF6RIW
PRELIMINARY LOCAL CLIMATOLOGICAL DATA (WS FORM: F-6)
STATION: RIVERTON WY
MONTH: FEBRUARY
YEAR: 2020
LATITUDE: 43 2 N
LONGITUDE: 108 27 W
TEMPERATURE IN F: :PCPN: SNOW: WIND :SUNSHINE: SKY :PK WND
================================================================================
1 2 3 4 5 6A 6B 7 8 9 10 11 12 13 14 15 16 17 18
12Z AVG MX 2MIN
DY MAX MIN AVG DEP HDD CDD WTR SNW DPTH SPD SPD DIR MIN PSBL S-S WX SPD DR
================================================================================
1 47 19 33 12 32 0 0.00 0.0 5 10.3 33 260 M M 0 44 270
2 44 18 31 10 34 0 0.08 1.4 4 13.1 28 20 M M 2 1 37 30
3 18 10 14 -7 51 0 0.48 7.2 8 9.3 26 10 M M 10 12 32 10
4 13 -7 3 -18 62 0 0.03 1.1 10 6.6 17 310 M M 4 1 20 310
5 10 -8 1 -21 64 0 T T 9 3.2 9 360 M M 3 1 11 280
6 23 0 12 -10 53 0 0.03 0.6 9 3.3 10 230 M M 5 18 20 230
7 27 12 20 -2 45 0 0.00 0.0 9 3.2 13 240 M M 8 12 15 300
8 32 15 24 2 41 0 0.03 0.9 9 8.0 33 10 M M 9 1289 42 10
9 22 6 14 -8 51 0 0.00 0.0 9 6.6 26 360 M M 3 37 10
10 26 3 15 -8 50 0 0.02 0.3 9 4.3 13 330 M M 8 1 15 330
11 20 -4 8 -15 57 0 0.00 0.0 9 4.4 12 230 M M 1 18 15 320
12 29 7 18 -5 47 0 T 0.1 9 6.0 13 80 M M 8 1 17 60
13 19 7 13 -10 52 0 0.00 0.0 9 2.5 9 330 M M 7 12 11 330
14 36 -1 18 -6 47 0 0.00 0.0 9 7.4 20 320 M M 3 12 24 320
15 29 7 18 -6 47 0 0.00 0.0 9 7.9 29 280 M M 0 36 270
16 30 9 20 -4 45 0 T 0.1 9 5.9 24 280 M M 2 27 280
17 26 8 17 -8 48 0 0.04 1.0 9 5.5 14 280 M M 4 128 18 280
18 14 -5 5 -20 60 0 0.00 0.0 9 5.8 18 270 M M 2 12 22 270
19 12 -6 3 -23 62 0 0.00 0.0 9 2.5 12 320 M M 1 1 13 320
20 13 -12 1 -25 64 0 0.00 0.0 9 2.5 8 270 M M 2 128 9 260
21 14 -10 2 -24 63 0 0.00 0.0 9 2.4 9 260 M M 0 10 250
22 26 -5 11 -16 54 0 0.00 0.0 8 3.1 10 250 M M 0 11 250
23 25 1 13 -14 52 0 0.00 0.0 8 3.8 14 330 M M 0 16 330
24 34 9 22 -6 43 0 0.07 1.0 8 16.3 32 300 M M 8 128 41 310
25 24 6 15 -13 50 0 0.00 0.0 9 9.1 30 10 M M 3 42 10
26 23 -1 11 -17 54 0 0.00 0.0 8 3.3 14 240 M M 1 17 270
27 32 14 23 -6 42 0 0.00 0.0 8 9.0 28 320 M M 0 35 330
28 34 13 24 -5 41 0 0.00 0.0 7 5.1 13 300 M M 0 18 190
29 44 14 29 0 36 0 0.00 0.0 7 6.2 20 290 M M 0 24 270
================================================================================
SM 746 119 1447 0 0.78 13.7 176.6 M 94
================================================================================
AV 25.7 4.1 6.1 FASTST M M 3 MAX(MPH)
MISC ----> # 33 260 # 44 270
================================================================================
NOTES:
# LAST OF SEVERAL OCCURRENCES
COLUMN 17 PEAK WIND IN M.P.H.
PRELIMINARY LOCAL CLIMATOLOGICAL DATA (WS FORM: F-6) , PAGE 2
STATION: RIVERTON WY
MONTH: FEBRUARY
YEAR: 2020
LATITUDE: 43 2 N
LONGITUDE: 108 27 W
[TEMPERATURE DATA] [PRECIPITATION DATA] SYMBOLS USED IN COLUMN 16
AVERAGE MONTHLY: 14.9 TOTAL FOR MONTH: 0.78 1 = FOG OR MIST
DPTR FM NORMAL: -9.4 DPTR FM NORMAL: 0.51 2 = FOG REDUCING VISIBILITY
HIGHEST: 47 ON 1 GRTST 24HR 0.48 ON 3- 3 TO 1/4 MILE OR LESS
LOWEST: -12 ON 20 3 = THUNDER
SNOW, ICE PELLETS, HAIL 4 = ICE PELLETS
TOTAL MONTH: 13.7 INCHES 5 = HAIL
GRTST 24HR 7.2 ON 3- 3 6 = FREEZING RAIN OR DRIZZLE
GRTST DEPTH: 10 ON 4 7 = DUSTSTORM OR SANDSTORM:
VSBY 1/2 MILE OR LESS
8 = SMOKE OR HAZE
[NO. OF DAYS WITH] [WEATHER - DAYS WITH] 9 = BLOWING SNOW
X = TORNADO
MAX 32 OR BELOW: 23 0.01 INCH OR MORE: 8
MAX 90 OR ABOVE: 0 0.10 INCH OR MORE: 1
MIN 32 OR BELOW: 29 0.50 INCH OR MORE: 0
MIN 0 OR BELOW: 11 1.00 INCH OR MORE: 0
[HDD (BASE 65) ]
TOTAL THIS MO. 1447 CLEAR (SCALE 0-3) 15
DPTR FM NORMAL 308 PTCLDY (SCALE 4-7) 10
TOTAL FM JUL 1 6539 CLOUDY (SCALE 8-10) 4
DPTR FM NORMAL 649
[CDD (BASE 65) ]
TOTAL THIS MO. 0
DPTR FM NORMAL 0 [PRESSURE DATA]
TOTAL FM JAN 1 0 HIGHEST SLP 30.80 ON 20
DPTR FM NORMAL 0 LOWEST SLP 29.53 ON 2
[REMARKS]
#FINAL-02-20#