000
CXUS55 KRIW 011010
CF6RIW
PRELIMINARY LOCAL CLIMATOLOGICAL DATA (WS FORM: F-6)
STATION: RIVERTON WY
MONTH: OCTOBER
YEAR: 2023
LATITUDE: 43 2 N
LONGITUDE: 108 27 W
TEMPERATURE IN F: :PCPN: SNOW: WIND :SUNSHINE: SKY :PK WND
================================================================================
1 2 3 4 5 6A 6B 7 8 9 10 11 12 13 14 15 16 17 18
12Z AVG MX 2MIN
DY MAX MIN AVG DEP HDD CDD WTR SNW DPTH SPD SPD DIR MIN PSBL S-S WX SPD DR
================================================================================
1 69 53 61 9 4 0 0.01 0.0 0 11.4 33 210 M M 3 3 45 200
2 58 42 50 -2 15 0 0.03 0.0 0 10.2 25 150 M M 3 33 150
3 57 38 48 -3 17 0 0.03 0.0 0 6.9 28 20 M M 8 3 39 360
4 65 37 51 1 14 0 0.00 0.0 0 11.7 30 310 M M 3 44 360
5 62 39 51 1 14 0 0.00 0.0 0 6.1 15 350 M M 2 21 350
6 58 39 49 0 16 0 0.00 0.0 0 6.1 14 40 M M 5 17 50
7 66 35 51 2 14 0 0.00 0.0 0 5.8 13 300 M M 0 13 300
8 72 37 55 7 10 0 0.00 0.0 0 5.4 13 310 M M 0 15 320
9 73 39 56 8 9 0 0.00 0.0 0 6.7 14 280 M M 0 17 280
10 71 39 55 7 10 0 T 0.0 0 7.9 21 250 M M 1 27 260
11 65 39 52 5 13 0 1.11 0.0 0 11.9 29 310 M M 6 1 36 320
12 43 38 41 -5 24 0 0.95 0.0 0 12.5 25 360 M M 10 1 36 350
13 47 33 40 -6 25 0 T 0.0 0 4.3 14 20 M M 7 20 20
14 52 31 42 -4 23 0 0.00 0.0 0 3.5 9 300 M M 2 12 12 220
15 60 34 47 2 18 0 0.00 0.0 0 4.7 12 310 M M 0 13 70
16 66 36 51 6 14 0 0.00 0.0 0 4.8 10 300 M M 0 12 30
17 74 40 57 13 8 0 0.00 0.0 0 8.4 31 300 M M 0 45 290
18 64 36 50 6 15 0 0.00 0.0 0 4.6 18 270 M M 0 26 260
19 72 44 58 15 7 0 0.00 0.0 0 7.6 17 300 M M 0 22 310
20 72 46 59 16 6 0 0.00 0.0 0 6.1 16 260 M M 0 19 260
21 66 41 54 12 11 0 0.00 0.0 0 6.7 16 280 M M 0 21 270
22 69 41 55 13 10 0 0.00 0.0 0 5.6 16 260 M M 0 20 270
23 62 42 52 10 13 0 0.00 0.0 0 9.0 23 340 M M 3 31 340
24 60 37 49 8 16 0 0.00 0.0 0 5.7 14 320 M M 0 16 320
25 66 25 46 5 19 0 0.00 0.0 0 11.3 24 350 M M 4 33 350
26 25 16 21 -19 44 0 0.09 0.5 T 9.8 20 60 M M 10 18 27 60
27 29 17 23 -17 42 0 0.00 0.0 T 4.6 12 30 M M 7 16 360
28 26 16 21 -18 44 0 0.01 0.8 T 5.1 14 10 M M 9 1 18 10
29 32 16 24 -15 41 0 0.00 0.0 T 3.1 10 20 M M 5 14 30
30 41 13 27 -11 38 0 0.00 0.0 0 4.5 10 50 M M 0 13 40
31 47 18 33 -5 32 0 0.00 0.0 0 4.1 9 220 M M 0 13 50
================================================================================
SM 1789 1057 586 0 2.23 1.3 216.1 M 88
================================================================================
AV 57.7 34.1 7.0 FASTST M M 3 MAX(MPH)
MISC ----> 33 210 # 45 200
================================================================================
NOTES:
# LAST OF SEVERAL OCCURRENCES
COLUMN 17 PEAK WIND IN M.P.H.
PRELIMINARY LOCAL CLIMATOLOGICAL DATA (WS FORM: F-6) , PAGE 2
STATION: RIVERTON WY
MONTH: OCTOBER
YEAR: 2023
LATITUDE: 43 2 N
LONGITUDE: 108 27 W
[TEMPERATURE DATA] [PRECIPITATION DATA] SYMBOLS USED IN COLUMN 16
AVERAGE MONTHLY: 45.9 TOTAL FOR MONTH: 2.23 1 = FOG OR MIST
DPTR FM NORMAL: 1.2 DPTR FM NORMAL: 1.40 2 = FOG REDUCING VISIBILITY
HIGHEST: 74 ON 17 GRTST 24HR 1.97 ON 11-12 TO 1/4 MILE OR LESS
LOWEST: 13 ON 30 3 = THUNDER
SNOW, ICE PELLETS, HAIL 4 = ICE PELLETS
TOTAL MONTH: 1.3 INCHES 5 = HAIL
GRTST 24HR 0.8 ON 28-28 6 = FREEZING RAIN OR DRIZZLE
GRTST DEPTH: T 7 = DUSTSTORM OR SANDSTORM:
VSBY 1/2 MILE OR LESS
8 = SMOKE OR HAZE
[NO. OF DAYS WITH] [WEATHER - DAYS WITH] 9 = BLOWING SNOW
X = TORNADO
MAX 32 OR BELOW: 4 0.01 INCH OR MORE: 7
MAX 90 OR ABOVE: 0 0.10 INCH OR MORE: 2
MIN 32 OR BELOW: 8 0.50 INCH OR MORE: 2
MIN 0 OR BELOW: 0 1.00 INCH OR MORE: 1
[HDD (BASE 65) ]
TOTAL THIS MO. 586 CLEAR (SCALE 0-3) 19
DPTR FM NORMAL -42 PTCLDY (SCALE 4-7) 8
TOTAL FM JUL 1 722 CLOUDY (SCALE 8-10) 4
DPTR FM NORMAL -149
[CDD (BASE 65) ]
TOTAL THIS MO. 0
DPTR FM NORMAL 0 [PRESSURE DATA]
TOTAL FM JAN 1 401 HIGHEST SLP 30.59 ON 29
DPTR FM NORMAL -98 LOWEST SLP 29.33 ON 11
[REMARKS]
#FINAL-10-23#