000
CXUS52 KFFC 011110
CF6RMG
PRELIMINARY LOCAL CLIMATOLOGICAL DATA (WS FORM: F-6)
STATION: ROME
MONTH: JANUARY
YEAR: 2023
LATITUDE: 34 20 N
LONGITUDE: 85 10 W
TEMPERATURE IN F: :PCPN: SNOW: WIND :SUNSHINE: SKY :PK WND
================================================================================
1 2 3 4 5 6A 6B 7 8 9 10 11 12 13 14 15 16 17 18
12Z AVG MX 2MIN
DY MAX MIN AVG DEP HDD CDD WTR SNW DPTH SPD SPD DIR MIN PSBL S-S WX SPD DR
================================================================================
1 70 47 59 17 6 0 0.05 M M 1.9 10 220 M M 5 12 15 210
2 64 45 55 13 10 0 0.18 M M 0.9 9 150 M M 9 1 13 140
3 73 58 66 24 0 1 1.15 M M 5.7 23 190 M M 9 123 35 210
4 67 45 56 14 9 0 2.34 M M 5.0 21 270 M M 5 13 28 270
5 60 37 49 7 16 0 0.00 M M 5.1 21 260 M M 1 30 280
6 58 32 45 3 20 0 0.00 M M 3.1 12 290 M M 0 18 290
7 58 32 45 3 20 0 T M M 1.9 9 360 M M 7 11 360
8 56 47 52 10 13 0 0.62 M M 2.6 14 340 M M 9 13 18 340
9 55 35 45 3 20 0 0.00 M M 3.2 13 30 M M 1 1 17 40
10 59 29 44 2 21 0 0.00 M M 2.3 10 210 M M 2 12 17 190
11 64 37 51 9 14 0 0.00 M M 1.3 9 230 M M 8 15 230
12 68 52 60 18 5 0 0.74 M M 6.9 29 250 M M 8 138 43 270
13 52 36 44 2 21 0 0.00 M M 11.6 22 340 M M 9 34 330
14 44 31 38 -4 27 0 0.00 M M 9.9 23 360 M M 5 31 350
15 55 28 42 0 23 0 0.00 M M 3.5 12 10 M M 0 16 340
16 59 26 43 1 22 0 0.00 M M 0.9 7 170 M M 2 9 160
17 65 50 58 16 7 0 0.51 M M 3.1 12 330 M M 8 12 17 170
18 67 51 59 17 6 0 0.00 M M 3.8 14 170 M M 10 12 19 150
19 71 54 63 21 2 0 0.04 M M 10.6 21 250 M M 5 1 34 250
20 58 41 50 8 15 0 0.00 M M 6.0 16 290 M M 0 24 310
21 55 33 44 2 21 0 0.05 M M 4.5 10 130 M M 1 16 140
22 47 41 44 2 21 0 0.61 M M 5.5 12 300 M M 10 1 16 300
23 49 28 39 -3 26 0 0.00 M M 6.3 16 340 M M 6 24 330
24 57 24 41 -2 24 0 0.00 M M 3.7 14 120 M M 0 21 120
25 62 42 52 9 13 0 0.76 M M 10.2 21 150 M M 9 1 33 140
26 46 36 41 -2 24 0 T M M 6.9 17 300 M M 9 26 300
27 51 26 39 -4 26 0 0.00 M M 3.2 14 270 M M 0 21 220
28 56 26 41 -2 24 0 0.00 M M 1.5 8 120 M M 2 13 160
29 53 44 49 6 16 0 0.60 M M 1.6 9 160 M M 10 1 12 170
30 57 49 53 10 12 0 0.27 M M 2.6 8 150 M M 10 1 9 170
31 59 53 56 12 9 0 0.31 M M 2.2 9 300 M M 10 12 14 300
================================================================================
SM 1815 1215 493 1 8.23 M 137.5 M 170
================================================================================
AV 58.5 39.2 4.4 FASTST M M 5 MAX(MPH)
MISC ----> 29 250 43 270
================================================================================
NOTES:
# LAST OF SEVERAL OCCURRENCES
COLUMN 17 PEAK WIND IN M.P.H.
PRELIMINARY LOCAL CLIMATOLOGICAL DATA (WS FORM: F-6) , PAGE 2
STATION: ROME
MONTH: JANUARY
YEAR: 2023
LATITUDE: 34 20 N
LONGITUDE: 85 10 W
[TEMPERATURE DATA] [PRECIPITATION DATA] SYMBOLS USED IN COLUMN 16
AVERAGE MONTHLY: 48.9 TOTAL FOR MONTH: 8.23 1 = FOG OR MIST
DPTR FM NORMAL: 6.6 DPTR FM NORMAL: 3.24 2 = FOG REDUCING VISIBILITY
HIGHEST: 73 ON 3 GRTST 24HR 3.35 ON 3- 4 TO 1/4 MILE OR LESS
LOWEST: 24 ON 24 3 = THUNDER
SNOW, ICE PELLETS, HAIL 4 = ICE PELLETS
TOTAL MONTH: M 5 = HAIL
GRTST 24HR M ON M 6 = FREEZING RAIN OR DRIZZLE
GRTST DEPTH: M ON M 7 = DUSTSTORM OR SANDSTORM:
VSBY 1/2 MILE OR LESS
8 = SMOKE OR HAZE
[NO. OF DAYS WITH] [WEATHER - DAYS WITH] 9 = BLOWING SNOW
X = TORNADO
MAX 32 OR BELOW: 0 0.01 INCH OR MORE: 14
MAX 90 OR ABOVE: 0 0.10 INCH OR MORE: 11
MIN 32 OR BELOW: 10 0.50 INCH OR MORE: 8
MIN 0 OR BELOW: 0 1.00 INCH OR MORE: 2
[HDD (BASE 65) ]
TOTAL THIS MO. 493 CLEAR (SCALE 0-3) 11
DPTR FM NORMAL -209 PTCLDY (SCALE 4-7) 7
TOTAL FM JUL 1 1593 CLOUDY (SCALE 8-10) 13
DPTR FM NORMAL -308
[CDD (BASE 65) ]
TOTAL THIS MO. 1
DPTR FM NORMAL 1 [PRESSURE DATA]
TOTAL FM JAN 1 1 HIGHEST SLP 30.43 ON 28
DPTR FM NORMAL 1 LOWEST SLP 29.69 ON 25
[REMARKS]
#FINAL-01-23#