000
CXUS56 KSGX 011045
CF6RNM
PRELIMINARY LOCAL CLIMATOLOGICAL DATA (WS FORM: F-6)
STATION: RAMONA AIRPORT CA
MONTH: APRIL
YEAR: 2022
LATITUDE: 33 2 N
LONGITUDE: 116 55 W
TEMPERATURE IN F: :PCPN: SNOW: WIND :SUNSHINE: SKY :PK WND
================================================================================
1 2 3 4 5 6A 6B 7 8 9 10 11 12 13 14 15 16 17 18
12Z AVG MX 2MIN
DY MAX MIN AVG DEP HDD CDD WTR SNW DPTH SPD SPD DIR MIN PSBL S-S WX SPD DR
================================================================================
1 68 52 60 5 5 0 0.00 M M 3.8 15 260 M M 7 1 17 260
2 61 54 58 3 7 0 0.00 M M 5.0 10 270 M M 10 1 13 280
3 61 53 57 2 8 0 0.00 M M 5.9 10 290 M M 10 1 13 280
4 74 46 60 5 5 0 0.00 M M 3.7 13 300 M M 4 1 16 270
5 76 42 59 3 6 0 0.00 M M 3.4 13 280 M M 2 12 16 290
6 93 45 69 13 0 4 0.00 M M 5.0 17 310 M M 1 1 23 320
7 92 51 72 16 0 7 0.00 M M 11.8 29 80 M M 0 39 90
8 96 47 72 16 0 7 0.00 M M 7.2 18 80 M M 0 23 60
9 85 43 64 8 1 0 0.00 M M 4.7 16 240 M M 2 18 20 240
10 69 54 62 6 3 0 0.00 M M 5.6 15 270 M M 9 18 19 260
11 68 49 59 3 6 0 0.02 M M 8.7 17 250 M M 9 18 23 240
12 64 39 52 -4 13 0 0.00 M M 6.3 18 260 M M 5 8 24 260
13 68 32 50 -7 15 0 0.00 M M 4.1 16 270 M M 0 22 260
14 73 32 53 -4 12 0 0.00 M M 4.2 16 250 M M 0 1 22 210
15 75 36 56 -1 9 0 0.00 M M 3.9 15 270 M M 1 1 19 280
16 69 42 56 -1 9 0 0.00 M M 6.2 18 260 M M 7 12 28 280
17 78 43 61 4 4 0 0.00 M M 4.8 15 270 M M 3 19 270
18 82 41 62 4 3 0 0.00 M M 4.6 10 260 M M 0 1 M M
19 76 42 59 1 6 0 0.00 M M 5.8 17 260 M M 1 20 260
20 69 43 56 -2 9 0 0.00 M M 4.6 16 260 M M 4 12 21 270
21 72 35 54 -4 11 0 T M M 6.0 18 280 M M 2 18 24 260
22 62 40 51 -7 14 0 0.14 M M 10.7 23 260 M M 7 1 29 230
23 76 35 56 -2 9 0 0.00 M M 4.6 18 270 M M 0 1 22 290
24 85 38 62 3 3 0 0.00 M M 4.7 21 280 M M 0 26 230
25 88 40 64 5 1 0 0.00 M M 6.0 17 290 M M 0 23 250
26 84 41 63 4 2 0 0.00 M M 4.7 16 260 M M 1 1 23 230
27 76 48 62 3 3 0 0.00 M M 4.4 15 230 M M 4 18 19 230
28 69 51 60 0 5 0 0.00 M M 6.0 17 250 M M 8 22 260
29 74 47 61 1 4 0 0.00 M M 4.6 14 270 M M 3 20 290
30 82 42 62 2 3 0 0.00 M M 4.2 16 270 M M 0 1 21 250
================================================================================
SM 2265 1303 176 18 0.16 M 165.2 M 100
================================================================================
AV 75.5 43.4 5.5 FASTST M M 3 MAX(MPH)
MISC ----> 29 80 39 90
================================================================================
NOTES:
# LAST OF SEVERAL OCCURRENCES
COLUMN 17 PEAK WIND IN M.P.H.
PRELIMINARY LOCAL CLIMATOLOGICAL DATA (WS FORM: F-6) , PAGE 2
STATION: RAMONA AIRPORT CA
MONTH: APRIL
YEAR: 2022
LATITUDE: 33 2 N
LONGITUDE: 116 55 W
[TEMPERATURE DATA] [PRECIPITATION DATA] SYMBOLS USED IN COLUMN 16
AVERAGE MONTHLY: 59.5 TOTAL FOR MONTH: 0.16 1 = FOG OR MIST
DPTR FM NORMAL: 2.2 DPTR FM NORMAL: -0.84 2 = FOG REDUCING VISIBILITY
HIGHEST: 96 ON 8 GRTST 24HR 0.14 ON 21-22 TO 1/4 MILE OR LESS
LOWEST: 32 ON 14,13 3 = THUNDER
SNOW, ICE PELLETS, HAIL 4 = ICE PELLETS
TOTAL MONTH: M 5 = HAIL
GRTST 24HR M ON M 6 = FREEZING RAIN OR DRIZZLE
GRTST DEPTH: M ON M 7 = DUSTSTORM OR SANDSTORM:
VSBY 1/2 MILE OR LESS
8 = SMOKE OR HAZE
[NO. OF DAYS WITH] [WEATHER - DAYS WITH] 9 = BLOWING SNOW
X = TORNADO
MAX 32 OR BELOW: 0 0.01 INCH OR MORE: 2
MAX 90 OR ABOVE: 3 0.10 INCH OR MORE: 1
MIN 32 OR BELOW: 2 0.50 INCH OR MORE: 0
MIN 0 OR BELOW: 0 1.00 INCH OR MORE: 0
[HDD (BASE 65) ]
TOTAL THIS MO. 176 CLEAR (SCALE 0-3) 16
DPTR FM NORMAL -63 PTCLDY (SCALE 4-7) 10
TOTAL FM JUL 1 2025 CLOUDY (SCALE 8-10) 4
DPTR FM NORMAL -164
[CDD (BASE 65) ]
TOTAL THIS MO. 18
DPTR FM NORMAL 11 [PRESSURE DATA]
TOTAL FM JAN 1 19 HIGHEST SLP 30.15 ON 17
DPTR FM NORMAL 10 LOWEST SLP 29.78 ON 9
[REMARKS]
#FINAL-04-22#