000
CXUS56 KSGX 011045
CF6RNM
PRELIMINARY LOCAL CLIMATOLOGICAL DATA (WS FORM: F-6)
STATION: RAMONA AIRPORT CA
MONTH: SEPTEMBER
YEAR: 2023
LATITUDE: 33 2 N
LONGITUDE: 116 55 W
TEMPERATURE IN F: :PCPN: SNOW: WIND :SUNSHINE: SKY :PK WND
================================================================================
1 2 3 4 5 6A 6B 7 8 9 10 11 12 13 14 15 16 17 18
12Z AVG MX 2MIN
DY MAX MIN AVG DEP HDD CDD WTR SNW DPTH SPD SPD DIR MIN PSBL S-S WX SPD DR
================================================================================
1 88 63 76 2 0 11 0.00 M M 5.0 14 230 M M 4 18 19 270
2 82 66 74 0 0 9 T M M 4.9 14 260 M M 8 18 20 270
3 81 62 72 -2 0 7 T M M 7.2 16 270 M M 9 1 27 270
4 80 57 69 -5 0 4 0.00 M M 4.2 13 270 M M 4 1 19 270
5 76 55 66 -8 0 1 0.00 M M 3.9 13 250 M M 8 18 17 290
6 85 54 70 -3 0 5 0.00 M M 4.6 14 290 M M 4 1 17 290
7 92 47 70 -3 0 5 0.00 M M 3.9 13 290 M M 2 12 17 330
8 99 58 79 6 0 14 0.00 M M 3.5 15 270 M M 0 19 260
9 97 61 79 6 0 14 0.00 M M 4.7 17 260 M M 0 24 270
10 93 65 79 7 0 14 T M M 3.0 15 300 M M 0 18 290
11 93 63 78 6 0 13 T M M 4.1 15 280 M M 0 22 280
12 90 56 73 1 0 8 T M M 4.9 14 180 M M 1 12 20 180
13 84 51 68 -4 0 3 0.00 M M 4.4 15 280 M M 4 128 23 250
14 82 52 67 -5 0 2 0.00 M M 4.3 13 270 M M 4 128 17 270
15 79 60 70 -1 0 5 0.00 M M 3.6 14 270 M M 8 18 18 280
16 70 63 67 -4 0 2 0.00 M M 4.2 10 300 M M 10 18 13 310
17 69 62 66 -5 0 1 0.01 M M 5.8 10 270 M M 10 12 12 270
18 76 56 66 -5 0 1 T M M 4.5 10 270 M M 8 1 M M
19 80 58 69 -1 0 4 0.00 M M 4.0 13 260 M M 4 16 270
20 76 55 66 -4 0 1 0.00 M M 4.0 14 270 M M 8 1 18 250
21 75 52 64 -6 1 0 0.00 M M 4.0 14 260 M M 6 12 17 250
22 71 50 61 -9 4 0 T M M 2.7 10 270 M M 6 12 13 250
23 83 52 68 -2 0 3 0.00 M M 4.7 15 290 M M 2 128 17 290
24 86 46 66 -3 0 1 0.00 M M 3.8 13 270 M M 3 12 18 290
25 84 46 65 -4 0 0 0.00 M M 4.6 14 300 M M 4 128 17 270
26 85 42 64 -5 1 0 0.00 M M 3.5 13 270 M M 2 12 16 290
27 91 41 66 -2 0 1 0.00 M M 3.7 13 260 M M 0 12 15 300
28 80 42 61 -7 4 0 0.00 M M 4.6 13 280 M M 5 128 17 300
29 78 58 68 0 0 3 0.00 M M 5.0 14 280 M M 7 18 20 280
30 69 57 63 -5 2 0 0.06 M M 8.1 18 270 M M 8 18 23 270
================================================================================
SM 2474 1650 12 132 0.07 M 133.4 M 139
================================================================================
AV 82.5 55.0 4.4 FASTST M M 5 MAX(MPH)
MISC ----> 18 270 27 270
================================================================================
NOTES:
# LAST OF SEVERAL OCCURRENCES
COLUMN 17 PEAK WIND IN M.P.H.
PRELIMINARY LOCAL CLIMATOLOGICAL DATA (WS FORM: F-6) , PAGE 2
STATION: RAMONA AIRPORT CA
MONTH: SEPTEMBER
YEAR: 2023
LATITUDE: 33 2 N
LONGITUDE: 116 55 W
[TEMPERATURE DATA] [PRECIPITATION DATA] SYMBOLS USED IN COLUMN 16
AVERAGE MONTHLY: 68.7 TOTAL FOR MONTH: 0.07 1 = FOG OR MIST
DPTR FM NORMAL: -2.5 DPTR FM NORMAL: -0.08 2 = FOG REDUCING VISIBILITY
HIGHEST: 99 ON 8 GRTST 24HR 0.06 ON 30-30 TO 1/4 MILE OR LESS
LOWEST: 41 ON 27 3 = THUNDER
SNOW, ICE PELLETS, HAIL 4 = ICE PELLETS
TOTAL MONTH: M 5 = HAIL
GRTST 24HR M ON M 6 = FREEZING RAIN OR DRIZZLE
GRTST DEPTH: M ON M 7 = DUSTSTORM OR SANDSTORM:
VSBY 1/2 MILE OR LESS
8 = SMOKE OR HAZE
[NO. OF DAYS WITH] [WEATHER - DAYS WITH] 9 = BLOWING SNOW
X = TORNADO
MAX 32 OR BELOW: 0 0.01 INCH OR MORE: 2
MAX 90 OR ABOVE: 7 0.10 INCH OR MORE: 0
MIN 32 OR BELOW: 0 0.50 INCH OR MORE: 0
MIN 0 OR BELOW: 0 1.00 INCH OR MORE: 0
[HDD (BASE 65) ]
TOTAL THIS MO. 12 CLEAR (SCALE 0-3) 10
DPTR FM NORMAL 1 PTCLDY (SCALE 4-7) 16
TOTAL FM JUL 1 12 CLOUDY (SCALE 8-10) 4
DPTR FM NORMAL 2
[CDD (BASE 65) ]
TOTAL THIS MO. 132
DPTR FM NORMAL -64 [PRESSURE DATA]
TOTAL FM JAN 1 863 HIGHEST SLP 30.07 ON 25
DPTR FM NORMAL -25 LOWEST SLP 29.79 ON 1
[REMARKS]
#FINAL-09-23#