000
CXUS54 KFWD 010730
CF6RPH
PRELIMINARY LOCAL CLIMATOLOGICAL DATA (WS FORM: F-6)
STATION: GRAHAM
MONTH: APRIL
YEAR: 2023
LATITUDE: 33 6 N
LONGITUDE: 98 30 W
TEMPERATURE IN F: :PCPN: SNOW: WIND :SUNSHINE: SKY :PK WND
================================================================================
1 2 3 4 5 6A 6B 7 8 9 10 11 12 13 14 15 16 17 18
12Z AVG MX 2MIN
DY MAX MIN AVG DEP HDD CDD WTR SNW DPTH SPD SPD DIR MIN PSBL S-S WX SPD DR
================================================================================
1 74 42 58 -1 7 0 0.00 M M 4.6 12 30 M M 0 17 30
2 81 55 68 9 0 3 0.01 M M 7.9 17 200 M M 2 33 220
3 93 46 70 10 0 5 0.00 M M 5.9 13 160 M M 0 24 160
4 82 70 76 16 0 11 0.00 M M 9.5 15 150 M M 1 21 160
5 73 45 59 -1 6 0 0.00 M M 9.7 16 330 M M 1 23 330
6 65 41 53 -7 12 0 0.00 M M 6.7 13 60 M M 3 21 60
7 68 40 54 -6 11 0 0.00 M M 5.9 10 60 M M 3 8 18 20
8 72 53 63 2 2 0 0.00 M M 2.7 7 140 M M 7 M M
9 76 47 62 1 3 0 0.00 M M 3.6 8 80 M M 3 M M
10 77 54 66 5 0 1 0.00 M M 4.1 9 20 M M 2 M M
11 76 48 62 1 3 0 0.00 M M 4.7 10 140 M M 0 18 120
12 78 44 61 -1 4 0 0.00 M M 6.3 12 130 M M 0 20 170
13 81 52 67 5 0 2 0.00 M M 7.2 12 170 M M 0 25 150
14 87 59 73 11 0 8 0.00 M M 9.2 18 130 M M 1 28 130
15 76 50 63 1 2 0 0.00 M M 9.9 18 340 M M 0 8 33 M
16 71 36 54 -8 11 0 0.00 M M 2.5 8 260 M M 0 M M
17 83 40 62 -1 3 0 0.00 M M 6.9 15 180 M M 0 25 180
18 77 57 67 4 0 2 0.00 M M 10.7 18 140 M M 3 28 140
19 91 67 79 16 0 14 0.00 M M 11.5 16 160 M M 1 28 160
20 76 50 63 -1 2 0 T M M 9.0 17 340 M M 3 8 23 160
21 74 47 61 -3 4 0 0.00 M M 5.1 10 30 M M 0 22 10
22 65 49 57 -7 8 0 T M M 8.0 15 20 M M 6 24 30
23 55 43 49 -15 16 0 0.01 M M 5.9 12 60 M M 10 1 17 20
24 66 41 54 -11 11 0 T M M 4.7 9 140 M M 7 21 150
25 69 56 63 -2 2 0 T M M 7.7 12 90 M M 9 1 21 130
26 69 51 60 -5 5 0 0.05 M M 7.5 12 40 M M 9 1 29 110
27 69 54 62 -3 3 0 0.00 M M 8.3 16 310 M M 6 8 25 320
28 68 51 60 -6 5 0 T M M 10.7 21 330 M M 7 31 M
29 72 47 60 -6 5 0 0.00 M M 10.0 20 310 M M 0 29 320
30 83 45 64 -2 1 0 0.00 M M 4.9 12 60 M M 0 8 22 70
================================================================================
SM 2247 1480 126 46 0.07 M 211.5 M 84
================================================================================
AV 74.9 49.3 7.0 FASTST M M 3 MAX(MPH)
MISC ----> 21 330 # 33 220
================================================================================
NOTES:
# LAST OF SEVERAL OCCURRENCES
COLUMN 17 PEAK WIND IN M.P.H.
PRELIMINARY LOCAL CLIMATOLOGICAL DATA (WS FORM: F-6) , PAGE 2
STATION: GRAHAM
MONTH: APRIL
YEAR: 2023
LATITUDE: 33 6 N
LONGITUDE: 98 30 W
[TEMPERATURE DATA] [PRECIPITATION DATA] SYMBOLS USED IN COLUMN 16
AVERAGE MONTHLY: 62.1 TOTAL FOR MONTH: 0.07 1 = FOG OR MIST
DPTR FM NORMAL: -0.4 DPTR FM NORMAL: -2.39 2 = FOG REDUCING VISIBILITY
HIGHEST: 93 ON 3 GRTST 24HR 0.05 ON 26-26 TO 1/4 MILE OR LESS
LOWEST: 36 ON 16 3 = THUNDER
SNOW, ICE PELLETS, HAIL 4 = ICE PELLETS
TOTAL MONTH: M 5 = HAIL
GRTST 24HR M ON M 6 = FREEZING RAIN OR DRIZZLE
GRTST DEPTH: M ON M 7 = DUSTSTORM OR SANDSTORM:
VSBY 1/2 MILE OR LESS
8 = SMOKE OR HAZE
[NO. OF DAYS WITH] [WEATHER - DAYS WITH] 9 = BLOWING SNOW
X = TORNADO
MAX 32 OR BELOW: 0 0.01 INCH OR MORE: 3
MAX 90 OR ABOVE: 2 0.10 INCH OR MORE: 0
MIN 32 OR BELOW: 0 0.50 INCH OR MORE: 0
MIN 0 OR BELOW: 0 1.00 INCH OR MORE: 0
[HDD (BASE 65) ]
TOTAL THIS MO. 126 CLEAR (SCALE 0-3) 19
DPTR FM NORMAL -18 PTCLDY (SCALE 4-7) 8
TOTAL FM JUL 1 2373 CLOUDY (SCALE 8-10) 3
DPTR FM NORMAL -508
[CDD (BASE 65) ]
TOTAL THIS MO. 46
DPTR FM NORMAL -23 [PRESSURE DATA]
TOTAL FM JAN 1 100 HIGHEST SLP M ON M
DPTR FM NORMAL 11 LOWEST SLP M ON M
[REMARKS]
#FINAL-04-23#