339
CXUS54 KFWD 010731
CF6RPH
PRELIMINARY LOCAL CLIMATOLOGICAL DATA (WS FORM: F-6)
STATION: GRAHAM
MONTH: MAY
YEAR: 2020
LATITUDE: 33 6 N
LONGITUDE: 98 30 W
TEMPERATURE IN F: :PCPN: SNOW: WIND :SUNSHINE: SKY :PK WND
================================================================================
1 2 3 4 5 6A 6B 7 8 9 10 11 12 13 14 15 16 17 18
12Z AVG MX 2MIN
DY MAX MIN AVG DEP HDD CDD WTR SNW DPTH SPD SPD DIR MIN PSBL S-S WX SPD DR
================================================================================
1 92 59 76 9 0 11 0.00 0.0 0 8.7 16 190 M M 0 25 190
2 95 67 81 14 0 16 0.00 0.0 0 9.5 13 160 M M 0 23 160
3 97 71 84 17 0 19 0.00 0.0 0 3.8 9 220 M M 0 M M
4 100 71 86 18 0 21 0.00 0.0 0 7.6 15 170 M M 0 21 10
5 78 51 65 -3 0 0 0.00 0.0 0 10.0 18 350 M M 2 29 10
6 83 44 64 -4 1 0 0.00 0.0 0 2.1 7 140 M M 0 M M
7 87 57 72 4 0 7 0.00 0.0 0 10.8 18 130 M M 1 30 160
8 74 47 61 -8 4 0 0.00 0.0 0 12.7 25 340 M M 2 37 340
9 75 39 57 -12 8 0 0.00 0.0 0 3.5 10 130 M M 1 M M
10 79 47 63 -6 2 0 0.00 0.0 0 4.0 9 90 M M 0 17 90
11 81 52 67 -3 0 2 0.00 0.0 0 7.8 13 140 M M 0 21 130
12 82 63 73 3 0 8 0.01 0.0 0 5.8 15 250 M M 4 18 140
13 87 63 75 5 0 10 0.00 0.0 0 9.1 15 130 M M 4 27 130
14 92 61 77 6 0 12 0.03 0.0 0 8.2 13 150 M M 2 3 25 300
15 91 58 75 4 0 10 0.16 0.0 0 9.4 21 70 M M 3 3 38 70
16 65 59 62 -9 3 0 0.34 0.0 0 4.9 18 60 M M 3 3 25 60
17 84 59 72 0 0 7 0.00 0.0 0 4.3 10 330 M M 0 18 330
18 92 58 75 3 0 10 0.00 0.0 0 3.5 8 150 M M 0 M M
19 94 66 80 8 0 15 0.00 0.0 0 4.7 10 70 M M 0 17 70
20 82 66 74 2 0 9 0.00 0.0 0 7.0 12 70 M M 6 16 100
21 88 65 77 4 0 12 0.05 0.0 0 6.0 12 130 M M 0 20 130
22 92 64 78 5 0 13 0.09 0.0 0 6.5 14 150 M M 2 27 30
23 89 63 76 3 0 11 0.78 0.0 0 11.6 24 90 M M 4 38 290
24 90 64 77 3 0 12 0.02 0.0 0 8.4 17 110 M M 2 31 110
25 74 61 68 -6 0 3 0.15 0.0 0 4.4 12 340 M M 3 22 330
26 79 60 70 -4 0 5 0.00 0.0 0 6.4 13 300 M M 3 21 300
27 85 55 70 -4 0 5 0.00 0.0 0 2.5 7 160 M M 0 M M
28 85 58 72 -3 0 7 0.00 0.0 0 3.4 10 350 M M 0 17 350
29 86 60 73 -2 0 8 0.00 0.0 0 2.3 9 20 M M 0 M M
30 85 58 72 -3 0 7 0.00 0.0 0 2.5 7 30 M M 0 M M
31 86 58 72 -4 0 7 0.00 0.0 0 3.5 9 100 M M 0 M M
================================================================================
SM 2649 1824 18 247 1.63 0.0 194.9 M 42
================================================================================
AV 85.5 58.8 6.3 FASTST M M 1 MAX(MPH)
MISC ----> # 25 340 # 38 70
================================================================================
NOTES:
# LAST OF SEVERAL OCCURRENCES
COLUMN 17 PEAK WIND IN M.P.H.
PRELIMINARY LOCAL CLIMATOLOGICAL DATA (WS FORM: F-6) , PAGE 2
STATION: GRAHAM
MONTH: MAY
YEAR: 2020
LATITUDE: 33 6 N
LONGITUDE: 98 30 W
[TEMPERATURE DATA] [PRECIPITATION DATA] SYMBOLS USED IN COLUMN 16
AVERAGE MONTHLY: 72.2 TOTAL FOR MONTH: 1.63 1 = FOG OR MIST
DPTR FM NORMAL: 0.9 DPTR FM NORMAL: -2.65 2 = FOG REDUCING VISIBILITY
HIGHEST: 100 ON 4 GRTST 24HR 0.78 ON 23-23 TO 1/4 MILE OR LESS
LOWEST: 39 ON 9 3 = THUNDER
SNOW, ICE PELLETS, HAIL 4 = ICE PELLETS
TOTAL MONTH: 0.0 INCH 5 = HAIL
GRTST 24HR 0.0 6 = FREEZING RAIN OR DRIZZLE
GRTST DEPTH: 0 7 = DUSTSTORM OR SANDSTORM:
VSBY 1/2 MILE OR LESS
8 = SMOKE OR HAZE
[NO. OF DAYS WITH] [WEATHER - DAYS WITH] 9 = BLOWING SNOW
X = TORNADO
MAX 32 OR BELOW: 0 0.01 INCH OR MORE: 9
MAX 90 OR ABOVE: 10 0.10 INCH OR MORE: 4
MIN 32 OR BELOW: 0 0.50 INCH OR MORE: 1
MIN 0 OR BELOW: 0 1.00 INCH OR MORE: 0
[HDD (BASE 65) ]
TOTAL THIS MO. 18 CLEAR (SCALE 0-3) 27
DPTR FM NORMAL -10 PTCLDY (SCALE 4-7) 4
TOTAL FM JUL 1 2669 CLOUDY (SCALE 8-10) 0
DPTR FM NORMAL -241
[CDD (BASE 65) ]
TOTAL THIS MO. 247
DPTR FM NORMAL 28 [PRESSURE DATA]
TOTAL FM JAN 1 368 HIGHEST SLP M ON M
DPTR FM NORMAL 60 LOWEST SLP M ON M
[REMARKS]
#FINAL-05-20#