000
CXUS53 KARX 012111
CF6RST
PRELIMINARY LOCAL CLIMATOLOGICAL DATA (WS FORM: F-6)
STATION: ROCHESTER MN
MONTH: AUGUST
YEAR: 2022
LATITUDE: 43 55 N
LONGITUDE: 92 30 W
TEMPERATURE IN F: :PCPN: SNOW: WIND :SUNSHINE: SKY :PK WND
================================================================================
1 2 3 4 5 6A 6B 7 8 9 10 11 12 13 14 15 16 17 18
12Z AVG MX 2MIN
DY MAX MIN AVG DEP HDD CDD WTR SNW DPTH SPD SPD DIR MIN PSBL S-S WX SPD DR
================================================================================
1 78 61 70 0 0 5 0.00 0.0 0 8.5 18 300 M M 2 25 310
2 85 58 72 2 0 7 0.00 0.0 0 14.3 29 170 M M 0 40 160
3 83 61 72 2 0 7 0.28 0.0 0 10.0 30 290 M M 2 13 45 300
4 78 56 67 -3 0 2 0.00 0.0 0 5.0 10 60 M M 0 16 30
5 82 60 71 2 0 6 0.00 0.0 0 10.8 20 180 M M 0 29 170
6 80 69 75 6 0 10 1.99 0.0 0 7.5 26 280 M M 4 123 37 270
7 82 65 74 5 0 9 0.89 0.0 0 6.6 25 310 M M 10 13 34 300
8 73 57 65 -4 0 0 T 0.0 0 9.7 20 330 M M 5 25 330
9 76 54 65 -4 0 0 0.00 0.0 0 4.0 10 190 M M 1 14 170
10 83 56 70 1 0 5 0.00 0.0 0 6.7 12 20 M M 2 16 10
11 77 59 68 -1 0 3 T 0.0 0 5.8 12 80 M M 2 16 80
12 66 58 62 -7 3 0 1.41 0.0 0 13.9 25 170 M M 4 1 34 170
13 71 61 66 -3 0 1 T 0.0 0 11.4 18 200 M M 8 1 28 170
14 72 60 66 -2 0 1 0.00 0.0 0 6.8 13 20 M M 10 1 16 350
15 73 55 64 -4 1 0 0.00 0.0 0 3.1 8 110 M M 4 12 13 120
16 77 57 67 -1 0 2 0.00 0.0 0 4.5 13 80 M M 1 1 16 130
17 78 54 66 -2 0 1 0.00 0.0 0 4.7 10 220 M M 2 17 240
18 80 59 70 2 0 5 0.32 0.0 0 10.0 33 300 M M 5 1 44 290
19 75 56 66 -2 0 1 0.10 0.0 0 6.6 15 120 M M 5 13 20 110
20 77 58 68 0 0 3 0.00 0.0 0 7.6 20 350 M M 6 26 350
21 78 60 69 1 0 4 0.00 0.0 0 6.4 13 10 M M 6 1 18 20
22 79 60 70 2 0 5 0.00 0.0 0 4.1 10 290 M M 4 13 330
23 79 54 67 0 0 2 0.00 0.0 0 4.3 9 190 M M 1 14 180
24 78 61 70 3 0 5 0.07 0.0 0 7.1 16 180 M M 8 12 22 180
25 76 58 67 0 0 2 T 0.0 0 8.6 16 350 M M 6 12 20 310
26 76 53 65 -2 0 0 0.00 0.0 0 4.9 10 150 M M 1 12 14 130
27 81 61 71 4 0 6 0.52 0.0 0 13.8 24 150 M M 6 13 32 160
28 77 66 72 5 0 7 0.95 0.0 0 12.0 21 180 M M 7 1 27 180
29 76 59 68 2 0 3 0.00 0.0 0 12.1 25 280 M M 2 36 280
30 74 53 64 -2 1 0 0.00 0.0 0 10.7 21 310 M M 0 29 320
31 82 58 70 4 0 5 0.00 0.0 0 8.9 14 250 M M 0 18 280
================================================================================
SM 2402 1817 5 107 6.53 0.0 250.4 M 114
================================================================================
AV 77.5 58.6 8.1 FASTST M M 4 MAX(MPH)
MISC ----> 33 300 45 300
================================================================================
NOTES:
# LAST OF SEVERAL OCCURRENCES
COLUMN 17 PEAK WIND IN M.P.H.
PRELIMINARY LOCAL CLIMATOLOGICAL DATA (WS FORM: F-6) , PAGE 2
STATION: ROCHESTER MN
MONTH: AUGUST
YEAR: 2022
LATITUDE: 43 55 N
LONGITUDE: 92 30 W
[TEMPERATURE DATA] [PRECIPITATION DATA] SYMBOLS USED IN COLUMN 16
AVERAGE MONTHLY: 68.0 TOTAL FOR MONTH: 6.53 1 = FOG OR MIST
DPTR FM NORMAL: -0.2 DPTR FM NORMAL: 2.41 2 = FOG REDUCING VISIBILITY
HIGHEST: 85 ON 2 GRTST 24HR 2.55 ON 6- 7 TO 1/4 MILE OR LESS
LOWEST: 53 ON 30,26 3 = THUNDER
SNOW, ICE PELLETS, HAIL 4 = ICE PELLETS
TOTAL MONTH: 0.0 INCH 5 = HAIL
GRTST 24HR 0.0 6 = FREEZING RAIN OR DRIZZLE
GRTST DEPTH: 0 7 = DUSTSTORM OR SANDSTORM:
VSBY 1/2 MILE OR LESS
8 = SMOKE OR HAZE
[NO. OF DAYS WITH] [WEATHER - DAYS WITH] 9 = BLOWING SNOW
X = TORNADO
MAX 32 OR BELOW: 0 0.01 INCH OR MORE: 9
MAX 90 OR ABOVE: 0 0.10 INCH OR MORE: 8
MIN 32 OR BELOW: 0 0.50 INCH OR MORE: 5
MIN 0 OR BELOW: 0 1.00 INCH OR MORE: 2
[HDD (BASE 65) ]
TOTAL THIS MO. 5 CLEAR (SCALE 0-3) 15
DPTR FM NORMAL -25 PTCLDY (SCALE 4-7) 13
TOTAL FM JUL 1 8 CLOUDY (SCALE 8-10) 3
DPTR FM NORMAL -37
[CDD (BASE 65) ]
TOTAL THIS MO. 107
DPTR FM NORMAL -21 [PRESSURE DATA]
TOTAL FM JAN 1 535 HIGHEST SLP 30.34 ON 12
DPTR FM NORMAL 61 LOWEST SLP 29.64 ON 28
[REMARKS]
#FINAL-08-22#