000
CXUS51 KBTV 010700
CF6RUT
PRELIMINARY LOCAL CLIMATOLOGICAL DATA (WS FORM: F-6)
STATION: RUTLAND VT
MONTH: OCTOBER
YEAR: 2022
LATITUDE: 43 31 N
LONGITUDE: 72 57 W
TEMPERATURE IN F: :PCPN: SNOW: WIND :SUNSHINE: SKY :PK WND
================================================================================
1 2 3 4 5 6A 6B 7 8 9 10 11 12 13 14 15 16 17 18
12Z AVG MX 2MIN
DY MAX MIN AVG DEP HDD CDD WTR SNW DPTH SPD SPD DIR MIN PSBL S-S WX SPD DR
================================================================================
1 66 41 54 M 11 0 0.00 M M 3.8 8 320 M M 0 M M
2 57 37 47 M 18 0 0.00 M M 5.0 13 330 M M 4 17 320
3 57 31 44 M 21 0 0.00 M M 4.5 10 130 M M 0 M M
4 58 40 49 M 16 0 T M M 2.1 7 320 M M 4 M M
5 64 44 54 M 11 0 0.00 M M 2.7 10 130 M M 5 8 M M
6 74 41 58 M 7 0 0.00 M M 4.2 8 130 M M 0 M M
7 68 43 56 M 9 0 0.01 M M 6.7 17 260 M M 6 24 260
8 52 40 46 M 19 0 0.00 M M 6.1 12 290 M M 6 M M
9 55 39 47 M 18 0 T M M 7.5 13 220 M M 8 20 220
10 53 40 47 M 18 0 0.02 M M 3.8 9 120 M M 9 12 M M
11 61 36 49 M 16 0 0.00 M M 4.6 9 260 M M 4 12 M M
12 70 41 56 M 9 0 0.00 M M 8.3 16 170 M M 1 M M
13 67 51 59 M 6 0 0.68 M M 15.0 25 130 M M 6 1 33 130
14 60 41 51 M 14 0 0.62 M M 3.9 9 120 M M 6 1 M M
15 68 37 53 M 12 0 0.00 M M 7.6 14 130 M M 2 12 20 160
16 61 38 50 M 15 0 0.00 M M 4.2 9 120 M M 1 M M
17 56 36 46 M 19 0 0.14 M M 9.6 20 140 M M 6 28 140
18 55 33 44 M 21 0 0.00 M M 5.0 10 250 M M 5 1 M M
19 49 29 39 M 26 0 0.00 M M 5.5 12 200 M M 4 M M
20 53 35 44 M 21 0 0.00 M M 7.3 13 180 M M 5 24 180
21 58 29 44 M 21 0 0.00 M M 7.7 12 130 M M 0 M M
22 70 35 53 M 12 0 0.00 M M 7.5 12 120 M M 0 M M
23 67 39 53 M 12 0 0.00 M M 7.0 12 130 M M 2 M M
24 63 54 59 M 6 0 T M M 8.2 16 130 M M 9 21 150
25 74 59 67 M 0 2 0.08 M M 11.8 16 140 M M 6 21 160
26 75 61 68 M 0 3 0.06 M M 9.4 15 110 M M 6 21 110
27 61 32 47 M 18 0 T M M 8.5 20 330 M M 4 24 320
28 51 27 39 M 26 0 0.00 M M 4.9 10 120 M M 0 M M
29 63 28 46 M 19 0 0.00 M M 5.6 12 130 M M 0 M M
30 69 31 50 M 15 0 0.00 M M 5.8 13 120 M M 0 M M
31 62 36 49 M 16 0 0.00 M M 4.7 8 130 M M 3 M M
================================================================================
SM 1917 1204 452 5 1.61 M 198.4 M 112
================================================================================
AV 61.8 38.8 6.4 FASTST M M 4 MAX(MPH)
MISC ----> 25 130 33 130
================================================================================
NOTES:
# LAST OF SEVERAL OCCURRENCES
COLUMN 17 PEAK WIND IN M.P.H.
PRELIMINARY LOCAL CLIMATOLOGICAL DATA (WS FORM: F-6) , PAGE 2
STATION: RUTLAND VT
MONTH: OCTOBER
YEAR: 2022
LATITUDE: 43 31 N
LONGITUDE: 72 57 W
[TEMPERATURE DATA] [PRECIPITATION DATA] SYMBOLS USED IN COLUMN 16
AVERAGE MONTHLY: 50.3 TOTAL FOR MONTH: 1.61 1 = FOG OR MIST
DPTR FM NORMAL: 0.0 DPTR FM NORMAL: M 2 = FOG REDUCING VISIBILITY
HIGHEST: 75 ON 26 GRTST 24HR 0.68 ON 13-13 TO 1/4 MILE OR LESS
LOWEST: 27 ON 28 3 = THUNDER
SNOW, ICE PELLETS, HAIL 4 = ICE PELLETS
TOTAL MONTH: M 5 = HAIL
GRTST 24HR M ON M 6 = FREEZING RAIN OR DRIZZLE
GRTST DEPTH: M ON M 7 = DUSTSTORM OR SANDSTORM:
VSBY 1/2 MILE OR LESS
8 = SMOKE OR HAZE
[NO. OF DAYS WITH] [WEATHER - DAYS WITH] 9 = BLOWING SNOW
X = TORNADO
MAX 32 OR BELOW: 0 0.01 INCH OR MORE: 7
MAX 90 OR ABOVE: 0 0.10 INCH OR MORE: 3
MIN 32 OR BELOW: 7 0.50 INCH OR MORE: 2
MIN 0 OR BELOW: 0 1.00 INCH OR MORE: 0
[HDD (BASE 65) ]
TOTAL THIS MO. 452 CLEAR (SCALE 0-3) 13
DPTR FM NORMAL M PTCLDY (SCALE 4-7) 16
TOTAL FM JUL 1 654 CLOUDY (SCALE 8-10) 2
DPTR FM NORMAL M
[CDD (BASE 65) ]
TOTAL THIS MO. 5
DPTR FM NORMAL M [PRESSURE DATA]
TOTAL FM JAN 1 490 HIGHEST SLP M ON M
DPTR FM NORMAL M LOWEST SLP M ON M
[REMARKS]
#FINAL-10-22#