000
CXUS51 KBTV 011456
CF6RUT
PRELIMINARY LOCAL CLIMATOLOGICAL DATA (WS FORM: F-6)
STATION: RUTLAND VT
MONTH: OCTOBER
YEAR: 2020
LATITUDE: 43 31 N
LONGITUDE: 72 57 W
TEMPERATURE IN F: :PCPN: SNOW: WIND :SUNSHINE: SKY :PK WND
================================================================================
1 2 3 4 5 6A 6B 7 8 9 10 11 12 13 14 15 16 17 18
12Z AVG MX 2MIN
DY MAX MIN AVG DEP HDD CDD WTR SNW DPTH SPD SPD DIR MIN PSBL S-S WX SPD DR
================================================================================
1 67 46 57 M 8 0 0.01 M M 7.2 10 120 M M 5 24 180
2 56 43 50 M 15 0 0.32 M M 2.8 10 130 M M 7 12 M M
3 56 40 48 M 17 0 0.02 M M 3.3 7 250 M M 9 12 M M
4 60 36 48 M 17 0 0.00 M M 4.6 12 110 M M 5 12 M M
5 64 48 56 M 9 0 0.00 M M 5.1 9 130 M M 9 M M
6 66 46 56 M 9 0 0.00 M M 6.6 12 210 M M 8 18 210
7 64 52 58 M 7 0 0.16 M M 8.7 20 230 M M 9 33 300
8 54 36 45 M 20 0 0.02 M M 9.1 17 300 M M 6 24 290
9 56 29 43 M 22 0 T M M 6.5 14 110 M M 1 16 240
10 76 48 62 M 3 0 0.05 M M 8.1 20 310 M M 3 3 28 220
11 56 35 46 M 19 0 0.05 M M 6.9 13 320 M M 2 22 320
12 53 40 47 M 18 0 0.00 M M 12.9 24 130 M M 3 35 120
13 52 45 49 M 16 0 0.20 M M 8.5 16 160 M M 10 1 31 140
14 64 44 54 M 11 0 0.07 M M 4.6 10 220 M M 4 12 M M
15 78 44 61 M 4 0 0.00 M M 12.9 22 160 M M 0 33 160
16 61 45 53 M 12 0 0.05 M M 2.5 10 230 M M 10 1 16 220
17 55 35 45 M 20 0 0.07 M M 7.0 13 300 M M 6 20 300
18 58 32 45 M 20 0 0.00 M M 11.7 20 140 M M 1 25 140
19 61 43 52 M 13 0 T M M 7.6 14 120 M M 9 M M
20 59 46 53 M 12 0 T M M 5.5 13 130 M M 10 1 M M
21 74 45 60 M 5 0 T M M 7.7 16 130 M M 10 1 25 130
22 66 46 56 M 9 0 0.00 M M 3.0 8 340 M M 7 M M
23 72 54 63 M 2 0 0.00 M M 9.6 17 130 M M 4 22 130
24 64 41 53 M 12 0 T M M 8.0 14 330 M M 9 1 21 330
25 45 36 41 M 24 0 0.00 M M 6.7 14 330 M M 7 21 330
26 47 38 43 M 22 0 0.01 M M 14.0 21 120 M M 10 1 31 110
27 47 34 41 M 24 0 T M M 4.9 9 320 M M 10 1 M M
28 47 35 41 M 24 0 M M M 2.8 10 140 M M 8 1 M M
29 45 37 41 M 24 0 T M M 3.0 9 120 M M 7 1 M M
30 37 21 29 M 36 0 0.14 M M 5.4 10 340 M M 7 1 M M
31 42 17 30 M 35 0 0.00 M M 6.0 12 120 M M 0 M M
================================================================================
SM 1802 1237 489 0 1.17 M 213.2 M 196
================================================================================
AV 58.1 39.9 6.9 FASTST M M 6 MAX(MPH)
MISC ----> 24 130 35 120
================================================================================
NOTES:
# LAST OF SEVERAL OCCURRENCES
COLUMN 17 PEAK WIND IN M.P.H.
PRELIMINARY LOCAL CLIMATOLOGICAL DATA (WS FORM: F-6) , PAGE 2
STATION: RUTLAND VT
MONTH: OCTOBER
YEAR: 2020
LATITUDE: 43 31 N
LONGITUDE: 72 57 W
[TEMPERATURE DATA] [PRECIPITATION DATA] SYMBOLS USED IN COLUMN 16
AVERAGE MONTHLY: 49.0 TOTAL FOR MONTH: 1.17 1 = FOG OR MIST
DPTR FM NORMAL: 0.0 DPTR FM NORMAL: M 2 = FOG REDUCING VISIBILITY
HIGHEST: 78 ON 15 GRTST 24HR 0.32 ON 2- 2 TO 1/4 MILE OR LESS
LOWEST: 17 ON 31 3 = THUNDER
SNOW, ICE PELLETS, HAIL 4 = ICE PELLETS
TOTAL MONTH: M 5 = HAIL
GRTST 24HR M ON M 6 = FREEZING RAIN OR DRIZZLE
GRTST DEPTH: M ON M 7 = DUSTSTORM OR SANDSTORM:
VSBY 1/2 MILE OR LESS
8 = SMOKE OR HAZE
[NO. OF DAYS WITH] [WEATHER - DAYS WITH] 9 = BLOWING SNOW
X = TORNADO
MAX 32 OR BELOW: 0 0.01 INCH OR MORE: 13
MAX 90 OR ABOVE: 0 0.10 INCH OR MORE: 4
MIN 32 OR BELOW: 4 0.50 INCH OR MORE: 0
MIN 0 OR BELOW: 0 1.00 INCH OR MORE: 0
[HDD (BASE 65) ]
TOTAL THIS MO. 489 CLEAR (SCALE 0-3) 6
DPTR FM NORMAL M PTCLDY (SCALE 4-7) 13
TOTAL FM JUL 1 722 CLOUDY (SCALE 8-10) 12
DPTR FM NORMAL M
[CDD (BASE 65) ]
TOTAL THIS MO. 0
DPTR FM NORMAL M [PRESSURE DATA]
TOTAL FM JAN 1 580 HIGHEST SLP M ON M
DPTR FM NORMAL M LOWEST SLP M ON M
[REMARKS]
#FINAL-10-20#