000
CXUS54 KTSA 011113
CF6RVS
PRELIMINARY LOCAL CLIMATOLOGICAL DATA (WS FORM: F-6)
STATION: TULSA-RIVERSIDE OKLAHOMA
MONTH: MARCH
YEAR: 2020
LATITUDE: 36 2 N
LONGITUDE: 95 59 W
TEMPERATURE IN F: :PCPN: SNOW: WIND :SUNSHINE: SKY :PK WND
================================================================================
1 2 3 4 5 6A 6B 7 8 9 10 11 12 13 14 15 16 17 18
12Z AVG MX 2MIN
DY MAX MIN AVG DEP HDD CDD WTR SNW DPTH SPD SPD DIR MIN PSBL S-S WX SPD DR
================================================================================
1 76 56 66 20 0 1 0.00 0.0 0 12.8 24 190 M M 3 37 170
2 62 41 52 6 13 0 0.00 0.0 0 5.2 15 20 M M 6 25 10
3 68 37 53 7 12 0 0.00 0.0 0 1.9 9 60 M M 0 8 14 60
4 61 40 51 4 14 0 0.00 0.0 0 4.6 15 20 M M 0 22 20
5 70 31 51 4 14 0 0.00 0.0 0 5.5 18 10 M M 0 29 350
6 63 37 50 3 15 0 0.00 0.0 0 4.2 13 20 M M 0 17 10
7 71 32 52 4 13 0 0.00 0.0 0 8.5 22 180 M M 0 34 200
8 66 47 57 9 8 0 0.02 0.0 0 12.7 28 200 M M 4 41 200
9 78 47 63 15 2 0 0.17 0.0 0 13.0 24 210 M M 8 35 220
10 68 43 56 7 9 0 0.00 0.0 0 5.4 13 90 M M 5 18 120
11 78 54 66 17 0 1 0.01 0.0 0 5.2 21 20 M M 2 3 35 350
12 83 56 70 21 0 5 0.00 0.0 0 8.5 21 30 M M 0 1 31 10
13 58 44 51 1 14 0 0.10 0.0 0 13.7 25 30 M M 7 33 20
14 54 43 49 -1 16 0 0.65 0.0 0 7.8 15 20 M M 10 13 24 30
15 50 43 47 -3 18 0 0.00 0.0 0 8.5 15 20 M M 10 18 21 10
16 50 47 49 -2 16 0 0.25 0.0 0 5.4 12 120 M M 10 13 15 120
17 62 49 56 5 9 0 1.44 0.0 0 7.8 16 120 M M 10 13 21 110
18 79 54 67 16 0 2 0.15 0.0 0 8.6 18 190 M M 6 13 27 180
19 78 63 71 19 0 6 1.48 0.0 0 10.2 33 210 M M 4 13 47 210
20 66 39 53 1 12 0 0.00 0.0 0 10.4 22 290 M M 5 33 310
21 57 34 46 -6 19 0 0.03 0.0 0 6.0 12 100 M M 2 16 70
22 56 46 51 -2 14 0 0.53 0.0 0 6.2 15 130 M M 10 1 20 170
23 63 52 58 5 7 0 0.01 0.0 0 7.7 16 150 M M 9 1 25 150
24 75 51 63 10 2 0 0.20 0.0 0 6.3 15 300 M M 7 1 26 310
25 84 46 65 11 0 0 0.00 0.0 0 7.5 21 180 M M 0 1 31 180
26 96 61 79 25 0 14 0.00 0.0 0 8.6 21 190 M M 0 32 200
27 80 70 75 21 0 10 0.00 0.0 0 9.6 22 180 M M 4 3 29 180
28 75 54 65 11 0 0 0.12 0.0 0 10.5 22 250 M M 0 13 38 250
29 72 43 58 3 7 0 0.00 0.0 0 2.7 12 190 M M 0 19 210
30 67 51 59 4 6 0 0.57 0.0 0 5.0 17 180 M M 6 1 23 190
31 70 49 60 5 5 0 0.07 0.0 0 4.5 15 30 M M 5 1 20 40
================================================================================
SM 2136 1460 245 39 5.80 0.0 234.5 M 133
================================================================================
AV 68.9 47.1 7.6 FASTST M M 4 MAX(MPH)
MISC ----> # 33 210 # 47 210
================================================================================
NOTES:
# LAST OF SEVERAL OCCURRENCES
COLUMN 17 PEAK WIND IN M.P.H.
PRELIMINARY LOCAL CLIMATOLOGICAL DATA (WS FORM: F-6) , PAGE 2
STATION: TULSA-RIVERSIDE OKLAHOMA
MONTH: MARCH
YEAR: 2020
LATITUDE: 36 2 N
LONGITUDE: 95 59 W
[TEMPERATURE DATA] [PRECIPITATION DATA] SYMBOLS USED IN COLUMN 16
AVERAGE MONTHLY: 58.0 TOTAL FOR MONTH: 5.80 1 = FOG OR MIST
DPTR FM NORMAL: 7.4 DPTR FM NORMAL: 2.27 2 = FOG REDUCING VISIBILITY
HIGHEST: 96 ON 26 GRTST 24HR 1.48 ON 19-19 TO 1/4 MILE OR LESS
LOWEST: 31 ON 5 3 = THUNDER
SNOW, ICE PELLETS, HAIL 4 = ICE PELLETS
TOTAL MONTH: 0.0 INCH 5 = HAIL
GRTST 24HR 0.0 6 = FREEZING RAIN OR DRIZZLE
GRTST DEPTH: 0 7 = DUSTSTORM OR SANDSTORM:
VSBY 1/2 MILE OR LESS
8 = SMOKE OR HAZE
[NO. OF DAYS WITH] [WEATHER - DAYS WITH] 9 = BLOWING SNOW
X = TORNADO
MAX 32 OR BELOW: 0 0.01 INCH OR MORE: 16
MAX 90 OR ABOVE: 1 0.10 INCH OR MORE: 11
MIN 32 OR BELOW: 2 0.50 INCH OR MORE: 5
MIN 0 OR BELOW: 0 1.00 INCH OR MORE: 2
[HDD (BASE 65) ]
TOTAL THIS MO. 245 CLEAR (SCALE 0-3) 13
DPTR FM NORMAL -210 PTCLDY (SCALE 4-7) 12
TOTAL FM JUL 1 2866 CLOUDY (SCALE 8-10) 6
DPTR FM NORMAL -588
[CDD (BASE 65) ]
TOTAL THIS MO. 39
DPTR FM NORMAL 29 [PRESSURE DATA]
TOTAL FM JAN 1 39 HIGHEST SLP 30.62 ON 6
DPTR FM NORMAL 28 LOWEST SLP 29.54 ON 28
[REMARKS]
#FINAL-03-20#