000
CXUS55 KCYS 011602
CLMRWL
CLIMATE REPORT
NATIONAL WEATHER SERVICE CHEYENNE WY
1002 AM MDT SAT JUL 01 2023
...................................
...THE RAWLINS WYOMING AIRPORT CLIMATE SUMMARY FOR THE MONTH OF JUNE 2023...
CLIMATE NORMAL PERIOD 1991 TO 2020
CLIMATE RECORD PERIOD 1951 TO 2023
WEATHER OBSERVED NORMAL DEPART LAST YEAR`S
VALUE DATE(S) VALUE FROM VALUE DATE(S)
NORMAL
................................................................
TEMPERATURE (F)
RECORD
HIGH 97 06/25/2012
06/23/1954
LOW 21 06/03/1951
HIGHEST 84 06/26 MM MM 93
LOWEST 39 06/06 MM MM 33
AVG. MAXIMUM 73.3 76.6 -3.3 79.0
AVG. MINIMUM 46.0 43.2 2.8 44.2
MEAN 59.6 59.9 -0.3 61.6
DAYS MAX >= 90 0 1.8 -1.8 3
DAYS MAX <= 32 0 0.0 0.0 0
DAYS MIN <= 32 0 0.9 -0.9 0
DAYS MIN <= 0 0 0.0 0.0 0
PRECIPITATION (INCHES)
RECORD
MAXIMUM 2.46 2010
TOTALS 1.33 0.87 0.46 0.36
DAYS >= .01 10 6.6 3.4 8
DAYS >= .10 5 2.7 2.3 0
DAYS >= .50 0 0.4 -0.4 0
DAYS >= 1.00 0 0.0 0.0 0
GREATEST
24 HR. TOTAL 0.32 06/15 TO 06/15 0.08 06/19 TO 06/19
DEGREE DAYS
HEATING TOTAL 156 174 -18 134
SINCE 7/1 8611 8166 445 MM
COOLING TOTAL 2 21 -19 38
SINCE 1/1 2 22 -20 MM
................................................................
WIND (MPH)
AVERAGE WIND SPEED 9.9
HIGHEST WIND SPEED/DIRECTION 39/170 DATE 06/23
HIGHEST GUST SPEED/DIRECTION 70/200 DATE 06/23
SKY COVER
POSSIBLE SUNSHINE (PERCENT) MM
AVERAGE SKY COVER 0.34
NUMBER OF DAYS FAIR 18
NUMBER OF DAYS PC 9
NUMBER OF DAYS CLOUDY 3
AVERAGE RH (PERCENT) 57
WEATHER CONDITIONS. NUMBER OF DAYS WITH
THUNDERSTORM 14 MIXED PRECIP 0
HEAVY RAIN 4 RAIN 4
LIGHT RAIN 17 FREEZING RAIN 0
LT FREEZING RAIN 0 HAIL 0
HEAVY SNOW 0 SNOW 0
LIGHT SNOW 0 SLEET 0
FOG 7 FOG W/VIS <= 1/4 MILE 0
HAZE 2
- INDICATES NEGATIVE NUMBERS.
R INDICATES RECORD WAS SET OR TIED.
MM INDICATES DATA IS MISSING.
T INDICATES TRACE AMOUNT.
$$