000
CXUS56 KSTO 011300
CF6SAC
PRELIMINARY LOCAL CLIMATOLOGICAL DATA (WS FORM: F-6)
STATION: SACRAMENTO EXEC AP
MONTH: AUGUST
YEAR: 2023
LATITUDE: 38 31 N
LONGITUDE: 121 30 W
TEMPERATURE IN F: :PCPN: SNOW: WIND :SUNSHINE: SKY :PK WND
================================================================================
1 2 3 4 5 6A 6B 7 8 9 10 11 12 13 14 15 16 17 18
12Z AVG MX 2MIN
DY MAX MIN AVG DEP HDD CDD WTR SNW DPTH SPD SPD DIR MIN PSBL S-S WX SPD DR
================================================================================
1 90 59 75 -1 0 10 0.00 M M 7.6 15 200 M M 0 21 200
2 85 57 71 -5 0 6 0.00 M M 9.2 15 220 M M 0 19 220
3 84 58 71 -5 0 6 0.00 M M 8.3 16 230 M M 0 19 230
4 92 59 76 0 0 11 0.00 M M 4.7 13 210 M M 0 17 180
5 97 60 79 3 0 14 0.00 M M 4.6 14 220 M M 0 18 240
6 103 63 83 7 0 18 0.00 M M 5.2 18 340 M M 0 24 300
7 100 64 82 6 0 17 0.00 0.0 M 4.8 15 230 M M 0 22 230
8 85 59 72 -4 0 7 0.00 M M 9.3 18 220 M M 0 22 230
9 88 58 73 -3 0 8 0.00 M M 6.5 14 230 M M 0 17 260
10 90 59 75 -1 0 10 0.00 M M 7.1 15 210 M M 0 24 200
11 88 60 74 -2 0 9 0.00 M M 7.3 13 220 M M 0 17 200
12 95 61 78 2 0 13 0.00 M M 4.4 12 200 M M 0 16 200
13 98 64 81 5 0 16 0.00 M M 4.1 15 230 M M 0 20 230
14 100 72 86 10 0 21 0.00 M M 4.2 17 90 M M 0 8 28 80
15 102 68 85 10 0 20 0.00 M M 3.8 10 230 M M 0 13 250
16 105 65 85 10 0 20 T M M 4.2 14 310 M M 0 22 300
17 102 67 85 10 0 20 0.00 M M 6.3 18 230 M M 0 23 230
18 87 63 75 0 0 10 0.00 M M 8.3 16 190 M M 0 20 200
19 92 61 77 2 0 12 0.00 M M 6.0 17 120 M M 0 24 170
20 88 69 79 4 0 14 T M M 4.0 12 350 M M 2 16 320
21 82 67 75 0 0 10 T M M 10.8 23 240 M M 2 30 240
22 90 63 77 2 0 12 0.00 M M 3.4 12 300 M M 1 15 280
23 96 63 80 5 0 15 0.00 M M 3.7 13 320 M M 0 16 350
24 95 64 80 5 0 15 0.00 M M 5.5 16 210 M M 0 8 22 220
25 88 60 74 -1 0 9 0.00 M M 6.4 13 230 M M 0 18 160
26 93 58 76 1 0 11 0.00 M M 4.2 12 210 M M 0 15 220
27 94 58 76 1 0 11 0.00 M M 3.2 10 220 M M 0 13 210
28 97 58 78 3 0 13 0.00 0.0 M 3.9 10 210 M M 0 15 220
29 93 60 77 2 0 12 0.00 0.0 M 4.5 12 320 M M 0 15 320
30 96 63 80 5 0 15 0.00 M M 5.0 15 330 M M 0 8 19 340
31 93 59 76 2 0 11 0.00 M M 5.9 18 220 M M 0 25 220
================================================================================
SM 2888 1919 0 396 T 0.0 176.4 M 5
================================================================================
AV 93.2 61.9 5.7 FASTST M M 0 MAX(MPH)
MISC ----> 23 240 30 240
================================================================================
NOTES:
# LAST OF SEVERAL OCCURRENCES
COLUMN 17 PEAK WIND IN M.P.H.
PRELIMINARY LOCAL CLIMATOLOGICAL DATA (WS FORM: F-6) , PAGE 2
STATION: SACRAMENTO EXEC AP
MONTH: AUGUST
YEAR: 2023
LATITUDE: 38 31 N
LONGITUDE: 121 30 W
[TEMPERATURE DATA] [PRECIPITATION DATA] SYMBOLS USED IN COLUMN 16
AVERAGE MONTHLY: 77.5 TOTAL FOR MONTH: T 1 = FOG OR MIST
DPTR FM NORMAL: 2.2 DPTR FM NORMAL: -0.04 2 = FOG REDUCING VISIBILITY
HIGHEST: 105 ON 16 GRTST 24HR T ON 16-16 TO 1/4 MILE OR LESS
LOWEST: 57 ON 2 3 = THUNDER
SNOW, ICE PELLETS, HAIL 4 = ICE PELLETS
TOTAL MONTH: 0.0 INCH 5 = HAIL
GRTST 24HR 0.0 6 = FREEZING RAIN OR DRIZZLE
GRTST DEPTH: M ON M 7 = DUSTSTORM OR SANDSTORM:
VSBY 1/2 MILE OR LESS
8 = SMOKE OR HAZE
[NO. OF DAYS WITH] [WEATHER - DAYS WITH] 9 = BLOWING SNOW
X = TORNADO
MAX 32 OR BELOW: 0 0.01 INCH OR MORE: 0
MAX 90 OR ABOVE: 22 0.10 INCH OR MORE: 0
MIN 32 OR BELOW: 0 0.50 INCH OR MORE: 0
MIN 0 OR BELOW: 0 1.00 INCH OR MORE: 0
[HDD (BASE 65) ]
TOTAL THIS MO. 0 CLEAR (SCALE 0-3) 31
DPTR FM NORMAL 0 PTCLDY (SCALE 4-7) 0
TOTAL FM JUL 1 0 CLOUDY (SCALE 8-10) 0
DPTR FM NORMAL 0
[CDD (BASE 65) ]
TOTAL THIS MO. 396
DPTR FM NORMAL 75 [PRESSURE DATA]
TOTAL FM JAN 1 1040 HIGHEST SLP 30.05 ON 3
DPTR FM NORMAL 43 LOWEST SLP 29.56 ON 20
[REMARKS]
#FINAL-08-23#