000
CXUS52 KCHS 010915
CF6SAV
PRELIMINARY LOCAL CLIMATOLOGICAL DATA (WS FORM: F-6)
STATION: SAVANNAH GA
MONTH: NOVEMBER
YEAR: 2020
LATITUDE: 32 7 N
LONGITUDE: 81 12 W
TEMPERATURE IN F: :PCPN: SNOW: WIND :SUNSHINE: SKY :PK WND
================================================================================
1 2 3 4 5 6A 6B 7 8 9 10 11 12 13 14 15 16 17 18
12Z AVG MX 2MIN
DY MAX MIN AVG DEP HDD CDD WTR SNW DPTH SPD SPD DIR MIN PSBL S-S WX SPD DR
================================================================================
1 77 61 69 6 0 4 0.01 0.0 0 7.1 26 300 M M 7 1 34 300
2 63 42 53 -10 12 0 0.00 0.0 0 8.2 20 10 M M 0 24 360
3 70 39 55 -8 10 0 0.00 0.0 0 2.4 10 240 M M 0 14 230
4 75 42 59 -3 6 0 0.00 0.0 0 5.9 16 110 M M 1 18 20 100
5 80 55 68 6 0 3 0.00 0.0 0 8.3 17 90 M M 7 22 100
6 82 63 73 11 0 8 T 0.0 0 8.8 17 60 M M 8 24 80
7 82 69 76 14 0 11 0.30 0.0 0 10.4 21 70 M M 7 18 25 80
8 77 68 73 12 0 8 0.24 0.0 0 11.1 23 80 M M 7 18 29 90
9 83 70 77 16 0 12 0.06 0.0 0 12.3 25 80 M M 8 18 33 70
10 79 72 76 15 0 11 0.97 0.0 0 10.6 21 90 M M 9 18 29 100
11 86 76 81 21 0 16 0.01 0.0 0 10.7 24 170 M M 9 1 28 180
12 80 70 75 15 0 10 0.23 0.0 0 8.2 25 180 M M 9 1 32 180
13 81 64 73 13 0 8 0.00 0.0 0 4.3 12 330 M M 6 1 15 310
14 80 55 68 8 0 3 0.00 0.0 0 1.9 9 110 M M 1 1 11 130
15 85 62 74 15 0 9 T 0.0 0 5.0 15 210 M M 4 1 20 210
16 73 51 62 3 3 0 0.00 0.0 0 5.6 18 320 M M 2 24 310
17 74 44 59 0 6 0 0.00 0.0 0 7.5 20 300 M M 0 25 290
18 62 44 53 -6 12 0 0.00 0.0 0 9.1 16 40 M M 0 22 40
19 69 43 56 -2 9 0 0.00 0.0 M 8.5 15 10 M M 4 18 10
20 78 57 68 10 0 3 0.00 0.0 M 7.2 14 100 M M 7 19 90
21 79 55 67 9 0 2 0.00 0.0 M 5.8 13 30 M M 2 17 40
22 74 59 67 9 0 2 0.00 0.0 M 5.8 13 10 M M 9 1 17 30
23 73 51 62 5 3 0 0.00 0.0 M 7.6 17 350 M M 4 12 22 340
24 69 45 57 0 8 0 0.00 0.0 M 7.9 14 80 M M 2 18 90
25 80 56 68 11 0 3 0.00 0.0 M 6.1 23 180 M M 7 29 160
26 83 62 73 17 0 8 0.00 0.0 M 7.1 15 220 M M 3 18 230
27 78 59 69 13 0 4 0.17 0.0 M 4.2 10 320 M M 5 12 13 300
28 64 58 61 5 4 0 0.42 0.0 M 5.7 20 320 M M 9 1 27 330
29 66 57 62 6 3 0 0.02 0.0 M 4.8 10 30 M M 9 1 14 40
30 70 43 57 2 8 0 0.22 0.0 M 17.0 29 280 M M 8 1 38 160
================================================================================
SM 2272 1692 84 125 2.65 0.0 225.1 M 154
================================================================================
AV 75.7 56.4 7.5 FASTST M M 5 MAX(MPH)
MISC ----> 29 280 38 160
================================================================================
NOTES:
# LAST OF SEVERAL OCCURRENCES
COLUMN 17 PEAK WIND IN M.P.H.
PRELIMINARY LOCAL CLIMATOLOGICAL DATA (WS FORM: F-6) , PAGE 2
STATION: SAVANNAH GA
MONTH: NOVEMBER
YEAR: 2020
LATITUDE: 32 7 N
LONGITUDE: 81 12 W
[TEMPERATURE DATA] [PRECIPITATION DATA] SYMBOLS USED IN COLUMN 16
AVERAGE MONTHLY: 66.1 TOTAL FOR MONTH: 2.65 1 = FOG OR MIST
DPTR FM NORMAL: 6.8 DPTR FM NORMAL: 0.28 2 = FOG REDUCING VISIBILITY
HIGHEST: 86 ON 11 GRTST 24HR 0.98 ON 9-10 TO 1/4 MILE OR LESS
LOWEST: 39 ON 3 3 = THUNDER
SNOW, ICE PELLETS, HAIL 4 = ICE PELLETS
TOTAL MONTH: 0.0 INCH 5 = HAIL
GRTST 24HR 0.0 6 = FREEZING RAIN OR DRIZZLE
GRTST DEPTH: 0 7 = DUSTSTORM OR SANDSTORM:
VSBY 1/2 MILE OR LESS
8 = SMOKE OR HAZE
[NO. OF DAYS WITH] [WEATHER - DAYS WITH] 9 = BLOWING SNOW
X = TORNADO
MAX 32 OR BELOW: 0 0.01 INCH OR MORE: 11
MAX 90 OR ABOVE: 0 0.10 INCH OR MORE: 7
MIN 32 OR BELOW: 0 0.50 INCH OR MORE: 1
MIN 0 OR BELOW: 0 1.00 INCH OR MORE: 0
[HDD (BASE 65) ]
TOTAL THIS MO. 84 CLEAR (SCALE 0-3) 9
DPTR FM NORMAL -126 PTCLDY (SCALE 4-7) 15
TOTAL FM JUL 1 86 CLOUDY (SCALE 8-10) 6
DPTR FM NORMAL -180
[CDD (BASE 65) ]
TOTAL THIS MO. 125
DPTR FM NORMAL 88 [PRESSURE DATA]
TOTAL FM JAN 1 3207 HIGHEST SLP 30.59 ON 19
DPTR FM NORMAL 758 LOWEST SLP 29.61 ON 30
[REMARKS]
#FINAL-11-20#