000
CXUS56 KLOX 011155
CF6SBA
PRELIMINARY LOCAL CLIMATOLOGICAL DATA (WS FORM: F-6)
STATION: SANTA BARBARA AIRPORT CA
MONTH: AUGUST
YEAR: 2022
LATITUDE: 34 25 N
LONGITUDE: 119 50 W
TEMPERATURE IN F: :PCPN: SNOW: WIND :SUNSHINE: SKY :PK WND
================================================================================
1 2 3 4 5 6A 6B 7 8 9 10 11 12 13 14 15 16 17 18
12Z AVG MX 2MIN
DY MAX MIN AVG DEP HDD CDD WTR SNW DPTH SPD SPD DIR MIN PSBL S-S WX SPD DR
================================================================================
1 77 62 70 4 0 5 0.00 M M 6.2 20 250 M M 5 1 23 260
2 74 63 69 3 0 4 0.00 M M 7.7 20 250 M M 4 18 24 260
3 74 62 68 2 0 3 0.00 M M 6.5 13 150 M M 4 1 15 150
4 75 63 69 3 0 4 0.00 M M 6.0 17 250 M M 3 20 250
5 77 61 69 3 0 4 0.00 M M 5.1 14 240 M M 0 17 240
6 81 57 69 3 0 4 0.00 M M 4.4 13 140 M M 0 17 240
7 80 60 70 4 0 5 0.00 M M 5.3 12 140 M M 0 15 140
8 78 62 70 4 0 5 0.00 M M 5.1 10 110 M M 0 13 110
9 82 61 72 6 0 7 0.00 M M 4.9 10 80 M M 0 13 260
10 83 60 72 6 0 7 0.00 M M 5.4 10 240 M M 0 13 230
11 80 58 69 3 0 4 0.00 M M 5.2 14 240 M M 0 17 240
12 81 58 70 4 0 5 0.00 M M 4.7 10 130 M M 0 1 14 130
13 80 59 70 4 0 5 0.00 M M 4.8 10 140 M M 0 18 13 140
14 76 58 67 1 0 2 0.00 M M 4.9 10 230 M M 0 18 14 210
15 76 57 67 1 0 2 0.00 M M 5.4 9 110 M M 0 18 12 250
16 74 57 66 0 0 1 0.00 M M 5.6 13 240 M M 3 128 14 260
17 73 57 65 -1 0 0 0.00 M M 5.4 14 250 M M 5 128 16 240
18 70 56 63 -3 2 0 0.00 M M 5.7 12 230 M M 5 128 14 230
19 70 57 64 -2 1 0 0.00 M M 5.7 10 140 M M 2 128 14 140
20 76 56 66 0 0 1 0.00 M M 6.0 15 260 M M 5 128 18 260
21 76 59 68 2 0 3 0.00 M M 5.7 16 260 M M 6 18 19 260
22 70 57 64 -2 1 0 0.00 M M 5.0 13 230 M M 4 128 16 230
23 73 55 64 -2 1 0 0.00 M M 5.3 12 100 M M 3 18 15 120
24 73 59 66 0 0 1 0.00 M M 4.4 13 250 M M 5 18 16 250
25 74 59 67 1 0 2 0.00 M M 5.3 17 250 M M 5 128 20 240
26 72 58 65 -1 0 0 0.00 M M 5.7 13 240 M M 5 128 15 240
27 72 60 66 0 0 1 0.00 M M 6.4 14 250 M M 6 1 18 270
28 72 58 65 -1 0 0 0.00 M M 6.4 15 270 M M 6 18 18 270
29 73 55 64 -2 1 0 0.00 M M 5.4 16 260 M M 1 19 260
30 80 52 66 0 0 1 0.00 M M 4.6 13 250 M M 0 16 240
31 83 57 70 4 0 5 0.00 M M 3.6 12 140 M M 0 1 14 140
================================================================================
SM 2355 1813 6 81 0.00 M 167.8 M 77
================================================================================
AV 76.0 58.5 5.4 FASTST M M 2 MAX(MPH)
MISC ----> # 20 250 24 260
================================================================================
NOTES:
# LAST OF SEVERAL OCCURRENCES
COLUMN 17 PEAK WIND IN M.P.H.
PRELIMINARY LOCAL CLIMATOLOGICAL DATA (WS FORM: F-6) , PAGE 2
STATION: SANTA BARBARA AIRPORT CA
MONTH: AUGUST
YEAR: 2022
LATITUDE: 34 25 N
LONGITUDE: 119 50 W
[TEMPERATURE DATA] [PRECIPITATION DATA] SYMBOLS USED IN COLUMN 16
AVERAGE MONTHLY: 67.2 TOTAL FOR MONTH: 0.00 1 = FOG OR MIST
DPTR FM NORMAL: 1.0 DPTR FM NORMAL: -0.01 2 = FOG REDUCING VISIBILITY
HIGHEST: 83 ON 31,10 GRTST 24HR T ON 2- 2 TO 1/4 MILE OR LESS
LOWEST: 52 ON 30 3 = THUNDER
SNOW, ICE PELLETS, HAIL 4 = ICE PELLETS
TOTAL MONTH: M 5 = HAIL
GRTST 24HR M ON M 6 = FREEZING RAIN OR DRIZZLE
GRTST DEPTH: M ON M 7 = DUSTSTORM OR SANDSTORM:
VSBY 1/2 MILE OR LESS
8 = SMOKE OR HAZE
[NO. OF DAYS WITH] [WEATHER - DAYS WITH] 9 = BLOWING SNOW
X = TORNADO
MAX 32 OR BELOW: 0 0.01 INCH OR MORE: 0
MAX 90 OR ABOVE: 0 0.10 INCH OR MORE: 0
MIN 32 OR BELOW: 0 0.50 INCH OR MORE: 0
MIN 0 OR BELOW: 0 1.00 INCH OR MORE: 0
[HDD (BASE 65) ]
TOTAL THIS MO. 6 CLEAR (SCALE 0-3) 18
DPTR FM NORMAL -17 PTCLDY (SCALE 4-7) 13
TOTAL FM JUL 1 17 CLOUDY (SCALE 8-10) 0
DPTR FM NORMAL -43
[CDD (BASE 65) ]
TOTAL THIS MO. 81
DPTR FM NORMAL 19 [PRESSURE DATA]
TOTAL FM JAN 1 196 HIGHEST SLP 30.06 ON 21
DPTR FM NORMAL 52 LOWEST SLP 29.71 ON 19
[REMARKS]
#FINAL-08-22#