000
CXUS56 KLOX 090321
CF6SBP
PRELIMINARY LOCAL CLIMATOLOGICAL DATA (WS FORM: F-6)
STATION: SAN LUIS OBISPO AIRPORT CA
MONTH: DECEMBER
YEAR: 2022
LATITUDE: 35 13 N
LONGITUDE: 120 38 W
TEMPERATURE IN F: :PCPN: SNOW: WIND :SUNSHINE: SKY :PK WND
================================================================================
1 2 3 4 5 6A 6B 7 8 9 10 11 12 13 14 15 16 17 18
12Z AVG MX 2MIN
DY MAX MIN AVG DEP HDD CDD WTR SNW DPTH SPD SPD DIR MIN PSBL S-S WX SPD DR
================================================================================
1 60 47 54 0 11 0 1.44 M M 8.3 21 320 M M 10 1 28 140
2 59 47 53 -1 12 0 0.22 M M 2.4 10 350 M M 10 1 13 350
3 64 56 60 6 5 0 0.72 M M 9.6 17 150 M M 10 1 22 150
4 62 50 56 2 9 0 0.28 M M 4.8 20 150 M M 7 1 25 140
5 61 47 54 0 11 0 0.00 M M 3.7 16 310 M M 5 18 320
6 58 41 50 -3 15 0 0.09 M M 3.5 15 300 M M 6 1 18 300
7 60 35 48 -5 17 0 0.00 M M 2.8 14 320 M M 2 12 17 300
8 57 37 47 -6 18 0 0.00 M M 2.9 10 310 M M 1 13 310
9 63 38 51 -2 14 0 0.00 M M 3.8 12 320 M M 4 1 13 320
10 59 52 56 3 9 0 1.88 M M 13.4 30 180 M M 10 1 47 160
11 59 46 53 0 12 0 0.51 M M 10.8 32 180 M M 7 13 47 170
12 56 40 48 -4 17 0 0.21 M M 5.7 15 330 M M 6 1 18 350
13 58 35 47 -5 18 0 0.00 M M 2.7 10 350 M M 0 15 50
14 62 35 49 -3 16 0 0.00 M M 2.7 12 320 M M 0 15 340
15 59 38 49 -3 16 0 0.00 M M 1.4 8 270 M M 0 9 280
16 66 39 53 1 12 0 0.00 M M 1.6 12 310 M M 0 13 310
17 66 29 48 -4 17 0 0.00 M M 1.7 9 320 M M 0 12 310
18 65 32 49 -3 16 0 0.00 M M 4.7 18 320 M M 0 21 310
19 62 32 47 -5 18 0 0.00 M M 2.6 15 310 M M 0 18 310
20 64 30 47 -5 18 0 0.00 M M 3.8 16 300 M M 0 19 310
21 72 41 57 5 8 0 0.00 M M 5.9 22 320 M M 0 25 330
22 71 46 59 7 6 0 0.00 M M 5.9 26 320 M M 1 32 310
23 64 50 57 5 8 0 0.00 M M 7.7 20 320 M M 5 1 23 310
24 76 45 61 9 4 0 0.00 M M 5.0 16 340 M M 0 19 330
25 82 45 64 12 1 0 0.00 M M 2.5 16 310 M M 0 18 310
26 71 44 58 6 7 0 0.00 M M 4.1 20 310 M M 0 24 330
27 58 53 56 4 9 0 1.37 M M 4.1 10 320 M M 10 12 12 320
28 65 49 57 5 8 0 T M M 8.2 17 310 M M 2 1 24 320
29 57 51 54 2 11 0 0.01 M M 4.4 16 150 M M 10 18 22 150
30 59 55 57 5 8 0 0.06 M M 3.7 8 150 M M 10 1 10 130
31 59 53 56 4 9 0 1.22 M M 11.8 26 150 M M 10 1 36 150
================================================================================
SM 1954 1338 360 0 8.01 M 156.2 M 126
================================================================================
AV 63.0 43.2 5.0 FASTST M M 4 MAX(MPH)
MISC ----> 32 180 47 160
================================================================================
NOTES:
# LAST OF SEVERAL OCCURRENCES
COLUMN 17 PEAK WIND IN M.P.H.
PRELIMINARY LOCAL CLIMATOLOGICAL DATA (WS FORM: F-6) , PAGE 2
STATION: SAN LUIS OBISPO AIRPORT CA
MONTH: DECEMBER
YEAR: 2022
LATITUDE: 35 13 N
LONGITUDE: 120 38 W
[TEMPERATURE DATA] [PRECIPITATION DATA] SYMBOLS USED IN COLUMN 16
AVERAGE MONTHLY: 53.1 TOTAL FOR MONTH: 8.01 1 = FOG OR MIST
DPTR FM NORMAL: 0.5 DPTR FM NORMAL: 4.74 2 = FOG REDUCING VISIBILITY
HIGHEST: 82 ON 25 GRTST 24HR 1.88 ON 10-10 TO 1/4 MILE OR LESS
LOWEST: 29 ON 17 3 = THUNDER
SNOW, ICE PELLETS, HAIL 4 = ICE PELLETS
TOTAL MONTH: M 5 = HAIL
GRTST 24HR M ON M 6 = FREEZING RAIN OR DRIZZLE
GRTST DEPTH: M ON M 7 = DUSTSTORM OR SANDSTORM:
VSBY 1/2 MILE OR LESS
8 = SMOKE OR HAZE
[NO. OF DAYS WITH] [WEATHER - DAYS WITH] 9 = BLOWING SNOW
X = TORNADO
MAX 32 OR BELOW: 0 0.01 INCH OR MORE: 12
MAX 90 OR ABOVE: 0 0.10 INCH OR MORE: 9
MIN 32 OR BELOW: 4 0.50 INCH OR MORE: 6
MIN 0 OR BELOW: 0 1.00 INCH OR MORE: 4
[HDD (BASE 65) ]
TOTAL THIS MO. 360 CLEAR (SCALE 0-3) 16
DPTR FM NORMAL -26 PTCLDY (SCALE 4-7) 7
TOTAL FM JUL 1 734 CLOUDY (SCALE 8-10) 8
DPTR FM NORMAL -54
[CDD (BASE 65) ]
TOTAL THIS MO. 0
DPTR FM NORMAL 0 [PRESSURE DATA]
TOTAL FM JAN 1 485 HIGHEST SLP 30.34 ON 8
DPTR FM NORMAL 151 LOWEST SLP 29.68 ON 31
[REMARKS]
#FINAL-12-22#