000
CXUS56 KSTO 172212
CF6SCK
PRELIMINARY LOCAL CLIMATOLOGICAL DATA (WS FORM: F-6)
STATION: STOCKTON AIRPORT CA
MONTH: MARCH
YEAR: 2020
LATITUDE: 37 54 N
LONGITUDE: 121 15 W
TEMPERATURE IN F: :PCPN: SNOW: WIND :SUNSHINE: SKY :PK WND
================================================================================
1 2 3 4 5 6A 6B 7 8 9 10 11 12 13 14 15 16 17 18
12Z AVG MX 2MIN
DY MAX MIN AVG DEP HDD CDD WTR SNW DPTH SPD SPD DIR MIN PSBL S-S WX SPD DR
================================================================================
1 58 42 50 -3 15 0 0.00 0.0 0 9.3 18 260 M M 5 23 260
2 72 41 57 4 8 0 T M 0 13.6 28 350 M M 0 8 36 360
3 75 41 58 5 7 0 0.00 0.0 0 4.8 9 120 M M 0 11 120
4 81 43 62 9 3 0 0.00 0.0 0 2.3 8 120 M M 0 9 120
5 75 43 59 6 6 0 0.00 0.0 0 5.2 15 310 M M 0 18 320
6 68 44 56 2 9 0 0.00 0.0 0 5.4 18 300 M M 0 1 23 300
7 61 45 53 -1 12 0 0.16 M 0 4.6 20 300 M M 8 1 23 300
8 62 44 53 -1 12 0 T M 0 4.9 13 300 M M 7 15 300
9 67 46 57 3 8 0 0.00 0.0 0 3.9 8 230 M M 1 17 340
10 73 43 58 4 7 0 0.00 0.0 0 7.3 20 160 M M 2 23 160
11 76 54 65 11 0 0 0.00 0.0 0 5.5 12 300 M M 3 16 120
12 79 47 63 9 2 0 0.00 0.0 0 7.7 17 260 M M 0 23 270
13 75 44 60 6 5 0 0.00 0.0 0 7.4 22 250 M M 1 18 27 260
14 66 47 57 3 8 0 0.42 0.0 0 10.4 25 270 M M 8 1 33 270
15 59 46 53 -1 12 0 0.68 0.0 0 10.6 20 270 M M 10 1 24 160
16 50 42 46 -9 19 0 0.47 0.0 0 6.2 17 150 M M 10 1 23 150
17 59 39 49 -6 16 0 0.05 0.0 0 6.8 17 260 M M 5 1 20 120
18 60 44 52 -3 13 0 T 0.0 0 3.8 10 350 M M 10 14 320
19 64 46 55 0 10 0 0.00 0.0 0 4.8 12 310 M M 4 13 310
20 66 41 54 -1 11 0 0.00 0.0 0 4.1 12 140 M M 1 15 60
21 66 43 55 0 10 0 T 0.0 0 4.6 15 150 M M 4 20 140
22 72 41 57 2 8 0 0.00 0.0 0 3.7 14 260 M M 1 17 260
23 65 47 56 1 9 0 0.00 0.0 0 9.2 23 260 M M 7 1 28 250
24 63 48 56 1 9 0 T 0.0 0 6.9 21 270 M M 8 26 280
25 61 41 51 -4 14 0 0.01 M 0 6.1 21 290 M M 6 26 280
26 62 39 51 -5 14 0 0.00 0.0 0 5.3 15 360 M M 4 18 360
27 64 40 52 -4 13 0 0.00 0.0 0 9.0 18 270 M M 2 29 260
28 60 45 53 -3 12 0 0.07 0.0 0 2.6 9 260 M M 8 18 11 260
29 67 47 57 1 8 0 0.01 0.0 0 3.2 10 310 M M 5 1 15 160
30 70 45 58 2 7 0 0.00 0.0 0 5.2 15 300 M M 5 19 300
31 74 45 60 4 5 0 0.00 0.0 0 7.3 16 300 M M 3 1 20 320
================================================================================
SM 2070 1363 292 0 1.87 0.0 191.7 M 128
================================================================================
AV 66.8 44.0 6.2 FASTST M M 4 MAX(MPH)
MISC ----> # 28 350 # 36 360
================================================================================
NOTES:
# LAST OF SEVERAL OCCURRENCES
COLUMN 17 PEAK WIND IN M.P.H.
PRELIMINARY LOCAL CLIMATOLOGICAL DATA (WS FORM: F-6) , PAGE 2
STATION: STOCKTON AIRPORT CA
MONTH: MARCH
YEAR: 2020
LATITUDE: 37 54 N
LONGITUDE: 121 15 W
[TEMPERATURE DATA] [PRECIPITATION DATA] SYMBOLS USED IN COLUMN 16
AVERAGE MONTHLY: 55.4 TOTAL FOR MONTH: 1.87 1 = FOG OR MIST
DPTR FM NORMAL: 0.8 DPTR FM NORMAL: -0.29 2 = FOG REDUCING VISIBILITY
HIGHEST: 81 ON 4 GRTST 24HR 0.68 ON 15-15 TO 1/4 MILE OR LESS
LOWEST: 39 ON 26,17 3 = THUNDER
SNOW, ICE PELLETS, HAIL 4 = ICE PELLETS
TOTAL MONTH: 0.0 INCH 5 = HAIL
GRTST 24HR 0.0 6 = FREEZING RAIN OR DRIZZLE
GRTST DEPTH: 0 7 = DUSTSTORM OR SANDSTORM:
VSBY 1/2 MILE OR LESS
8 = SMOKE OR HAZE
[NO. OF DAYS WITH] [WEATHER - DAYS WITH] 9 = BLOWING SNOW
X = TORNADO
MAX 32 OR BELOW: 0 0.01 INCH OR MORE: 8
MAX 90 OR ABOVE: 0 0.10 INCH OR MORE: 4
MIN 32 OR BELOW: 0 0.50 INCH OR MORE: 1
MIN 0 OR BELOW: 0 1.00 INCH OR MORE: 0
[HDD (BASE 65) ]
TOTAL THIS MO. 292 CLEAR (SCALE 0-3) 12
DPTR FM NORMAL -32 PTCLDY (SCALE 4-7) 14
TOTAL FM JUL 1 1805 CLOUDY (SCALE 8-10) 5
DPTR FM NORMAL -581
[CDD (BASE 65) ]
TOTAL THIS MO. 0
DPTR FM NORMAL 0 [PRESSURE DATA]
TOTAL FM JAN 1 0 HIGHEST SLP 30.32 ON 30
DPTR FM NORMAL 0 LOWEST SLP 29.65 ON 13
[REMARKS]
#FINAL-03-20#