000
CXUS53 KLMK 010710
CF6SDF
PRELIMINARY LOCAL CLIMATOLOGICAL DATA (WS FORM: F-6)
STATION: LOUISVILLE KY
MONTH: MARCH
YEAR: 2022
LATITUDE: 38 10 N
LONGITUDE: 85 44 W
TEMPERATURE IN F: :PCPN: SNOW: WIND :SUNSHINE: SKY :PK WND
================================================================================
1 2 3 4 5 6A 6B 7 8 9 10 11 12 13 14 15 16 17 18
12Z AVG MX 2MIN
DY MAX MIN AVG DEP HDD CDD WTR SNW DPTH SPD SPD DIR MIN PSBL S-S WX SPD DR
================================================================================
1 70 42 56 12 9 0 0.00 0.0 0 8.1 18 220 M M 4 8 27 240
2 74 41 58 14 7 0 0.00 0.0 0 4.9 15 240 M M 3 21 200
3 66 41 54 10 11 0 0.00 0.0 0 10.9 18 10 M M 5 30 360
4 63 34 49 5 16 0 0.00 0.0 0 6.4 10 80 M M 6 17 60
5 77 48 63 18 2 0 0.00 0.0 0 12.2 31 190 M M 6 43 190
6 74 61 68 23 0 3 0.36 0.0 0 12.7 29 200 M M 9 13 43 200
7 71 38 55 10 10 0 1.21 0.0 0 15.3 33 290 M M 10 13 44 280
8 44 37 41 -5 24 0 T 0.0 0 5.4 13 350 M M 10 18 320
9 55 35 45 -1 20 0 0.09 T 0 5.9 14 340 M M 6 14 16 360
10 57 34 46 0 19 0 0.00 0.0 0 4.1 12 30 M M 3 15 340
11 57 29 43 -4 22 0 0.13 1.5 0 8.5 23 320 M M 7 18 30 320
12 30 19 25 -22 40 0 T T 2 14.1 24 300 M M 5 33 280
13 55 23 39 -8 26 0 0.00 0.0 0 12.4 28 230 M M 3 37 250
14 68 43 56 8 9 0 0.00 0.0 0 9.4 21 180 M M 4 30 190
15 72 52 62 14 3 0 T 0.0 0 5.7 14 240 M M 6 21 260
16 74 44 59 11 6 0 0.00 0.0 0 4.4 16 130 M M 6 24 150
17 75 47 61 12 4 0 0.00 0.0 0 4.6 13 160 M M 4 16 220
18 70 54 62 13 3 0 0.17 0.0 0 10.5 44 260 M M 9 1 68 190
19 60 44 52 3 13 0 0.01 0.0 0 14.3 26 260 M M 10 1 39 250
20 68 40 54 4 11 0 0.00 0.0 0 5.7 13 260 M M 2 18 250
21 73 43 58 8 7 0 0.00 0.0 0 6.6 17 150 M M 6 23 130
22 73 54 64 14 1 0 0.04 0.0 0 9.9 25 180 M M 10 34 210
23 73 50 62 11 3 0 0.03 0.0 0 16.6 33 200 M M 8 13 49 190
24 58 45 52 1 13 0 0.04 0.0 0 13.5 24 270 M M 8 1 32 250
25 49 43 46 -5 19 0 0.01 0.0 0 11.9 23 260 M M 8 3 30 280
26 51 34 43 -9 22 0 T 0.0 0 16.7 28 290 M M 4 3 40 290
27 49 28 39 -13 26 0 0.00 0.0 0 9.4 17 270 M M 2 25 290
28 50 29 40 -12 25 0 0.00 0.0 0 5.8 13 30 M M 5 18 340
29 49 38 44 -9 21 0 T 0.0 0 10.4 17 120 M M 9 24 130
30 84 45 65 12 0 0 0.18 0.0 0 16.1 44 190 M M 9 1 63 200
31 63 41 52 -2 13 0 0.10 0.0 0 15.5 30 260 M M 10 18 40 260
================================================================================
SM 1952 1256 405 3 2.37 1.5 307.9 M 197
================================================================================
AV 63.0 40.5 9.9 FASTST M M 6 MAX(MPH)
MISC ----> # 44 260 68 190
================================================================================
NOTES:
# LAST OF SEVERAL OCCURRENCES
COLUMN 17 PEAK WIND IN M.P.H.
PRELIMINARY LOCAL CLIMATOLOGICAL DATA (WS FORM: F-6) , PAGE 2
STATION: LOUISVILLE KY
MONTH: MARCH
YEAR: 2022
LATITUDE: 38 10 N
LONGITUDE: 85 44 W
[TEMPERATURE DATA] [PRECIPITATION DATA] SYMBOLS USED IN COLUMN 16
AVERAGE MONTHLY: 51.7 TOTAL FOR MONTH: 2.37 1 = FOG OR MIST
DPTR FM NORMAL: 3.3 DPTR FM NORMAL: -2.23 2 = FOG REDUCING VISIBILITY
HIGHEST: 84 ON 30 GRTST 24HR 1.34 ON 6- 7 TO 1/4 MILE OR LESS
LOWEST: 19 ON 12 3 = THUNDER
SNOW, ICE PELLETS, HAIL 4 = ICE PELLETS
TOTAL MONTH: 1.5 INCHES 5 = HAIL
GRTST 24HR 1.5 ON 11-11 6 = FREEZING RAIN OR DRIZZLE
GRTST DEPTH: 2 ON 12 7 = DUSTSTORM OR SANDSTORM:
VSBY 1/2 MILE OR LESS
8 = SMOKE OR HAZE
[NO. OF DAYS WITH] [WEATHER - DAYS WITH] 9 = BLOWING SNOW
X = TORNADO
MAX 32 OR BELOW: 1 0.01 INCH OR MORE: 12
MAX 90 OR ABOVE: 0 0.10 INCH OR MORE: 6
MIN 32 OR BELOW: 5 0.50 INCH OR MORE: 1
MIN 0 OR BELOW: 0 1.00 INCH OR MORE: 1
[HDD (BASE 65) ]
TOTAL THIS MO. 405 CLEAR (SCALE 0-3) 4
DPTR FM NORMAL -119 PTCLDY (SCALE 4-7) 16
TOTAL FM JUL 1 3244 CLOUDY (SCALE 8-10) 11
DPTR FM NORMAL -407
[CDD (BASE 65) ]
TOTAL THIS MO. 3
DPTR FM NORMAL -5 [PRESSURE DATA]
TOTAL FM JAN 1 3 HIGHEST SLP M ON M
DPTR FM NORMAL -6 LOWEST SLP 29.06 ON 31
[REMARKS]
#FINAL-03-22#