000
CXUS53 KLMK 290710
CF6SDF
PRELIMINARY LOCAL CLIMATOLOGICAL DATA (WS FORM: F-6)
STATION: LOUISVILLE KY
MONTH: MARCH
YEAR: 2024
LATITUDE: 38 10 N
LONGITUDE: 85 44 W
TEMPERATURE IN F: :PCPN: SNOW: WIND :SUNSHINE: SKY :PK WND
================================================================================
1 2 3 4 5 6A 6B 7 8 9 10 11 12 13 14 15 16 17 18
12Z AVG MX 2MIN
DY MAX MIN AVG DEP HDD CDD WTR SNW DPTH SPD SPD DIR MIN PSBL S-S WX SPD DR
================================================================================
1 46 34 40 -4 25 0 0.18 T 0 5.7 14 150 M M 10 14 18 150
2 55 43 49 5 16 0 T 0.0 M 3.5 10 240 M M 8 1 13 240
3 72 40 56 12 9 0 0.00 0.0 0 7.4 20 170 M M 6 12 26 160
4 78 56 67 23 0 2 0.00 0.0 0 9.3 17 180 M M 6 24 190
5 71 61 66 21 0 1 0.20 0.0 0 8.9 21 170 M M 10 13 26 170
6 61 51 56 11 9 0 0.57 0.0 0 8.6 20 350 M M 10 18 24 350
7 60 49 55 10 10 0 0.00 0.0 0 6.6 12 80 M M 10 16 100
8 60 52 56 10 9 0 0.39 0.0 0 6.4 18 130 M M 10 1 24 130
9 60 42 51 5 14 0 0.04 0.0 0 12.5 21 300 M M 9 1 29 320
10 52 34 43 -3 22 0 0.00 0.0 0 13.3 25 290 M M 2 35 280
11 61 31 46 -1 19 0 0.00 0.0 0 5.4 15 230 M M 0 18 250
12 70 41 56 9 9 0 0.00 0.0 0 7.0 17 260 M M 4 28 230
13 76 49 63 16 2 0 0.00 0.0 0 6.5 14 210 M M 5 19 250
14 82 57 70 22 0 5 0.44 0.0 0 12.1 38 320 M M 7 13 52 340
15 61 47 54 6 11 0 0.02 0.0 0 7.2 18 170 M M 9 138 26 180
16 66 39 53 5 12 0 0.00 0.0 0 6.8 21 270 M M 3 26 270
17 57 38 48 -1 17 0 0.00 0.0 0 11.9 25 290 M M 5 37 280
18 39 30 35 -14 30 0 T T 0 11.2 20 280 M M 8 27 290
19 57 30 44 -5 21 0 0.00 0.0 0 12.8 25 220 M M 3 36 220
20 65 41 53 3 12 0 0.00 0.0 0 12.7 25 290 M M 2 33 290
21 54 32 43 -7 22 0 0.00 0.0 0 8.1 16 70 M M 3 22 50
22 61 40 51 1 14 0 0.02 0.0 0 3.9 15 350 M M 9 19 350
23 52 36 44 -7 21 0 0.00 0.0 0 15.0 23 10 M M 2 30 10
24 60 32 46 -5 19 0 0.00 0.0 0 9.5 18 100 M M 4 23 100
25 72 49 61 10 4 0 0.04 0.0 0 14.4 29 150 M M 9 41 140
26 69 49 59 7 6 0 0.11 0.0 0 17.3 33 140 M M 8 44 190
27 55 38 47 -5 18 0 0.00 0.0 0 7.5 15 320 M M 5 21 300
28 62 35 49 -3 16 0 0.00 0.0 0 5.6 16 250 M M 1 24 280
================================================================================
SM 1734 1176 367 8 2.01 T 257.1 M 168
================================================================================
AV 61.9 42.0 9.2 FASTST M M 6 MAX(MPH)
MISC ----> 38 320 52 340
================================================================================
NOTES:
# LAST OF SEVERAL OCCURRENCES
COLUMN 17 PEAK WIND IN M.P.H.
PRELIMINARY LOCAL CLIMATOLOGICAL DATA (WS FORM: F-6) , PAGE 2
STATION: LOUISVILLE KY
MONTH: MARCH
YEAR: 2024
LATITUDE: 38 10 N
LONGITUDE: 85 44 W
[TEMPERATURE DATA] [PRECIPITATION DATA] SYMBOLS USED IN COLUMN 16
AVERAGE MONTHLY: 52.0 TOTAL FOR MONTH: 2.01 1 = FOG OR MIST
DPTR FM NORMAL: 4.1 DPTR FM NORMAL: -2.15 2 = FOG REDUCING VISIBILITY
HIGHEST: 82 ON 14 GRTST 24HR 0.77 ON 5- 6 TO 1/4 MILE OR LESS
LOWEST: 30 ON 19,18 3 = THUNDER
SNOW, ICE PELLETS, HAIL 4 = ICE PELLETS
TOTAL MONTH: T 5 = HAIL
GRTST 24HR T ON 1- 1 6 = FREEZING RAIN OR DRIZZLE
GRTST DEPTH: 0 7 = DUSTSTORM OR SANDSTORM:
VSBY 1/2 MILE OR LESS
8 = SMOKE OR HAZE
[NO. OF DAYS WITH] [WEATHER - DAYS WITH] 9 = BLOWING SNOW
X = TORNADO
MAX 32 OR BELOW: 0 0.01 INCH OR MORE: 10
MAX 90 OR ABOVE: 0 0.10 INCH OR MORE: 6
MIN 32 OR BELOW: 5 0.50 INCH OR MORE: 1
MIN 0 OR BELOW: 0 1.00 INCH OR MORE: 0
[HDD (BASE 65) ]
TOTAL THIS MO. 367 CLEAR (SCALE 0-3) 7
DPTR FM NORMAL -119 PTCLDY (SCALE 4-7) 11
TOTAL FM JUL 1 3002 CLOUDY (SCALE 8-10) 10
DPTR FM NORMAL -612
[CDD (BASE 65) ]
TOTAL THIS MO. 8
DPTR FM NORMAL 8 [PRESSURE DATA]
TOTAL FM JAN 1 9 HIGHEST SLP M ON M
DPTR FM NORMAL 8 LOWEST SLP 29.59 ON 26
[REMARKS]