000
CXUS56 KSGX 011145
CF6SDM
PRELIMINARY LOCAL CLIMATOLOGICAL DATA (WS FORM: F-6)
STATION: SAN DIEGO/BROWN
MONTH: JANUARY
YEAR: 2021
LATITUDE: 32 34 N
LONGITUDE: 116 59 W
TEMPERATURE IN F: :PCPN: SNOW: WIND :SUNSHINE: SKY :PK WND
================================================================================
1 2 3 4 5 6A 6B 7 8 9 10 11 12 13 14 15 16 17 18
12Z AVG MX 2MIN
DY MAX MIN AVG DEP HDD CDD WTR SNW DPTH SPD SPD DIR MIN PSBL S-S WX SPD DR
================================================================================
1 72 39 56 1 9 0 0.00 M M 5.7 12 130 M M 0 8 14 130
2 69 42 56 1 9 0 0.00 M M 5.0 10 260 M M 0 14 140
3 68 39 54 -1 11 0 0.00 M M 3.5 13 280 M M 0 18 16 260
4 68 41 55 0 10 0 0.00 M M 4.9 16 280 M M 3 18 22 280
5 62 41 52 -3 13 0 0.00 M M 3.5 12 280 M M 2 128 14 270
6 63 40 52 -3 13 0 0.00 M M 2.8 13 140 M M 1 128 16 140
7 76 40 58 3 7 0 0.00 M M 3.7 14 280 M M 0 128 17 280
8 73 39 56 1 9 0 0.00 M M 4.5 10 120 M M 1 128 14 290
9 76 38 57 2 8 0 0.00 M M 4.5 13 270 M M 0 8 18 270
10 77 41 59 4 6 0 0.00 M M 5.4 14 130 M M 0 8 17 120
11 75 41 58 3 7 0 0.00 M M 4.5 12 130 M M 0 15 280
12 73 40 57 2 8 0 0.00 M M 4.5 13 280 M M 0 8 16 290
13 74 41 58 3 7 0 0.00 M M 4.5 10 290 M M 0 8 13 280
14 87 48 68 13 0 3 0.00 M M 5.7 12 280 M M 0 8 14 270
15 87 51 69 14 0 4 0.00 M M 4.2 10 270 M M 0 8 13 140
16 81 51 66 11 0 1 0.00 M M 4.8 15 150 M M 0 17 140
17 82 50 66 11 0 1 0.00 M M 5.1 13 280 M M 0 15 110
18 71 49 60 5 5 0 0.00 M M 3.2 13 280 M M 2 18 16 280
19 73 43 58 3 7 0 T M M 11.2 30 80 M M 6 18 41 80
20 71 58 65 10 0 0 0.02 M M 10.5 25 90 M M 6 34 90
21 68 50 59 4 6 0 0.01 M 0 4.2 14 260 M M 2 18 17 260
22 66 44 55 0 10 0 0.01 M 0 7.1 18 220 M M 6 18 23 200
23 56 41 49 -6 16 0 0.42 M 0 5.1 18 220 M M 7 18 25 270
24 57 43 50 -5 15 0 0.20 M M 5.2 13 260 M M 8 1 17 210
25 52 45 49 -6 16 0 0.32 M M 17.2 30 280 M M 9 18 41 280
26 55 39 47 -8 18 0 T M M 8.0 25 270 M M 4 34 260
27 60 36 48 -7 17 0 0.00 M M 5.8 12 220 M M 0 14 210
28 64 41 53 -2 12 0 T M M 6.9 16 160 M M 1 8 21 150
29 60 45 53 -2 12 0 1.11 M M 7.4 20 210 M M 8 13 26 210
30 62 41 52 -3 13 0 0.00 M M 4.2 13 270 M M 0 16 280
31 67 42 55 0 10 0 0.00 M M 3.0 8 110 M M 0 12 320
================================================================================
SM 2145 1339 274 9 2.09 M 175.8 M 66
================================================================================
AV 69.2 43.2 5.7 FASTST M M 2 MAX(MPH)
MISC ----> # 30 80 # 41 80
================================================================================
NOTES:
# LAST OF SEVERAL OCCURRENCES
COLUMN 17 PEAK WIND IN M.P.H.
PRELIMINARY LOCAL CLIMATOLOGICAL DATA (WS FORM: F-6) , PAGE 2
STATION: SAN DIEGO/BROWN
MONTH: JANUARY
YEAR: 2021
LATITUDE: 32 34 N
LONGITUDE: 116 59 W
[TEMPERATURE DATA] [PRECIPITATION DATA] SYMBOLS USED IN COLUMN 16
AVERAGE MONTHLY: 56.2 TOTAL FOR MONTH: 2.09 1 = FOG OR MIST
DPTR FM NORMAL: 1.3 DPTR FM NORMAL: -0.39 2 = FOG REDUCING VISIBILITY
HIGHEST: 87 ON 15,14 GRTST 24HR 1.11 ON 29-29 TO 1/4 MILE OR LESS
LOWEST: 36 ON 27 3 = THUNDER
SNOW, ICE PELLETS, HAIL 4 = ICE PELLETS
TOTAL MONTH: M 5 = HAIL
GRTST 24HR M ON M 6 = FREEZING RAIN OR DRIZZLE
GRTST DEPTH: 0 7 = DUSTSTORM OR SANDSTORM:
VSBY 1/2 MILE OR LESS
8 = SMOKE OR HAZE
[NO. OF DAYS WITH] [WEATHER - DAYS WITH] 9 = BLOWING SNOW
X = TORNADO
MAX 32 OR BELOW: 0 0.01 INCH OR MORE: 7
MAX 90 OR ABOVE: 0 0.10 INCH OR MORE: 4
MIN 32 OR BELOW: 0 0.50 INCH OR MORE: 1
MIN 0 OR BELOW: 0 1.00 INCH OR MORE: 1
[HDD (BASE 65) ]
TOTAL THIS MO. 274 CLEAR (SCALE 0-3) 23
DPTR FM NORMAL -44 PTCLDY (SCALE 4-7) 7
TOTAL FM JUL 1 697 CLOUDY (SCALE 8-10) 1
DPTR FM NORMAL -199
[CDD (BASE 65) ]
TOTAL THIS MO. 9
DPTR FM NORMAL 6 [PRESSURE DATA]
TOTAL FM JAN 1 9 HIGHEST SLP 30.29 ON 2
DPTR FM NORMAL 6 LOWEST SLP 29.68 ON 19
[REMARKS]
#FINAL-01-21#