000
CXUS55 KSEW 031528
CF6SEA
PRELIMINARY LOCAL CLIMATOLOGICAL DATA (WS FORM: F-6)
STATION: SEATTLE-TACOMA WA AIRPORT
MONTH: JUNE
YEAR: 2023
LATITUDE: 47 27 N
LONGITUDE: 122 18 W
TEMPERATURE IN F: :PCPN: SNOW: WIND :SUNSHINE: SKY :PK WND
================================================================================
1 2 3 4 5 6A 6B 7 8 9 10 11 12 13 14 15 16 17 18
12Z AVG MX 2MIN
DY MAX MIN AVG DEP HDD CDD WTR SNW DPTH SPD SPD DIR MIN PSBL S-S WX SPD DR
================================================================================
1 69 50 60 0 5 0 0.00 0.0 0 7.3 13 350 M M 4 21 360
2 72 50 61 1 4 0 0.00 0.0 0 4.8 12 220 M M 3 16 220
3 74 49 62 2 3 0 0.00 0.0 0 5.3 15 30 M M 1 20 30
4 70 52 61 1 4 0 0.00 0.0 0 12.3 18 340 M M 2 26 30
5 73 49 61 1 4 0 0.00 0.0 0 12.7 23 340 M M 1 30 340
6 82 55 69 8 0 4 0.00 0.0 0 9.9 16 30 M M 0 23 350
7 87 56 72 11 0 7 0.00 0.0 0 5.0 12 200 M M 6 16 210
8 73 53 63 2 2 0 T 0.0 0 8.8 15 230 M M 7 21 220
9 56 52 54 -7 11 0 0.19 0.0 0 6.4 14 220 M M 10 1 18 220
10 62 52 57 -4 8 0 0.23 0.0 0 5.3 9 150 M M 9 1 14 160
11 71 54 63 2 2 0 0.00 0.0 0 7.5 14 340 M M 5 1 21 340
12 84 57 71 10 0 6 0.00 0.0 0 5.2 13 310 M M 2 17 330
13 66 52 59 -3 6 0 0.00 0.0 0 11.6 20 220 M M 7 8 26 220
14 66 52 59 -3 6 0 0.00 0.0 0 9.0 20 180 M M 8 26 180
15 72 47 60 -2 5 0 0.00 0.0 0 5.3 12 280 M M 5 17 220
16 72 52 62 0 3 0 0.13 0.0 0 6.4 16 250 M M 8 1 21 260
17 59 51 55 -7 10 0 0.07 0.0 0 7.4 16 40 M M 10 1 20 30
18 62 47 55 -7 10 0 0.17 0.0 0 7.3 20 230 M M 8 1 27 210
19 62 47 55 -7 10 0 0.01 0.0 0 8.9 16 220 M M 9 24 210
20 60 50 55 -8 10 0 0.42 0.0 0 7.7 13 220 M M 10 1 19 190
21 71 51 61 -2 4 0 0.00 0.0 0 6.2 13 310 M M 7 20 300
22 78 51 65 2 0 0 0.00 0.0 0 8.0 13 30 M M 4 20 10
23 81 54 68 5 0 3 0.00 0.0 0 6.4 21 220 M M 3 26 220
24 71 52 62 -1 3 0 0.00 0.0 0 6.4 12 260 M M 6 15 310
25 79 51 65 1 0 0 0.00 0.0 0 6.1 13 10 M M 3 18 30
26 74 53 64 0 1 0 0.00 0.0 0 7.3 12 200 M M 6 1 17 220
27 74 54 64 0 1 0 0.00 0.0 0 6.9 13 210 M M 7 17 210
28 79 54 67 3 0 2 0.00 0.0 0 5.9 13 210 M M 5 1 17 210
29 81 55 68 4 0 3 0.00 0.0 0 5.7 14 30 M M 5 128 17 30
30 79 58 69 5 0 4 0.00 0.0 0 7.6 21 40 M M 2 26 40
================================================================================
SM 2159 1560 112 29 1.22 0.0 220.6 M 163
================================================================================
AV 72.0 52.0 7.4 FASTST M M 5 MAX(MPH)
MISC ----> 23 340 30 340
================================================================================
NOTES:
# LAST OF SEVERAL OCCURRENCES
COLUMN 17 PEAK WIND IN M.P.H.
PRELIMINARY LOCAL CLIMATOLOGICAL DATA (WS FORM: F-6) , PAGE 2
STATION: SEATTLE-TACOMA WA AIRPORT
MONTH: JUNE
YEAR: 2023
LATITUDE: 47 27 N
LONGITUDE: 122 18 W
[TEMPERATURE DATA] [PRECIPITATION DATA] SYMBOLS USED IN COLUMN 16
AVERAGE MONTHLY: 62.0 TOTAL FOR MONTH: 1.22 1 = FOG OR MIST
DPTR FM NORMAL: 0.0 DPTR FM NORMAL: -0.23 2 = FOG REDUCING VISIBILITY
HIGHEST: 87 ON 7 GRTST 24HR 0.42 ON 19-20 TO 1/4 MILE OR LESS
LOWEST: 47 ON 19,18 3 = THUNDER
SNOW, ICE PELLETS, HAIL 4 = ICE PELLETS
TOTAL MONTH: 0.0 INCH 5 = HAIL
GRTST 24HR 0.0 6 = FREEZING RAIN OR DRIZZLE
GRTST DEPTH: 0 7 = DUSTSTORM OR SANDSTORM:
VSBY 1/2 MILE OR LESS
8 = SMOKE OR HAZE
[NO. OF DAYS WITH] [WEATHER - DAYS WITH] 9 = BLOWING SNOW
X = TORNADO
MAX 32 OR BELOW: 0 0.01 INCH OR MORE: 7
MAX 90 OR ABOVE: 0 0.10 INCH OR MORE: 5
MIN 32 OR BELOW: 0 0.50 INCH OR MORE: 0
MIN 0 OR BELOW: 0 1.00 INCH OR MORE: 0
[HDD (BASE 65) ]
TOTAL THIS MO. 112 CLEAR (SCALE 0-3) 6
DPTR FM NORMAL -6 PTCLDY (SCALE 4-7) 17
TOTAL FM JUL 1 4433 CLOUDY (SCALE 8-10) 7
DPTR FM NORMAL 58
[CDD (BASE 65) ]
TOTAL THIS MO. 29
DPTR FM NORMAL 0 [PRESSURE DATA]
TOTAL FM JAN 1 64 HIGHEST SLP 30.29 ON 4
DPTR FM NORMAL 25 LOWEST SLP 29.79 ON 6
[REMARKS]
#FINAL-06-23#
CORRECTED ERROR ON THE 29TH OF JUNE.