000
CXUS54 KFWD 280731
CF6SEP
PRELIMINARY LOCAL CLIMATOLOGICAL DATA (WS FORM: F-6)
STATION: STEPHENVILLE
MONTH: MARCH
YEAR: 2024
LATITUDE: 32 13 N
LONGITUDE: 98 11 W
TEMPERATURE IN F: :PCPN: SNOW: WIND :SUNSHINE: SKY :PK WND
================================================================================
1 2 3 4 5 6A 6B 7 8 9 10 11 12 13 14 15 16 17 18
12Z AVG MX 2MIN
DY MAX MIN AVG DEP HDD CDD WTR SNW DPTH SPD SPD DIR MIN PSBL S-S WX SPD DR
================================================================================
1 75 33 54 3 11 0 0.00 M M 4.7 10 210 M M 2 16 230
2 83 46 65 14 0 0 0.00 M M 6.9 13 220 M M 0 17 220
3 81 56 69 18 0 4 0.00 M M 9.2 14 170 M M 1 21 210
4 82 60 71 20 0 6 0.00 M M 7.3 17 220 M M 2 22 220
5 77 56 67 15 0 2 0.00 M M 6.1 14 330 M M 0 17 330
6 78 48 63 11 2 0 0.29 M M 5.1 17 330 M M 2 29 330
7 66 60 63 11 2 0 3.08 M M 6.9 15 20 M M 7 22 140
8 71 41 56 4 9 0 0.11 M M 10.5 22 310 M M 8 29 320
9 57 39 48 -5 17 0 0.00 M M 13.7 22 340 M M 4 30 340
10 63 36 50 -3 15 0 0.00 M M 2.7 7 80 M M 0 M M
11 70 48 59 6 6 0 0.00 M M 5.3 9 180 M M 4 16 180
12 78 51 65 11 0 0 0.00 M M 9.0 17 200 M M 3 26 210
13 82 57 70 16 0 5 0.00 M M 8.8 15 210 M M 2 21 210
14 79 67 73 19 0 8 0.00 M M 8.3 16 160 M M 8 26 160
15 69 50 60 6 5 0 0.45 M M 10.3 17 50 M M 7 26 50
16 58 54 56 1 9 0 0.38 M M 6.7 10 70 M M 10 M M
17 62 50 56 1 9 0 0.09 M M 8.6 15 40 M M 9 21 10
18 60 44 52 -3 13 0 0.00 M M 5.7 13 50 M M 2 20 40
19 67 38 53 -3 12 0 0.00 M M 3.9 8 190 M M 0 17 180
20 70 48 59 3 6 0 0.00 M M 6.8 10 160 M M 1 16 230
21 68 52 60 4 5 0 0.96 M M 5.2 8 110 M M 7 28 110
22 70 52 61 5 4 0 0.00 M M 9.1 17 350 M M 5 26 350
23 67 47 57 0 8 0 0.00 M M 6.4 12 140 M M 1 16 140
24 71 58 65 8 0 0 0.33 M M 14.0 24 160 M M 5 38 170
25 72 44 58 1 7 0 0.10 M M 9.1 23 270 M M 4 31 270
26 59 36 48 -10 17 0 0.00 M M 7.2 17 340 M M 0 18 320
27 67 40 54 -4 11 0 0.10 M M 4.3 12 170 M M 1 23 100
================================================================================
SM 1902 1311 168 25 5.89 M 201.7 M 95
================================================================================
AV 70.4 48.6 7.5 FASTST M M 4 MAX(MPH)
MISC ----> 24 160 38 170
================================================================================
NOTES:
# LAST OF SEVERAL OCCURRENCES
COLUMN 17 PEAK WIND IN M.P.H.
PRELIMINARY LOCAL CLIMATOLOGICAL DATA (WS FORM: F-6) , PAGE 2
STATION: STEPHENVILLE
MONTH: MARCH
YEAR: 2024
LATITUDE: 32 13 N
LONGITUDE: 98 11 W
[TEMPERATURE DATA] [PRECIPITATION DATA] SYMBOLS USED IN COLUMN 16
AVERAGE MONTHLY: 59.5 TOTAL FOR MONTH: 5.89 1 = FOG OR MIST
DPTR FM NORMAL: 5.3 DPTR FM NORMAL: 3.37 2 = FOG REDUCING VISIBILITY
HIGHEST: 83 ON 2 GRTST 24HR 3.08 ON 7- 7 TO 1/4 MILE OR LESS
LOWEST: 33 ON 1 3 = THUNDER
SNOW, ICE PELLETS, HAIL 4 = ICE PELLETS
TOTAL MONTH: M 5 = HAIL
GRTST 24HR M ON M 6 = FREEZING RAIN OR DRIZZLE
GRTST DEPTH: M ON M 7 = DUSTSTORM OR SANDSTORM:
VSBY 1/2 MILE OR LESS
8 = SMOKE OR HAZE
[NO. OF DAYS WITH] [WEATHER - DAYS WITH] 9 = BLOWING SNOW
X = TORNADO
MAX 32 OR BELOW: 0 0.01 INCH OR MORE: 10
MAX 90 OR ABOVE: 0 0.10 INCH OR MORE: 9
MIN 32 OR BELOW: 0 0.50 INCH OR MORE: 2
MIN 0 OR BELOW: 0 1.00 INCH OR MORE: 1
[HDD (BASE 65) ]
TOTAL THIS MO. 168 CLEAR (SCALE 0-3) 14
DPTR FM NORMAL -137 PTCLDY (SCALE 4-7) 11
TOTAL FM JUL 1 1896 CLOUDY (SCALE 8-10) 2
DPTR FM NORMAL -651
[CDD (BASE 65) ]
TOTAL THIS MO. 25
DPTR FM NORMAL 16 [PRESSURE DATA]
TOTAL FM JAN 1 47 HIGHEST SLP M ON M
DPTR FM NORMAL 35 LOWEST SLP M ON M
[REMARKS]