000
CXUS53 KLSX 011500
CF6SET
PRELIMINARY LOCAL CLIMATOLOGICAL DATA (WS FORM: F-6)
STATION: ST_CHARLES MO
MONTH: JANUARY
YEAR: 2024
LATITUDE: 38 55 N
LONGITUDE: 90 26 W
TEMPERATURE IN F: :PCPN: SNOW: WIND :SUNSHINE: SKY :PK WND
================================================================================
1 2 3 4 5 6A 6B 7 8 9 10 11 12 13 14 15 16 17 18
12Z AVG MX 2MIN
DY MAX MIN AVG DEP HDD CDD WTR SNW DPTH SPD SPD DIR MIN PSBL S-S WX SPD DR
================================================================================
1 35 31 33 1 32 0 0.00 0.0 0 7.9 13 300 M M 10 18 310
2 42 21 32 0 33 0 0.00 0.0 0 4.3 14 210 M M 0 1 18 210
3 38 22 30 -2 35 0 0.00 0.0 0 4.0 13 330 M M 7 1 17 330
4 42 24 33 2 32 0 0.00 0.0 0 2.7 8 140 M M 6 10 160
5 39 24 32 1 33 0 0.03 M M 8.5 17 100 M M 4 1 23 80
6 37 33 35 4 30 0 0.05 M M 6.1 15 270 M M 10 1 19 270
7 38 27 33 2 32 0 T M 0 7.9 17 270 M M 9 1 23 250
8 39 27 33 2 32 0 0.40 M 0 13.4 25 120 M M 5 1 33 110
9 40 33 37 6 28 0 0.43 M 0 13.3 28 290 M M 10 1 39 270
10 41 28 35 4 30 0 0.00 0.0 M 11.8 25 280 M M 6 44 310
11 46 30 38 7 27 0 0.02 0.0 0 11.0 22 280 M M 3 3 30 290
12 47 16 32 2 33 0 0.53 M 0 18.2 35 260 M M 10 128 51 270
13 18 0 9 -21 56 0 T M M 19.4 30 290 M M 9 8 40 280
14 1 -8 -3 -33 68 0 0.00 0.0 M 13.6 28 290 M M 3 8 35 280
15 9 -4 3 -27 62 0 T M M 8.7 17 290 M M 4 8 24 290
16 14 -1 7 -23 58 0 T M M 11.1 21 280 M M 2 8 27 270
17 39 3 21 -9 44 0 0.00 0.0 M 8.5 16 170 M M 0 21 180
18 40 24 32 2 33 0 T M M 6.4 17 350 M M 5 18 26 340
19 24 5 15 -15 50 0 T M M 15.7 26 320 M M 4 8 35 310
20 20 1 11 -19 54 0 0.00 0.0 M 7.2 14 300 M M 0 18 310
21 30 2 16 -14 49 0 0.00 0.0 M 10.7 20 170 M M 2 25 170
22 34 29 32 2 33 0 0.75 0.0 M 9.1 15 180 M M 10 16 20 180
23 44 34 39 9 26 0 0.58 0.0 0 5.0 12 50 M M 10 12 14 60
24 44 37 41 11 24 0 0.33 0.0 0 4.4 9 30 M M 10 12 11 30
25 42 35 39 8 26 0 0.54 0.0 0 4.0 10 30 M M 10 12 13 10
26 43 38 41 10 24 0 0.00 0.0 0 5.7 14 270 M M 10 1 20 270
27 41 37 39 8 26 0 0.13 0.0 0 7.9 15 330 M M 10 1 22 340
28 38 34 36 5 29 0 0.00 0.0 0 10.0 17 320 M M 10 1 25 300
29 52 31 42 11 23 0 0.00 0.0 0 3.1 10 160 M M 5 12 13 160
30 42 32 37 6 28 0 0.01 M M 8.6 20 300 M M 9 26 330
31 50 33 42 10 23 0 0.00 M M 4.6 10 220 M M 5 13 200
================================================================================
SM 1109 678 1113 0 3.80 0.0 272.8 M 198
================================================================================
AV 35.8 21.9 8.8 FASTST M M 6 MAX(MPH)
MISC ----> 35 260 51 270
================================================================================
NOTES:
# LAST OF SEVERAL OCCURRENCES
COLUMN 17 PEAK WIND IN M.P.H.
PRELIMINARY LOCAL CLIMATOLOGICAL DATA (WS FORM: F-6) , PAGE 2
STATION: ST_CHARLES MO
MONTH: JANUARY
YEAR: 2024
LATITUDE: 38 55 N
LONGITUDE: 90 26 W
[TEMPERATURE DATA] [PRECIPITATION DATA] SYMBOLS USED IN COLUMN 16
AVERAGE MONTHLY: 28.8 TOTAL FOR MONTH: 3.80 1 = FOG OR MIST
DPTR FM NORMAL: -2.0 DPTR FM NORMAL: 1.31 2 = FOG REDUCING VISIBILITY
HIGHEST: 52 ON 29 GRTST 24HR 0.87 ON 22-23 TO 1/4 MILE OR LESS
LOWEST: -8 ON 14 3 = THUNDER
SNOW, ICE PELLETS, HAIL 4 = ICE PELLETS
TOTAL MONTH: 0.0 INCH 5 = HAIL
GRTST 24HR 0.0 6 = FREEZING RAIN OR DRIZZLE
GRTST DEPTH: 0 7 = DUSTSTORM OR SANDSTORM:
VSBY 1/2 MILE OR LESS
8 = SMOKE OR HAZE
[NO. OF DAYS WITH] [WEATHER - DAYS WITH] 9 = BLOWING SNOW
X = TORNADO
MAX 32 OR BELOW: 7 0.01 INCH OR MORE: 12
MAX 90 OR ABOVE: 0 0.10 INCH OR MORE: 8
MIN 32 OR BELOW: 22 0.50 INCH OR MORE: 4
MIN 0 OR BELOW: 4 1.00 INCH OR MORE: 0
[HDD (BASE 65) ]
TOTAL THIS MO. 1113 CLEAR (SCALE 0-3) 7
DPTR FM NORMAL 53 PTCLDY (SCALE 4-7) 10
TOTAL FM JUL 1 2654 CLOUDY (SCALE 8-10) 14
DPTR FM NORMAL -228
[CDD (BASE 65) ]
TOTAL THIS MO. 0
DPTR FM NORMAL 0 [PRESSURE DATA]
TOTAL FM JAN 1 0 HIGHEST SLP 30.72 ON 20
DPTR FM NORMAL 0 LOWEST SLP 29.08 ON 9
[REMARKS]
#FINAL-01-24#