000
CXUS52 KMLB 011223
CF6SFB
PRELIMINARY LOCAL CLIMATOLOGICAL DATA (WS FORM: F-6)
STATION: SANFORD
MONTH: APRIL
YEAR: 2022
LATITUDE: 28 46 N
LONGITUDE: 81 15 W
TEMPERATURE IN F: :PCPN: SNOW: WIND :SUNSHINE: SKY :PK WND
================================================================================
1 2 3 4 5 6A 6B 7 8 9 10 11 12 13 14 15 16 17 18
12Z AVG MX 2MIN
DY MAX MIN AVG DEP HDD CDD WTR SNW DPTH SPD SPD DIR MIN PSBL S-S WX SPD DR
================================================================================
1 80 67 74 4 0 9 1.82 0.0 0 5.8 17 230 M M 9 13 22 220
2 79 64 72 2 0 7 1.73 0.0 0 4.8 25 290 M M 7 123 33 280
3 79 62 71 1 0 6 0.00 0.0 0 6.2 15 350 M M 2 1 21 350
4 83 57 70 0 0 5 0.00 0.0 0 5.9 16 120 M M 1 20 100
5 90 65 78 8 0 13 0.01 0.0 0 9.1 20 200 M M 2 3 27 160
6 91 72 82 11 0 17 0.02 0.0 0 8.4 21 190 M M 2 3 26 180
7 82 65 74 3 0 9 0.37 0.0 0 12.6 29 230 M M 5 13 40 230
8 74 59 67 -4 0 2 0.00 0.0 0 13.6 25 260 M M 0 33 240
9 72 52 62 -9 3 0 0.00 0.0 0 12.8 31 270 M M 2 40 270
10 74 45 60 -11 5 0 0.00 0.0 0 5.0 14 120 M M 0 16 10
11 80 51 66 -6 0 1 0.00 0.0 0 6.6 17 110 M M 0 23 130
12 83 60 72 0 0 7 0.00 0.0 0 7.9 17 110 M M 0 22 130
13 84 61 73 1 0 8 0.00 0.0 0 7.7 18 120 M M 1 22 130
14 87 66 77 5 0 12 0.01 0.0 0 5.1 15 160 M M 4 18 170
15 84 68 76 4 0 11 T 0.0 0 7.6 23 80 M M 4 3 29 80
16 88 66 77 5 0 12 0.00 0.0 0 6.4 16 110 M M 1 1 19 80
17 90 70 80 7 0 15 0.09 0.0 0 7.2 17 120 M M 2 3 22 130
18 86 71 79 6 0 14 0.00 0.0 0 8.6 17 260 M M 2 21 280
19 76 57 67 -6 0 2 0.00 0.0 0 11.0 20 10 M M 0 25 20
20 79 57 68 -5 0 3 0.00 0.0 0 11.5 23 70 M M 5 28 90
21 81 64 73 0 0 8 0.00 0.0 0 11.4 22 60 M M 6 29 50
22 82 64 73 -1 0 8 0.00 0.0 0 10.8 23 70 M M 6 28 80
23 84 63 74 0 0 9 0.00 0.0 0 9.9 21 90 M M 3 28 90
24 85 64 75 1 0 10 0.00 0.0 0 8.7 21 110 M M 3 27 120
25 87 65 76 2 0 11 0.00 0.0 0 6.7 17 100 M M 2 22 100
26 87 63 75 1 0 10 0.00 0.0 0 5.0 16 120 M M 0 21 70
27 90 69 80 6 0 15 0.45 0.0 0 7.7 17 60 M M 4 1 21 230
28 82 66 74 -1 0 9 0.00 0.0 0 11.5 24 50 M M 4 30 60
29 82 63 73 -2 0 8 0.00 0.0 0 11.1 21 80 M M 4 26 90
30 82 65 74 -1 0 9 0.00 0.0 0 7.7 18 80 M M 3 23 100
================================================================================
SM 2483 1881 8 250 4.50 0.0 254.3 M 84
================================================================================
AV 82.8 62.7 8.5 FASTST M M 3 MAX(MPH)
MISC ----> 31 270 # 40 230
================================================================================
NOTES:
# LAST OF SEVERAL OCCURRENCES
COLUMN 17 PEAK WIND IN M.P.H.
PRELIMINARY LOCAL CLIMATOLOGICAL DATA (WS FORM: F-6) , PAGE 2
STATION: SANFORD
MONTH: APRIL
YEAR: 2022
LATITUDE: 28 46 N
LONGITUDE: 81 15 W
[TEMPERATURE DATA] [PRECIPITATION DATA] SYMBOLS USED IN COLUMN 16
AVERAGE MONTHLY: 72.7 TOTAL FOR MONTH: 4.50 1 = FOG OR MIST
DPTR FM NORMAL: 0.4 DPTR FM NORMAL: 2.15 2 = FOG REDUCING VISIBILITY
HIGHEST: 91 ON 6 GRTST 24HR 2.86 ON 31- 1 TO 1/4 MILE OR LESS
LOWEST: 45 ON 10 3 = THUNDER
SNOW, ICE PELLETS, HAIL 4 = ICE PELLETS
TOTAL MONTH: 0.0 INCH 5 = HAIL
GRTST 24HR 0.0 6 = FREEZING RAIN OR DRIZZLE
GRTST DEPTH: 0 7 = DUSTSTORM OR SANDSTORM:
VSBY 1/2 MILE OR LESS
8 = SMOKE OR HAZE
[NO. OF DAYS WITH] [WEATHER - DAYS WITH] 9 = BLOWING SNOW
X = TORNADO
MAX 32 OR BELOW: 0 0.01 INCH OR MORE: 8
MAX 90 OR ABOVE: 4 0.10 INCH OR MORE: 4
MIN 32 OR BELOW: 0 0.50 INCH OR MORE: 2
MIN 0 OR BELOW: 0 1.00 INCH OR MORE: 2
[HDD (BASE 65) ]
TOTAL THIS MO. 8 CLEAR (SCALE 0-3) 17
DPTR FM NORMAL -3 PTCLDY (SCALE 4-7) 12
TOTAL FM JUL 1 336 CLOUDY (SCALE 8-10) 1
DPTR FM NORMAL -217
[CDD (BASE 65) ]
TOTAL THIS MO. 250
DPTR FM NORMAL 20 [PRESSURE DATA]
TOTAL FM JAN 1 558 HIGHEST SLP 30.33 ON 21
DPTR FM NORMAL 96 LOWEST SLP 29.77 ON 7
[REMARKS]
#FINAL-04-22#