957
CXUS56 KMTR 031818
CF6SFD
PRELIMINARY LOCAL CLIMATOLOGICAL DATA (WS FORM: F-6)
STATION: SAN FRANCISCO DWTN CA
MONTH: MARCH
YEAR: 2020
LATITUDE: 37 46 N
LONGITUDE: 122 26 W
TEMPERATURE IN F: :PCPN: SNOW: WIND :SUNSHINE: SKY :PK WND
================================================================================
1 2 3 4 5 6A 6B 7 8 9 10 11 12 13 14 15 16 17 18
12Z AVG MX 2MIN
DY MAX MIN AVG DEP HDD CDD WTR SNW DPTH SPD SPD DIR MIN PSBL S-S WX SPD DR
================================================================================
1 59 46 53 -2 12 0 0.00 0.0 0 M M M M M M M M
2 71 54 63 8 2 0 0.00 0.0 0 M M M M M M M M
3 73 52 63 8 2 0 0.00 0.0 0 M M M M M M M M
4 74 51 63 8 2 0 0.00 0.0 0 M M M M M M M M
5 62 51 57 2 8 0 0.00 0.0 0 M M M M M M M M
6 56 50 53 -2 12 0 0.01 0.0 0 M M M M M M M M
7 55 49 52 -3 13 0 0.17 M 0 M M M M M M M M
8 56 46 51 -4 14 0 0.00 0.0 0 M M M M M M M M
9 64 50 57 2 8 0 0.00 0.0 0 M M M M M M M M
10 71 52 62 7 3 0 0.00 M 0 M M M M M M M M
11 65 51 58 3 7 0 0.00 M 0 M M M M M M M M
12 62 47 55 0 10 0 0.00 M 0 M M M M M M M M
13 61 50 56 1 9 0 0.00 M 0 M M M M M M M M
14 52 48 50 -5 15 0 0.59 M 0 M M M M M M M M
15 54 46 50 -5 15 0 0.30 M 0 M M M M M M M M
16 54 42 48 -7 17 0 0.07 M 0 M M M M M M M M
17 55 44 50 -5 15 0 0.00 M 0 M M M M M M M M
18 55 47 51 -4 14 0 0.03 M 0 M M M M M M M M
19 59 47 53 -2 12 0 0.00 M 0 M M M M M M M M
20 64 48 56 1 9 0 0.00 M 0 M M M M M M M M
21 63 49 56 1 9 0 0.00 M 0 M M M M M M M M
22 67 51 59 4 6 0 0.00 M 0 M M M M M M M M
23 55 50 53 -2 12 0 0.00 M 0 M M M M M M M M
24 57 50 54 -1 11 0 0.08 M 0 M M M M M M M M
25 55 45 50 -5 15 0 0.00 M 0 M M M M M M M M
26 57 43 50 -5 15 0 0.00 M 0 M M M M M M M M
27 56 47 52 -3 13 0 0.00 M 0 M M M M M M M M
28 57 51 54 -1 11 0 0.05 M 0 M M M M M M M M
29 58 51 55 0 10 0 0.14 M 0 M M M M M M M M
30 60 52 56 0 9 0 0.00 M 0 M M M M M M M M
31 62 52 57 1 8 0 0.00 M 0 M M M M M M M M
================================================================================
SM 1869 1512 318 0 1.44 0.0 M M M
================================================================================
AV 60.3 48.8 M FASTST M M M MAX(MPH)
MISC ----> M M M M
================================================================================
NOTES:
# LAST OF SEVERAL OCCURRENCES
COLUMN 17 PEAK WIND IN M.P.H.
PRELIMINARY LOCAL CLIMATOLOGICAL DATA (WS FORM: F-6) , PAGE 2
STATION: SAN FRANCISCO DWTN CA
MONTH: MARCH
YEAR: 2020
LATITUDE: 37 46 N
LONGITUDE: 122 26 W
[TEMPERATURE DATA] [PRECIPITATION DATA] SYMBOLS USED IN COLUMN 16
AVERAGE MONTHLY: 54.5 TOTAL FOR MONTH: 1.44 1 = FOG OR MIST
DPTR FM NORMAL: -0.6 DPTR FM NORMAL: -1.82 2 = FOG REDUCING VISIBILITY
HIGHEST: 74 ON 4 GRTST 24HR 0.66 ON 14-15 TO 1/4 MILE OR LESS
LOWEST: 42 ON 16 3 = THUNDER
SNOW, ICE PELLETS, HAIL 4 = ICE PELLETS
TOTAL MONTH: 0.0 INCH 5 = HAIL
GRTST 24HR 0.0 6 = FREEZING RAIN OR DRIZZLE
GRTST DEPTH: 0 7 = DUSTSTORM OR SANDSTORM:
VSBY 1/2 MILE OR LESS
8 = SMOKE OR HAZE
[NO. OF DAYS WITH] [WEATHER - DAYS WITH] 9 = BLOWING SNOW
X = TORNADO
MAX 32 OR BELOW: 0 0.01 INCH OR MORE: 9
MAX 90 OR ABOVE: 0 0.10 INCH OR MORE: 4
MIN 32 OR BELOW: 0 0.50 INCH OR MORE: 1
MIN 0 OR BELOW: 0 1.00 INCH OR MORE: 0
[HDD (BASE 65) ]
TOTAL THIS MO. 318 CLEAR (SCALE 0-3) 0
DPTR FM NORMAL 11 PTCLDY (SCALE 4-7) 0
TOTAL FM JUL 1 1856 CLOUDY (SCALE 8-10) 31
DPTR FM NORMAL -477
[CDD (BASE 65) ]
TOTAL THIS MO. 0
DPTR FM NORMAL -2 [PRESSURE DATA]
TOTAL FM JAN 1 0 HIGHEST SLP M ON M
DPTR FM NORMAL -2 LOWEST SLP 9999.00 ON 4
[REMARKS]
#FINAL-03-20#