000
CXUS55 KBYZ 011000
CF6SHR
PRELIMINARY LOCAL CLIMATOLOGICAL DATA (WS FORM: F-6)
STATION: SHERIDAN WY
MONTH: APRIL
YEAR: 2023
LATITUDE: 44 46 N
LONGITUDE: 106 58 W
TEMPERATURE IN F: :PCPN: SNOW: WIND :SUNSHINE: SKY :PK WND
================================================================================
1 2 3 4 5 6A 6B 7 8 9 10 11 12 13 14 15 16 17 18
12Z AVG MX 2MIN
DY MAX MIN AVG DEP HDD CDD WTR SNW DPTH SPD SPD DIR MIN PSBL S-S WX SPD DR
================================================================================
1 53 21 37 -3 28 0 0.05 M M 9.2 43 330 M M 2 1 51 310
2 43 18 31 -10 34 0 0.01 M M 7.5 25 290 M M 4 1 31 290
3 41 22 32 -9 33 0 0.05 M M 4.3 15 180 M M 3 1 18 180
4 30 21 26 -15 39 0 0.39 M M 12.0 22 310 M M 10 1 26 310
5 31 17 24 -17 41 0 T M M 7.9 21 340 M M 5 24 340
6 41 16 29 -12 36 0 0.00 M M 8.6 21 250 M M 0 26 140
7 47 14 31 -11 34 0 0.00 M M 2.3 8 300 M M 0 9 270
8 53 32 43 1 22 0 0.00 M M 4.4 16 260 M M 0 23 280
9 59 29 44 2 21 0 0.00 M M 3.5 9 190 M M 0 10 190
10 69 32 51 9 14 0 0.00 M M 3.5 14 210 M M 0 17 200
11 75 33 54 12 11 0 0.00 M M 6.6 21 230 M M 0 23 290
12 57 36 47 5 18 0 0.00 M M 7.5 20 290 M M 2 21 290
13 46 32 39 -3 26 0 T M M 10.5 21 330 M M 5 24 330
14 42 29 36 -7 29 0 0.00 M M 7.1 17 340 M M 8 21 340
15 50 26 38 -5 27 0 0.00 M M 9.4 25 340 M M 3 32 350
16 63 22 43 0 22 0 0.00 M M 4.1 15 130 M M 0 20 120
17 67 35 51 8 14 0 0.00 M M 4.9 16 340 M M 2 21 340
18 56 32 44 0 21 0 0.45 M M 8.7 25 300 M M 8 13 30 300
19 45 32 39 -5 26 0 0.00 M M 17.5 35 330 M M 7 42 320
20 43 25 34 -10 31 0 0.04 M M 21.9 40 320 M M 9 128 47 320
21 37 16 27 -17 38 0 T M M 10.2 20 350 M M 9 26 350
22 47 26 37 -7 28 0 T M M 5.1 16 320 M M 7 22 330
23 59 26 43 -2 22 0 0.00 M M 4.8 14 170 M M 3 18 170
24 66 29 48 3 17 0 0.00 M M 4.6 16 130 M M 1 20 120
25 65 32 49 4 16 0 0.00 M M 3.6 14 300 M M 4 18 320
26 65 34 50 4 15 0 0.00 M M 7.4 23 340 M M 3 30 350
27 57 36 47 1 18 0 0.27 M M 15.7 36 330 M M 9 18 47 340
28 65 30 48 2 17 0 0.00 M M 10.7 23 340 M M 1 36 330
29 72 40 56 10 9 0 0.00 M M 5.8 17 290 M M 2 20 290
30 70 32 51 4 14 0 0.00 M M 4.0 12 90 M M 0 14 160
================================================================================
SM 1614 825 721 0 1.26 M 233.3 M 107
================================================================================
AV 53.8 27.5 7.8 FASTST M M 4 MAX(MPH)
MISC ----> 43 330 51 310
================================================================================
NOTES:
# LAST OF SEVERAL OCCURRENCES
COLUMN 17 PEAK WIND IN M.P.H.
PRELIMINARY LOCAL CLIMATOLOGICAL DATA (WS FORM: F-6) , PAGE 2
STATION: SHERIDAN WY
MONTH: APRIL
YEAR: 2023
LATITUDE: 44 46 N
LONGITUDE: 106 58 W
[TEMPERATURE DATA] [PRECIPITATION DATA] SYMBOLS USED IN COLUMN 16
AVERAGE MONTHLY: 40.7 TOTAL FOR MONTH: 1.26 1 = FOG OR MIST
DPTR FM NORMAL: -2.5 DPTR FM NORMAL: -0.61 2 = FOG REDUCING VISIBILITY
HIGHEST: 75 ON 11 GRTST 24HR 0.45 ON 18-18 TO 1/4 MILE OR LESS
LOWEST: 14 ON 7 3 = THUNDER
SNOW, ICE PELLETS, HAIL 4 = ICE PELLETS
TOTAL MONTH: M 5 = HAIL
GRTST 24HR M ON M 6 = FREEZING RAIN OR DRIZZLE
GRTST DEPTH: M ON M 7 = DUSTSTORM OR SANDSTORM:
VSBY 1/2 MILE OR LESS
8 = SMOKE OR HAZE
[NO. OF DAYS WITH] [WEATHER - DAYS WITH] 9 = BLOWING SNOW
X = TORNADO
MAX 32 OR BELOW: 2 0.01 INCH OR MORE: 7
MAX 90 OR ABOVE: 0 0.10 INCH OR MORE: 3
MIN 32 OR BELOW: 24 0.50 INCH OR MORE: 0
MIN 0 OR BELOW: 0 1.00 INCH OR MORE: 0
[HDD (BASE 65) ]
TOTAL THIS MO. 721 CLEAR (SCALE 0-3) 16
DPTR FM NORMAL 67 PTCLDY (SCALE 4-7) 9
TOTAL FM JUL 1 7564 CLOUDY (SCALE 8-10) 5
DPTR FM NORMAL 554
[CDD (BASE 65) ]
TOTAL THIS MO. 0
DPTR FM NORMAL 0 [PRESSURE DATA]
TOTAL FM JAN 1 0 HIGHEST SLP 30.41 ON 22
DPTR FM NORMAL 0 LOWEST SLP 29.47 ON 18
[REMARKS]
#FINAL-04-23#